{"id":5942,"date":"2022-12-12T15:15:33","date_gmt":"2022-12-12T14:15:33","guid":{"rendered":"https:\/\/neyssa-shop.com\/blog\/?page_id=5942"},"modified":"2022-12-15T10:51:52","modified_gmt":"2022-12-15T09:51:52","slug":"quels-tissus-choisir-pour-son-jilbab","status":"publish","type":"page","link":"https:\/\/neyssa-shop.com\/blog\/quels-tissus-choisir-pour-son-jilbab\/","title":{"rendered":"Quels tissus choisir pour son jilbab?"},"content":{"rendered":"\n<div class=\"wp-block-image\"><figure class=\"aligncenter size-large is-resized\"><a href=\"https:\/\/neyssa-shop.com\/fr\/106-jilbab-pas-cher\"><img decoding=\"async\" src=\"https:\/\/neyssa-shop.com\/blog\/wp-content\/uploads\/2022\/12\/Bannieres-articles-BLOG-1024x512.png\" alt=\"\" class=\"wp-image-5945\" width=\"-138\" height=\"-69\" srcset=\"https:\/\/neyssa-shop.com\/blog\/wp-content\/uploads\/2022\/12\/Bannieres-articles-BLOG-1024x512.png 1024w, https:\/\/neyssa-shop.com\/blog\/wp-content\/uploads\/2022\/12\/Bannieres-articles-BLOG-300x150.png 300w, https:\/\/neyssa-shop.com\/blog\/wp-content\/uploads\/2022\/12\/Bannieres-articles-BLOG-768x384.png 768w, https:\/\/neyssa-shop.com\/blog\/wp-content\/uploads\/2022\/12\/Bannieres-articles-BLOG-1536x768.png 1536w, https:\/\/neyssa-shop.com\/blog\/wp-content\/uploads\/2022\/12\/Bannieres-articles-BLOG-2048x1024.png 2048w, https:\/\/neyssa-shop.com\/blog\/wp-content\/uploads\/2022\/12\/Bannieres-articles-BLOG-750x375.png 750w\" sizes=\"(max-width: 1024px) 100vw, 1024px\" \/><\/a><\/figure><\/div>\n\n\n\n<p><\/p>\n\n\n\n<p>Le<a href=\"https:\/\/neyssa-shop.com\/fr\/106-jilbab-pas-cher\"> jilbab<\/a>, on l&rsquo;adore. C&rsquo;est l&rsquo;une des meilleures inventions qui a \u00e9t\u00e9 con\u00e7ue pour la femme musulmane. C&rsquo;est un<strong> passe-partout <\/strong>que les hijabies ont quasiment toutes dans leur dressing. Il se porte aussi bien chez soi que dehors. En plus d&rsquo;\u00eatre un<strong> v\u00eatement islamique<\/strong>, le jilbeb est devenu \u00e0 la mode. Il est surtout tr\u00e8s appr\u00e9ci\u00e9 pour faire la pri\u00e8re car il est hyper pratique. En fonction des mod\u00e8les, le jilbeb peut se composer d&rsquo;une ou deux pi\u00e8ces, ce qui le rend <strong>facilement enfilable<\/strong>.\u00a0<\/p>\n\n\n\n<p>Vous l&rsquo;avez s\u00fbrement constat\u00e9, le march\u00e9 du jilbab a le vent en poupe. Vous vous retrouvez donc confront\u00e9es \u00e0 une multitude de mod\u00e8les aux tissus diff\u00e9rents. Mais justement, quels tissus est-il pr\u00e9f\u00e9rable d&rsquo;acheter ? C&rsquo;est la question que vous vous posez et c&rsquo;est d&rsquo;ailleurs pourquoi vous \u00eates ici. Nous allons r\u00e9pondre \u00e0 votre interrogation en vous partageant sans plus attendre nos pr\u00e9cieux conseils.<\/p>\n\n\n\n<div id=\"ez-toc-container\" class=\"ez-toc-v2_0_72 counter-hierarchy ez-toc-counter ez-toc-grey ez-toc-container-direction\">\n<label for=\"ez-toc-cssicon-toggle-item-69fa16aa07448\" class=\"ez-toc-cssicon-toggle-label\"><span class=\"\"><span class=\"eztoc-hide\" style=\"display:none;\">Toggle<\/span><span class=\"ez-toc-icon-toggle-span\"><svg style=\"fill: #999;color:#999\" xmlns=\"http:\/\/www.w3.org\/2000\/svg\" class=\"list-377408\" width=\"20px\" height=\"20px\" viewBox=\"0 0 24 24\" fill=\"none\"><path d=\"M6 6H4v2h2V6zm14 0H8v2h12V6zM4 11h2v2H4v-2zm16 0H8v2h12v-2zM4 16h2v2H4v-2zm16 0H8v2h12v-2z\" fill=\"currentColor\"><\/path><\/svg><svg style=\"fill: #999;color:#999\" class=\"arrow-unsorted-368013\" xmlns=\"http:\/\/www.w3.org\/2000\/svg\" width=\"10px\" height=\"10px\" viewBox=\"0 0 24 24\" version=\"1.2\" baseProfile=\"tiny\"><path d=\"M18.2 9.3l-6.2-6.3-6.2 6.3c-.2.2-.3.4-.3.7s.1.5.3.7c.2.2.4.3.7.3h11c.3 0 .5-.1.7-.3.2-.2.3-.5.3-.7s-.1-.5-.3-.7zM5.8 14.7l6.2 6.3 6.2-6.3c.2-.2.3-.5.3-.7s-.1-.5-.3-.7c-.2-.2-.4-.3-.7-.3h-11c-.3 0-.5.1-.7.3-.2.2-.3.5-.3.7s.1.5.3.7z\"\/><\/svg><\/span><\/span><\/label><input type=\"checkbox\"  id=\"ez-toc-cssicon-toggle-item-69fa16aa07448\"  aria-label=\"Toggle\" \/><nav><ul class='ez-toc-list ez-toc-list-level-1 ' ><li class='ez-toc-page-1 ez-toc-heading-level-2'><a class=\"ez-toc-link ez-toc-heading-1\" href=\"https:\/\/neyssa-shop.com\/blog\/quels-tissus-choisir-pour-son-jilbab\/#Les_jilbabs_en_soie_de_Medine_un_must-have\" title=\"Les jilbabs en soie de M\u00e9dine, un must-have\">Les jilbabs en soie de M\u00e9dine, un must-have<\/a><\/li><li class='ez-toc-page-1 ez-toc-heading-level-2'><a class=\"ez-toc-link ez-toc-heading-2\" href=\"https:\/\/neyssa-shop.com\/blog\/quels-tissus-choisir-pour-son-jilbab\/#Les_jilbabs_en_soie_de_Jazz_pour_un_look_chic_et_elegant\" title=\"Les jilbabs en soie de Jazz, pour un look chic et \u00e9l\u00e9gant\">Les jilbabs en soie de Jazz, pour un look chic et \u00e9l\u00e9gant<\/a><\/li><li class='ez-toc-page-1 ez-toc-heading-level-2'><a class=\"ez-toc-link ez-toc-heading-3\" href=\"https:\/\/neyssa-shop.com\/blog\/quels-tissus-choisir-pour-son-jilbab\/#Les_jilbabs_en_Nidha_pour_les_adeptes_du_satin\" title=\"Les jilbabs en Nidha, pour les adeptes du satin\">Les jilbabs en Nidha, pour les adeptes du satin<\/a><\/li><\/ul><\/nav><\/div>\n<h2 class=\"has-text-color wp-block-heading\" style=\"color:#af8787\"><span class=\"ez-toc-section\" id=\"Les_jilbabs_en_soie_de_Medine_un_must-have\"><\/span><li><strong>Les jilbabs en soie de M\u00e9dine, un must-have<\/strong><\/li><span class=\"ez-toc-section-end\"><\/span><\/h2>\n\n\n\n<div class=\"wp-block-image is-style-rounded\"><figure class=\"alignright size-medium is-resized\"><a href=\"https:\/\/neyssa-shop.com\/fr\/106-jilbab-pas-cher\"><img decoding=\"async\" src=\"https:\/\/neyssa-shop.com\/blog\/wp-content\/uploads\/2022\/12\/Photos-BLOG-300x300.png\" alt=\"\" class=\"wp-image-5946\" width=\"167\" height=\"167\" srcset=\"https:\/\/neyssa-shop.com\/blog\/wp-content\/uploads\/2022\/12\/Photos-BLOG-300x300.png 300w, https:\/\/neyssa-shop.com\/blog\/wp-content\/uploads\/2022\/12\/Photos-BLOG-150x150.png 150w, https:\/\/neyssa-shop.com\/blog\/wp-content\/uploads\/2022\/12\/Photos-BLOG-375x375.png 375w, https:\/\/neyssa-shop.com\/blog\/wp-content\/uploads\/2022\/12\/Photos-BLOG-400x400.png 400w, https:\/\/neyssa-shop.com\/blog\/wp-content\/uploads\/2022\/12\/Photos-BLOG-320x320.png 320w, https:\/\/neyssa-shop.com\/blog\/wp-content\/uploads\/2022\/12\/Photos-BLOG.png 600w\" sizes=\"(max-width: 167px) 100vw, 167px\" \/><\/a><\/figure><\/div>\n\n\n\n<p>Le jilbab en <strong>soie de M\u00e9dine<\/strong> est un incontournable. Cette mati\u00e8re est tr\u00e8s r\u00e9put\u00e9e, notamment pour les hijabs. Mais elle est \u00e9galement utilis\u00e9e pour la confection de jelabibs. La soie de M\u00e9dine, bien que son prix soit tr\u00e8s <strong>abordable<\/strong>, apporte un aspect<strong> haut de gamme<\/strong> au jilbab. De par sa qualit\u00e9, vous \u00eates certaines de garder longtemps votre jilbeb dans votre garde robe. M\u00eame apr\u00e8s plusieurs lavages, il conservera son \u00e9clat. De plus, cette mati\u00e8re est tr\u00e8s agr\u00e9able \u00e0 toucher, vous allez adorer fr\u00f4ler votre jilbab avec vos mains.&nbsp;<\/p>\n\n\n\n<p>Si vous avez l&rsquo;habitude de pr\u00eater attention aux d\u00e9tails, ne passez pas \u00e0 c\u00f4t\u00e9 du jilbeb en soie de M\u00e9dine qui a une <strong>fluide retomb\u00e9e<\/strong>. Vous serez \u00e9l\u00e9gante de la t\u00eate aux pieds, soyez-en s\u00fbres.&nbsp;<\/p>\n\n\n\n<h2 class=\"has-text-color wp-block-heading\" style=\"color:#af8787\"><span class=\"ez-toc-section\" id=\"Les_jilbabs_en_soie_de_Jazz_pour_un_look_chic_et_elegant\"><\/span><li><strong>Les jilbabs en soie de Jazz, pour un look chic et \u00e9l\u00e9gant<\/strong><\/li><span class=\"ez-toc-section-end\"><\/span><\/h2>\n\n\n\n<div class=\"wp-block-image is-style-rounded\"><figure class=\"alignleft size-medium is-resized\"><a href=\"https:\/\/neyssa-shop.com\/fr\/106-jilbab-pas-cher\"><img decoding=\"async\" src=\"https:\/\/neyssa-shop.com\/blog\/wp-content\/uploads\/2022\/12\/Photos-BLOG-1-300x300.png\" alt=\"\" class=\"wp-image-5947\" width=\"168\" height=\"168\" srcset=\"https:\/\/neyssa-shop.com\/blog\/wp-content\/uploads\/2022\/12\/Photos-BLOG-1-300x300.png 300w, https:\/\/neyssa-shop.com\/blog\/wp-content\/uploads\/2022\/12\/Photos-BLOG-1-150x150.png 150w, https:\/\/neyssa-shop.com\/blog\/wp-content\/uploads\/2022\/12\/Photos-BLOG-1-375x375.png 375w, https:\/\/neyssa-shop.com\/blog\/wp-content\/uploads\/2022\/12\/Photos-BLOG-1-400x400.png 400w, https:\/\/neyssa-shop.com\/blog\/wp-content\/uploads\/2022\/12\/Photos-BLOG-1-320x320.png 320w, https:\/\/neyssa-shop.com\/blog\/wp-content\/uploads\/2022\/12\/Photos-BLOG-1.png 600w\" sizes=\"(max-width: 168px) 100vw, 168px\" \/><\/a><\/figure><\/div>\n\n\n\n<p>Les jilbabs en soie de Jazz sont moins r\u00e9pandus que les jilbabs en soie de M\u00e9dine. Pourtant, ils pr\u00e9sentent autant de qualit\u00e9s. Il s&rsquo;agit d&rsquo;un tissu en <strong>cr\u00eape l\u00e9g\u00e8re<\/strong> qui donne un aspect tr\u00e8s raffin\u00e9 au jilbab. Vous l&rsquo;aurez bien compris, porter une robe en jazz c&rsquo;est opter pour un<strong> look chic et \u00e9l\u00e9gant<\/strong>. Notons \u00e9galement le fait que cette mati\u00e8re a l&rsquo;avantage d&rsquo;\u00eatre infroissable. Gagnez du temps en \u00e9vitant le repassage!<\/p>\n\n\n\n<p>Le soie de Jazz rend le tissu<strong> opaque <\/strong>et ne laisse donc pas traverser la lumi\u00e8re. Nous vous conseillons tout de m\u00eame de porter un pantalon ample en coton en dessous pour \u00e9viter qu&rsquo;un coup de vent laisse appara\u00eetre l\u00e9g\u00e8rement vos formes.&nbsp;<\/p>\n\n\n\n<p>En hiver, avant d&rsquo;enfiler votre jilbeb, mettez un sous pull ainsi qu&rsquo;un legging en polaire pour que votre tenue puisse vous r\u00e9chauffer au maximum. C&rsquo;est important de bien se couvrir!<\/p>\n\n\n\n<h2 class=\"has-text-color wp-block-heading\" style=\"color:#af8787\"><span class=\"ez-toc-section\" id=\"Les_jilbabs_en_Nidha_pour_les_adeptes_du_satin\"><\/span><li><strong>Les jilbabs en Nidha, pour les adeptes du satin<\/strong><\/li><span class=\"ez-toc-section-end\"><\/span><\/h2>\n\n\n\n<p>Le tissu en<strong> nidha<\/strong> est tr\u00e8s c\u00e9l\u00e8bre aux Emirats Arabes Unis. Un grand nombre de confections sont faits \u00e0 partir de cette mati\u00e8re, dont les jilbabs. Ce tissu aux <strong>mailles resserr\u00e9es <\/strong>a la particularit\u00e9 d&rsquo;apporter un <strong>rendu satin\u00e9<\/strong>. Avec sa composition en polyester, le jilbab en nidha est tr\u00e8s<strong> doux et soyeux<\/strong>. Sous les rayons du soleil, votre jilbab aura un <strong>bel effet brillant<\/strong>. Etant donn\u00e9 que la mati\u00e8re est<strong> l\u00e9g\u00e8re<\/strong>, vous pouvez le porter \u00e0 n&rsquo;importe quelle saison de l&rsquo;ann\u00e9e. En \u00e9t\u00e9, il sera votre meilleur alli\u00e9. En effet, le tissu de nidha est a\u00e9r\u00e9 et vous maintiendra fra\u00eeche tout au long de la journ\u00e9e, ce qui est un v\u00e9ritable atout.<\/p>\n\n\n\n<p>\u00c0 toutes les fans de satin, le jilbeb en nidha est fait pour vous!<\/p>\n\n\n\n<p>Maintenant, lorsque vous faites votre shopping, prenez le temps de bien choisir le tissu pour compl\u00e9ter votre garde robe avec des <strong>jilbebs de qualit\u00e9<\/strong>. Cela vous permettra \u00e9galement d&rsquo;\u00e9viter d&rsquo;avoir de mauvaises surprises \u00e0 la r\u00e9ception de votre commande.&nbsp;<\/p>\n\n\n\n<p>Que ce soit pour le jilbeb, l&rsquo;abaya, le hijeb&#8230;il ne faut surtout pas n\u00e9gliger le choix du tissu qui se doit d&rsquo;\u00eatre r\u00e9sistant.&nbsp;<\/p>\n\n\n\n<p>Alors, pr\u00eates \u00e0 aller faire votre panier d&rsquo;achats?&nbsp;&nbsp;<\/p>\n\n\n\n<p>Dans sa boutique, Neyssa propose des v\u00eatements l\u00e9gif\u00e9r\u00e9s et mastours dans l&rsquo;objectif de r\u00e9pondre aux attentes de la femme musulmane. Voiles, abayas, jilbabs, vous trouverez tout ce dont vous avez besoin. Livraison rapide en 48h.<\/p>\n\n\n\n<div class=\"wp-block-columns is-layout-flex wp-container-core-columns-is-layout-1 wp-block-columns-is-layout-flex\">\n<div class=\"wp-block-column is-layout-flow wp-block-column-is-layout-flow\">\n<figure class=\"wp-block-embed is-type-wp-embed is-provider-neyssa-le-blog wp-block-embed-neyssa-le-blog\"><div class=\"wp-block-embed__wrapper\">\n<blockquote class=\"wp-embedded-content\" data-secret=\"BDv6x6EUf5\"><a href=\"https:\/\/neyssa-shop.com\/blog\/quelle-est-la-difference-entre-une-abaya-et-un-jilbab\/\">Quelle est la diff\u00e9rence entre une abaya et un jilbab ?<\/a><\/blockquote><iframe class=\"wp-embedded-content\" sandbox=\"allow-scripts\" security=\"restricted\" style=\"position: absolute; clip: rect(1px, 1px, 1px, 1px);\" title=\"\u00ab\u00a0Quelle est la diff\u00e9rence entre une abaya et un jilbab ?\u00a0\u00bb &#8212; Neyssa le blog\" src=\"https:\/\/neyssa-shop.com\/blog\/quelle-est-la-difference-entre-une-abaya-et-un-jilbab\/embed\/#?secret=BDv6x6EUf5\" data-secret=\"BDv6x6EUf5\" width=\"600\" height=\"338\" frameborder=\"0\" marginwidth=\"0\" marginheight=\"0\" scrolling=\"no\"><\/iframe>\n<\/div><\/figure>\n<\/div>\n\n\n\n<div class=\"wp-block-column is-layout-flow wp-block-column-is-layout-flow\">\n<figure class=\"wp-block-embed is-type-wp-embed is-provider-neyssa-le-blog wp-block-embed-neyssa-le-blog\"><div class=\"wp-block-embed__wrapper\">\n<blockquote class=\"wp-embedded-content\" data-secret=\"L8jB3iqmCU\"><a href=\"https:\/\/neyssa-shop.com\/blog\/quelles-chaussures-porter-avec-un-jilbab\/\">Quelles chaussures porter avec un jilbab ?<\/a><\/blockquote><iframe class=\"wp-embedded-content\" sandbox=\"allow-scripts\" security=\"restricted\" style=\"position: absolute; clip: rect(1px, 1px, 1px, 1px);\" title=\"\u00ab\u00a0Quelles chaussures porter avec un jilbab ?\u00a0\u00bb &#8212; Neyssa le blog\" src=\"https:\/\/neyssa-shop.com\/blog\/quelles-chaussures-porter-avec-un-jilbab\/embed\/#?secret=L8jB3iqmCU\" data-secret=\"L8jB3iqmCU\" width=\"600\" height=\"338\" frameborder=\"0\" marginwidth=\"0\" marginheight=\"0\" scrolling=\"no\"><\/iframe>\n<\/div><\/figure>\n<\/div>\n\n\n\n<div class=\"wp-block-column is-layout-flow wp-block-column-is-layout-flow\">\n<figure class=\"wp-block-embed is-type-wp-embed is-provider-neyssa-le-blog wp-block-embed-neyssa-le-blog\"><div class=\"wp-block-embed__wrapper\">\n<blockquote class=\"wp-embedded-content\" data-secret=\"UnzlAhbLwz\"><a href=\"https:\/\/neyssa-shop.com\/blog\/jilbab-1-ou-2-pieces\/\">Jilbab 1 ou 2 pi\u00e8ces comment choisir?<\/a><\/blockquote><iframe class=\"wp-embedded-content\" sandbox=\"allow-scripts\" security=\"restricted\" style=\"position: absolute; clip: rect(1px, 1px, 1px, 1px);\" title=\"\u00ab\u00a0Jilbab 1 ou 2 pi\u00e8ces comment choisir?\u00a0\u00bb &#8212; Neyssa le blog\" src=\"https:\/\/neyssa-shop.com\/blog\/jilbab-1-ou-2-pieces\/embed\/#?secret=UnzlAhbLwz\" data-secret=\"UnzlAhbLwz\" width=\"600\" height=\"338\" frameborder=\"0\" marginwidth=\"0\" marginheight=\"0\" scrolling=\"no\"><\/iframe>\n<\/div><\/figure>\n<\/div>\n<\/div>\n\n\n\n<p><\/p>\n","protected":false},"excerpt":{"rendered":"<p>Le jilbab, on l&rsquo;adore. C&rsquo;est l&rsquo;une des meilleures inventions qui a \u00e9t\u00e9 con\u00e7ue pour la femme musulmane. C&rsquo;est un passe-partout que les hijabies ont quasiment toutes dans leur dressing. Il se porte aussi bien chez soi que dehors. En plus d&rsquo;\u00eatre un v\u00eatement islamique, le jilbeb est devenu \u00e0 la mode. Il est surtout tr\u00e8s&#8230;<\/p>\n<p><a class=\"more-link\" href=\"https:\/\/neyssa-shop.com\/blog\/quels-tissus-choisir-pour-son-jilbab\/\">En <em>savoir<\/em> plus<\/a><\/p>\n","protected":false},"author":1,"featured_media":5961,"parent":0,"menu_order":0,"comment_status":"closed","ping_status":"closed","template":"","meta":{"_genesis_hide_title":false,"_genesis_hide_breadcrumbs":false,"_genesis_hide_singular_image":false,"_genesis_hide_footer_widgets":false,"_genesis_custom_body_class":"","_genesis_custom_post_class":"","_genesis_layout":"","footnotes":""},"class_list":{"0":"post-5942","1":"page","2":"type-page","3":"status-publish","4":"has-post-thumbnail","6":"entry"},"yoast_head":"<!-- This site is optimized with the Yoast SEO plugin v26.8 - https:\/\/yoast.com\/product\/yoast-seo-wordpress\/ -->\n<title>Quels tissus choisir pour son jilbab?<\/title>\n<meta name=\"description\" content=\"Vous \u00eates confront\u00e9es \u00e0 une multitude de jilbabs aux tissus diff\u00e9rents et vous ne savez pas lesquels choisir? On vous apporte nos conseils.\" \/>\n<meta name=\"robots\" content=\"index, follow, max-snippet:-1, max-image-preview:large, max-video-preview:-1\" \/>\n<link rel=\"canonical\" href=\"https:\/\/neyssa-shop.com\/blog\/quels-tissus-choisir-pour-son-jilbab\/\" \/>\n<meta property=\"og:locale\" content=\"fr_FR\" \/>\n<meta property=\"og:type\" content=\"article\" \/>\n<meta property=\"og:title\" content=\"Quels tissus choisir pour son jilbab?\" \/>\n<meta property=\"og:description\" content=\"Vous \u00eates confront\u00e9es \u00e0 une multitude de jilbabs aux tissus diff\u00e9rents et vous ne savez pas lesquels choisir? On vous apporte nos conseils.\" \/>\n<meta property=\"og:url\" content=\"https:\/\/neyssa-shop.com\/blog\/quels-tissus-choisir-pour-son-jilbab\/\" \/>\n<meta property=\"og:site_name\" content=\"Neyssa le blog\" \/>\n<meta property=\"article:publisher\" content=\"https:\/\/www.facebook.com\/neyssashop\/\" \/>\n<meta property=\"article:modified_time\" content=\"2022-12-15T09:51:52+00:00\" \/>\n<meta property=\"og:image\" content=\"https:\/\/neyssa-shop.com\/blog\/wp-content\/uploads\/2022\/12\/Sans-titre-1.jpg\" \/>\n\t<meta property=\"og:image:width\" content=\"1080\" \/>\n\t<meta property=\"og:image:height\" content=\"1080\" \/>\n\t<meta property=\"og:image:type\" content=\"image\/jpeg\" \/>\n<meta name=\"twitter:card\" content=\"summary_large_image\" \/>\n<meta name=\"twitter:site\" content=\"@neyssashop\" \/>\n<meta name=\"twitter:label1\" content=\"Dur\u00e9e de lecture estim\u00e9e\" \/>\n\t<meta name=\"twitter:data1\" content=\"4 minutes\" \/>\n<script type=\"application\/ld+json\" class=\"yoast-schema-graph\">{\"@context\":\"https:\/\/schema.org\",\"@graph\":[{\"@type\":\"WebPage\",\"@id\":\"https:\/\/neyssa-shop.com\/blog\/quels-tissus-choisir-pour-son-jilbab\/\",\"url\":\"https:\/\/neyssa-shop.com\/blog\/quels-tissus-choisir-pour-son-jilbab\/\",\"name\":\"Quels tissus choisir pour son jilbab?\",\"isPartOf\":{\"@id\":\"https:\/\/neyssa-shop.com\/blog\/#website\"},\"primaryImageOfPage\":{\"@id\":\"https:\/\/neyssa-shop.com\/blog\/quels-tissus-choisir-pour-son-jilbab\/#primaryimage\"},\"image\":{\"@id\":\"https:\/\/neyssa-shop.com\/blog\/quels-tissus-choisir-pour-son-jilbab\/#primaryimage\"},\"thumbnailUrl\":\"https:\/\/neyssa-shop.com\/blog\/wp-content\/uploads\/2022\/12\/Sans-titre-1.jpg\",\"datePublished\":\"2022-12-12T14:15:33+00:00\",\"dateModified\":\"2022-12-15T09:51:52+00:00\",\"description\":\"Vous \u00eates confront\u00e9es \u00e0 une multitude de jilbabs aux tissus diff\u00e9rents et vous ne savez pas lesquels choisir? On vous apporte nos conseils.\",\"breadcrumb\":{\"@id\":\"https:\/\/neyssa-shop.com\/blog\/quels-tissus-choisir-pour-son-jilbab\/#breadcrumb\"},\"inLanguage\":\"fr-FR\",\"potentialAction\":[{\"@type\":\"ReadAction\",\"target\":[\"https:\/\/neyssa-shop.com\/blog\/quels-tissus-choisir-pour-son-jilbab\/\"]}]},{\"@type\":\"ImageObject\",\"inLanguage\":\"fr-FR\",\"@id\":\"https:\/\/neyssa-shop.com\/blog\/quels-tissus-choisir-pour-son-jilbab\/#primaryimage\",\"url\":\"https:\/\/neyssa-shop.com\/blog\/wp-content\/uploads\/2022\/12\/Sans-titre-1.jpg\",\"contentUrl\":\"https:\/\/neyssa-shop.com\/blog\/wp-content\/uploads\/2022\/12\/Sans-titre-1.jpg\",\"width\":1080,\"height\":1080},{\"@type\":\"BreadcrumbList\",\"@id\":\"https:\/\/neyssa-shop.com\/blog\/quels-tissus-choisir-pour-son-jilbab\/#breadcrumb\",\"itemListElement\":[{\"@type\":\"ListItem\",\"position\":1,\"name\":\"Accueil\",\"item\":\"https:\/\/neyssa-shop.com\/blog\/\"},{\"@type\":\"ListItem\",\"position\":2,\"name\":\"Quels tissus choisir pour son jilbab?\"}]},{\"@type\":\"WebSite\",\"@id\":\"https:\/\/neyssa-shop.com\/blog\/#website\",\"url\":\"https:\/\/neyssa-shop.com\/blog\/\",\"name\":\"Neyssa le blog\",\"description\":\"Un blog d\u00e9di\u00e9 \u00e0 la femme musulmane\",\"publisher\":{\"@id\":\"https:\/\/neyssa-shop.com\/blog\/#organization\"},\"potentialAction\":[{\"@type\":\"SearchAction\",\"target\":{\"@type\":\"EntryPoint\",\"urlTemplate\":\"https:\/\/neyssa-shop.com\/blog\/?s={search_term_string}\"},\"query-input\":{\"@type\":\"PropertyValueSpecification\",\"valueRequired\":true,\"valueName\":\"search_term_string\"}}],\"inLanguage\":\"fr-FR\"},{\"@type\":\"Organization\",\"@id\":\"https:\/\/neyssa-shop.com\/blog\/#organization\",\"name\":\"Neyssa Shop\",\"url\":\"https:\/\/neyssa-shop.com\/blog\/\",\"logo\":{\"@type\":\"ImageObject\",\"inLanguage\":\"fr-FR\",\"@id\":\"https:\/\/neyssa-shop.com\/blog\/#\/schema\/logo\/image\/\",\"url\":\"https:\/\/neyssa-shop.com\/blog\/wp-content\/uploads\/2021\/03\/neyssa-boutique-logo-1610747292.jpg\",\"contentUrl\":\"https:\/\/neyssa-shop.com\/blog\/wp-content\/uploads\/2021\/03\/neyssa-boutique-logo-1610747292.jpg\",\"width\":271,\"height\":70,\"caption\":\"Neyssa Shop\"},\"image\":{\"@id\":\"https:\/\/neyssa-shop.com\/blog\/#\/schema\/logo\/image\/\"},\"sameAs\":[\"https:\/\/www.facebook.com\/neyssashop\/\",\"https:\/\/x.com\/neyssashop\",\"https:\/\/www.instagram.com\/neyssa_shop\/\",\"https:\/\/www.pinterest.fr\/neyssa_shop\/_created\/\",\"https:\/\/www.youtube.com\/channel\/UCkQ9s8jXTLi2yVzyeugVAMg\"]}]}<\/script>\n<!-- \/ Yoast SEO plugin. -->","yoast_head_json":{"title":"Quels tissus choisir pour son jilbab?","description":"Vous \u00eates confront\u00e9es \u00e0 une multitude de jilbabs aux tissus diff\u00e9rents et vous ne savez pas lesquels choisir? On vous apporte nos conseils.","robots":{"index":"index","follow":"follow","max-snippet":"max-snippet:-1","max-image-preview":"max-image-preview:large","max-video-preview":"max-video-preview:-1"},"canonical":"https:\/\/neyssa-shop.com\/blog\/quels-tissus-choisir-pour-son-jilbab\/","og_locale":"fr_FR","og_type":"article","og_title":"Quels tissus choisir pour son jilbab?","og_description":"Vous \u00eates confront\u00e9es \u00e0 une multitude de jilbabs aux tissus diff\u00e9rents et vous ne savez pas lesquels choisir? On vous apporte nos conseils.","og_url":"https:\/\/neyssa-shop.com\/blog\/quels-tissus-choisir-pour-son-jilbab\/","og_site_name":"Neyssa le blog","article_publisher":"https:\/\/www.facebook.com\/neyssashop\/","article_modified_time":"2022-12-15T09:51:52+00:00","og_image":[{"width":1080,"height":1080,"url":"https:\/\/neyssa-shop.com\/blog\/wp-content\/uploads\/2022\/12\/Sans-titre-1.jpg","type":"image\/jpeg"}],"twitter_card":"summary_large_image","twitter_site":"@neyssashop","twitter_misc":{"Dur\u00e9e de lecture estim\u00e9e":"4 minutes"},"schema":{"@context":"https:\/\/schema.org","@graph":[{"@type":"WebPage","@id":"https:\/\/neyssa-shop.com\/blog\/quels-tissus-choisir-pour-son-jilbab\/","url":"https:\/\/neyssa-shop.com\/blog\/quels-tissus-choisir-pour-son-jilbab\/","name":"Quels tissus choisir pour son jilbab?","isPartOf":{"@id":"https:\/\/neyssa-shop.com\/blog\/#website"},"primaryImageOfPage":{"@id":"https:\/\/neyssa-shop.com\/blog\/quels-tissus-choisir-pour-son-jilbab\/#primaryimage"},"image":{"@id":"https:\/\/neyssa-shop.com\/blog\/quels-tissus-choisir-pour-son-jilbab\/#primaryimage"},"thumbnailUrl":"https:\/\/neyssa-shop.com\/blog\/wp-content\/uploads\/2022\/12\/Sans-titre-1.jpg","datePublished":"2022-12-12T14:15:33+00:00","dateModified":"2022-12-15T09:51:52+00:00","description":"Vous \u00eates confront\u00e9es \u00e0 une multitude de jilbabs aux tissus diff\u00e9rents et vous ne savez pas lesquels choisir? On vous apporte nos conseils.","breadcrumb":{"@id":"https:\/\/neyssa-shop.com\/blog\/quels-tissus-choisir-pour-son-jilbab\/#breadcrumb"},"inLanguage":"fr-FR","potentialAction":[{"@type":"ReadAction","target":["https:\/\/neyssa-shop.com\/blog\/quels-tissus-choisir-pour-son-jilbab\/"]}]},{"@type":"ImageObject","inLanguage":"fr-FR","@id":"https:\/\/neyssa-shop.com\/blog\/quels-tissus-choisir-pour-son-jilbab\/#primaryimage","url":"https:\/\/neyssa-shop.com\/blog\/wp-content\/uploads\/2022\/12\/Sans-titre-1.jpg","contentUrl":"https:\/\/neyssa-shop.com\/blog\/wp-content\/uploads\/2022\/12\/Sans-titre-1.jpg","width":1080,"height":1080},{"@type":"BreadcrumbList","@id":"https:\/\/neyssa-shop.com\/blog\/quels-tissus-choisir-pour-son-jilbab\/#breadcrumb","itemListElement":[{"@type":"ListItem","position":1,"name":"Accueil","item":"https:\/\/neyssa-shop.com\/blog\/"},{"@type":"ListItem","position":2,"name":"Quels tissus choisir pour son jilbab?"}]},{"@type":"WebSite","@id":"https:\/\/neyssa-shop.com\/blog\/#website","url":"https:\/\/neyssa-shop.com\/blog\/","name":"Neyssa le blog","description":"Un blog d\u00e9di\u00e9 \u00e0 la femme musulmane","publisher":{"@id":"https:\/\/neyssa-shop.com\/blog\/#organization"},"potentialAction":[{"@type":"SearchAction","target":{"@type":"EntryPoint","urlTemplate":"https:\/\/neyssa-shop.com\/blog\/?s={search_term_string}"},"query-input":{"@type":"PropertyValueSpecification","valueRequired":true,"valueName":"search_term_string"}}],"inLanguage":"fr-FR"},{"@type":"Organization","@id":"https:\/\/neyssa-shop.com\/blog\/#organization","name":"Neyssa Shop","url":"https:\/\/neyssa-shop.com\/blog\/","logo":{"@type":"ImageObject","inLanguage":"fr-FR","@id":"https:\/\/neyssa-shop.com\/blog\/#\/schema\/logo\/image\/","url":"https:\/\/neyssa-shop.com\/blog\/wp-content\/uploads\/2021\/03\/neyssa-boutique-logo-1610747292.jpg","contentUrl":"https:\/\/neyssa-shop.com\/blog\/wp-content\/uploads\/2021\/03\/neyssa-boutique-logo-1610747292.jpg","width":271,"height":70,"caption":"Neyssa Shop"},"image":{"@id":"https:\/\/neyssa-shop.com\/blog\/#\/schema\/logo\/image\/"},"sameAs":["https:\/\/www.facebook.com\/neyssashop\/","https:\/\/x.com\/neyssashop","https:\/\/www.instagram.com\/neyssa_shop\/","https:\/\/www.pinterest.fr\/neyssa_shop\/_created\/","https:\/\/www.youtube.com\/channel\/UCkQ9s8jXTLi2yVzyeugVAMg"]}]}},"_links":{"self":[{"href":"https:\/\/neyssa-shop.com\/blog\/wp-json\/wp\/v2\/pages\/5942","targetHints":{"allow":["GET"]}}],"collection":[{"href":"https:\/\/neyssa-shop.com\/blog\/wp-json\/wp\/v2\/pages"}],"about":[{"href":"https:\/\/neyssa-shop.com\/blog\/wp-json\/wp\/v2\/types\/page"}],"author":[{"embeddable":true,"href":"https:\/\/neyssa-shop.com\/blog\/wp-json\/wp\/v2\/users\/1"}],"replies":[{"embeddable":true,"href":"https:\/\/neyssa-shop.com\/blog\/wp-json\/wp\/v2\/comments?post=5942"}],"version-history":[{"count":7,"href":"https:\/\/neyssa-shop.com\/blog\/wp-json\/wp\/v2\/pages\/5942\/revisions"}],"predecessor-version":[{"id":5960,"href":"https:\/\/neyssa-shop.com\/blog\/wp-json\/wp\/v2\/pages\/5942\/revisions\/5960"}],"wp:featuredmedia":[{"embeddable":true,"href":"https:\/\/neyssa-shop.com\/blog\/wp-json\/wp\/v2\/media\/5961"}],"wp:attachment":[{"href":"https:\/\/neyssa-shop.com\/blog\/wp-json\/wp\/v2\/media?parent=5942"}],"curies":[{"name":"wp","href":"https:\/\/api.w.org\/{rel}","templated":true}]}}