{"id":5901,"date":"2022-12-06T09:52:35","date_gmt":"2022-12-06T08:52:35","guid":{"rendered":"https:\/\/neyssa-shop.com\/blog\/?page_id=5901"},"modified":"2022-12-06T14:24:24","modified_gmt":"2022-12-06T13:24:24","slug":"comment-prier-sans-jilbeb","status":"publish","type":"page","link":"https:\/\/neyssa-shop.com\/blog\/comment-prier-sans-jilbeb\/","title":{"rendered":"Comment prier sans jilbeb ?\u00a0"},"content":{"rendered":"\n<p>Vous n&rsquo;\u00eates pas chez vous et vous n&rsquo;avez pas de<strong><a href=\"https:\/\/neyssa-shop.com\/fr\/106-jilbab-pas-cher\"> jilbab<\/a><\/strong> sous la main pour prier? Vous d\u00e9butez dans la pri\u00e8re et vous n&rsquo;avez pas encore de v\u00eatements d\u00e9di\u00e9s \u00e0 la sal\u00e2t? Ne vous inqui\u00e9tez pas, il existe des alternatives. Tant que votre tenue est <strong>mub\u00e2h<\/strong>, c&rsquo;est-\u00e0-dire autoris\u00e9e, et qu&rsquo;elle respecte les conditions, c&rsquo;est le principal. Nous vous apportons des <strong>conseils <\/strong>pour vous habiller au mieux, <strong>sans jilbeb<\/strong>, lorsqu&rsquo;il est l&rsquo;heure de r\u00e9aliser votre pri\u00e8re.&nbsp;<\/p>\n\n\n\n<div id=\"ez-toc-container\" class=\"ez-toc-v2_0_72 counter-hierarchy ez-toc-counter ez-toc-grey ez-toc-container-direction\">\n<label for=\"ez-toc-cssicon-toggle-item-69e6868c7ffb5\" class=\"ez-toc-cssicon-toggle-label\"><span class=\"\"><span class=\"eztoc-hide\" style=\"display:none;\">Toggle<\/span><span class=\"ez-toc-icon-toggle-span\"><svg style=\"fill: #999;color:#999\" xmlns=\"http:\/\/www.w3.org\/2000\/svg\" class=\"list-377408\" width=\"20px\" height=\"20px\" viewBox=\"0 0 24 24\" fill=\"none\"><path d=\"M6 6H4v2h2V6zm14 0H8v2h12V6zM4 11h2v2H4v-2zm16 0H8v2h12v-2zM4 16h2v2H4v-2zm16 0H8v2h12v-2z\" fill=\"currentColor\"><\/path><\/svg><svg style=\"fill: #999;color:#999\" class=\"arrow-unsorted-368013\" xmlns=\"http:\/\/www.w3.org\/2000\/svg\" width=\"10px\" height=\"10px\" viewBox=\"0 0 24 24\" version=\"1.2\" baseProfile=\"tiny\"><path d=\"M18.2 9.3l-6.2-6.3-6.2 6.3c-.2.2-.3.4-.3.7s.1.5.3.7c.2.2.4.3.7.3h11c.3 0 .5-.1.7-.3.2-.2.3-.5.3-.7s-.1-.5-.3-.7zM5.8 14.7l6.2 6.3 6.2-6.3c.2-.2.3-.5.3-.7s-.1-.5-.3-.7c-.2-.2-.4-.3-.7-.3h-11c-.3 0-.5.1-.7.3-.2.2-.3.5-.3.7s.1.5.3.7z\"\/><\/svg><\/span><\/span><\/label><input type=\"checkbox\"  id=\"ez-toc-cssicon-toggle-item-69e6868c7ffb5\"  aria-label=\"Toggle\" \/><nav><ul class='ez-toc-list ez-toc-list-level-1 ' ><li class='ez-toc-page-1 ez-toc-heading-level-2'><a class=\"ez-toc-link ez-toc-heading-1\" href=\"https:\/\/neyssa-shop.com\/blog\/comment-prier-sans-jilbeb\/#Quels_habits_pour_remplacer_le_jilbeb\" title=\"Quels habits pour remplacer le jilbeb?&nbsp;\">Quels habits pour remplacer le jilbeb?&nbsp;<\/a><\/li><li class='ez-toc-page-1 ez-toc-heading-level-2'><a class=\"ez-toc-link ez-toc-heading-2\" href=\"https:\/\/neyssa-shop.com\/blog\/comment-prier-sans-jilbeb\/#Quant_est-il_du_port_du_pantalon\" title=\"Quant est-il du port du pantalon?\">Quant est-il du port du pantalon?<\/a><\/li><li class='ez-toc-page-1 ez-toc-heading-level-2'><a class=\"ez-toc-link ez-toc-heading-3\" href=\"https:\/\/neyssa-shop.com\/blog\/comment-prier-sans-jilbeb\/#Comment_shabiller_pour_prier_quand_on_nest_pas_chez_soi\" title=\"Comment s&rsquo;habiller pour prier quand on n&rsquo;est pas chez soi?\">Comment s&rsquo;habiller pour prier quand on n&rsquo;est pas chez soi?<\/a><\/li><\/ul><\/nav><\/div>\n<h2 class=\"has-text-color wp-block-heading\" style=\"color:#af8787\"><span class=\"ez-toc-section\" id=\"Quels_habits_pour_remplacer_le_jilbeb\"><\/span><strong>Quels habits pour remplacer le jilbeb?&nbsp;<\/strong><span class=\"ez-toc-section-end\"><\/span><\/h2>\n\n\n\n<div class=\"wp-block-image\"><figure class=\"alignright size-medium\"><a href=\"https:\/\/neyssa-shop.com\/fr\/106-jilbab-pas-cher\"><img fetchpriority=\"high\" decoding=\"async\" width=\"300\" height=\"300\" src=\"https:\/\/neyssa-shop.com\/blog\/wp-content\/uploads\/2022\/12\/2-300x300.jpg\" alt=\"\" class=\"wp-image-5911\" srcset=\"https:\/\/neyssa-shop.com\/blog\/wp-content\/uploads\/2022\/12\/2-300x300.jpg 300w, https:\/\/neyssa-shop.com\/blog\/wp-content\/uploads\/2022\/12\/2-150x150.jpg 150w, https:\/\/neyssa-shop.com\/blog\/wp-content\/uploads\/2022\/12\/2-375x375.jpg 375w, https:\/\/neyssa-shop.com\/blog\/wp-content\/uploads\/2022\/12\/2-400x400.jpg 400w, https:\/\/neyssa-shop.com\/blog\/wp-content\/uploads\/2022\/12\/2-320x320.jpg 320w, https:\/\/neyssa-shop.com\/blog\/wp-content\/uploads\/2022\/12\/2.jpg 600w\" sizes=\"(max-width: 300px) 100vw, 300px\" \/><\/a><\/figure><\/div>\n\n\n\n<p>Faire la pri\u00e8re est le <strong>deuxi\u00e8me pilier de l&rsquo;Islam<\/strong>. Il a \u00e9t\u00e9 rapport\u00e9 dans le Coran : \u00ab\u00a0<em>Soyez assidus aux Salats et surtout&nbsp; la Salat m\u00e9diane; et tenez-vous debout devant Allah, avec humilit\u00e9\u00a0\u00bb <\/em>(sourate Al-Baqarah, verset 238). Pour que la sal\u00e2t soit valide, les femmes musulmanes doivent \u00eatre enti\u00e8rement <strong>couvertes<\/strong>, mais tout en laissant appara\u00eetre le visage et les mains. <\/p>\n\n\n\n<p>Il faut donc porter un hijab pour couvrir ses cheveux et se v\u00eatir de quelque chose d&rsquo;<strong>ample<\/strong>. Par exemple, vous pouvez vous munir d&rsquo;une <strong>robe ou d&rsquo;une jupe longue \u00e9lastique<\/strong> accompagn\u00e9e d&rsquo;un haut ample avec un <strong>long khimar<\/strong>. La jupe ou la robe port\u00e9e doit \u00eatre assez longue de fa\u00e7on \u00e0 ce qu&rsquo;elle puisse <strong>couvrir les pieds<\/strong>. Si vous \u00eates une jeune reconvertie ou une femme musulmane d\u00e9butant dans la pri\u00e8re, et vous n&rsquo;avez pas encore de tenue vestimentaire adapt\u00e9e, vous devez s\u00fbrement poss\u00e9der un de ces \u00e9l\u00e9ments dans votre garde robe.&nbsp;<\/p>\n\n\n\n<h2 class=\"has-text-color wp-block-heading\" style=\"color:#af8787\"><span class=\"ez-toc-section\" id=\"Quant_est-il_du_port_du_pantalon\"><\/span><strong>Quant est-il du port du pantalon?<\/strong><span class=\"ez-toc-section-end\"><\/span><\/h2>\n\n\n\n<p>Beaucoup de femmes muslim se posent cette question. Il y a divergence \u00e0 ce sujet, il est pr\u00e9f\u00e9rable de prier avec une robe ou une jupe ample. Cela dit si vous n&rsquo;avez aucune tenue mastour il faudra tout de m\u00eame c\u00e9l\u00e9brer sa pri\u00e8re en toute circonstance. Commandez sans plus attendre votre tenue de pri\u00e8re vous la recevrez en 48h.<\/p>\n\n\n\n<p>En attendant de recevoir votre robe de pri\u00e8re, vous pouvez porter un pantalon tr\u00e8s ample pour prier, tant qu&rsquo;il est n&rsquo;est pas apparent lorsque vous vous inclinez et prosternez. Il doit \u00eatre large et ne doit pas marquer les jambes, c&rsquo;est tr\u00e8s important si vous voulez que votre pri\u00e8re soit valide. Il en est de m\u00eame pour l&rsquo;homme qui ne peut pas mettre de pantalons \u00e9troits et serr\u00e9s. Il est primordial de<strong> couvrir sa awra <\/strong>(parties du corps qu&rsquo;on ne peut pas d\u00e9voiler) au moment de prier.&nbsp; &nbsp;<\/p>\n\n\n\n<h2 class=\"has-text-color wp-block-heading\" style=\"color:#af8787\"><span class=\"ez-toc-section\" id=\"Comment_shabiller_pour_prier_quand_on_nest_pas_chez_soi\"><\/span><strong>Comment s&rsquo;habiller pour prier quand on n&rsquo;est pas chez soi?<\/strong><span class=\"ez-toc-section-end\"><\/span><\/h2>\n\n\n\n<div class=\"wp-block-image\"><figure class=\"alignleft size-medium\"><a href=\"https:\/\/neyssa-shop.com\/fr\/106-jilbab-pas-cher\"><img decoding=\"async\" width=\"300\" height=\"300\" src=\"https:\/\/neyssa-shop.com\/blog\/wp-content\/uploads\/2022\/12\/3-300x300.jpg\" alt=\"\" class=\"wp-image-5913\" srcset=\"https:\/\/neyssa-shop.com\/blog\/wp-content\/uploads\/2022\/12\/3-300x300.jpg 300w, https:\/\/neyssa-shop.com\/blog\/wp-content\/uploads\/2022\/12\/3-150x150.jpg 150w, https:\/\/neyssa-shop.com\/blog\/wp-content\/uploads\/2022\/12\/3-375x375.jpg 375w, https:\/\/neyssa-shop.com\/blog\/wp-content\/uploads\/2022\/12\/3-400x400.jpg 400w, https:\/\/neyssa-shop.com\/blog\/wp-content\/uploads\/2022\/12\/3-320x320.jpg 320w, https:\/\/neyssa-shop.com\/blog\/wp-content\/uploads\/2022\/12\/3.jpg 600w\" sizes=\"(max-width: 300px) 100vw, 300px\" \/><\/a><\/figure><\/div>\n\n\n\n<p>Dans le cas o\u00f9 vous voulez faire votre pri\u00e8re sur votre lieu de travail et qu&rsquo;il vous faut une tenue discr\u00e8te, <strong>la jupe et le khimar<\/strong> pourront faire l&rsquo;affaire. Si jamais vous n&rsquo;avez pas de kimar \u00e0 port\u00e9e de main, vous pouvez utiliser votre <strong>\u00e9charpe <\/strong>en guise de foulard, tant que vous couvrez la totalit\u00e9 de vos cheveux. Il est tr\u00e8s important de ne pas n\u00e9gliger sa tenue de pri\u00e8re et de porter des v\u00eatements appropri\u00e9s. En effet, il faut <strong>soigner son apparence<\/strong> pour se pr\u00e9senter devant Allah Subhanahu Wa Ta&rsquo;ala lors des pri\u00e8res quotidiennes.<\/p>\n\n\n\n<p>Il existe \u00e9galement des <strong>tenues de pri\u00e8res transportables<\/strong>, hyper pratiques si vous allez travailler ou si vous avez un voyage, comme pour aller faire la Omra par exemple. Ce sont des sets g\u00e9n\u00e9ralement compos\u00e9s d&rsquo;une abaya et d&rsquo;un hijab int\u00e9gr\u00e9 tout en un, comme vous le propose Neyssa. Avant de sortir, mettez votre abaya et votre voile dans la bourse de rangement et le tour est jou\u00e9. Vous pouvez la <strong>transporter partout<\/strong> o\u00f9 vous aller et enfiler votre tenue de pri\u00e8re en quelques secondes seulement.&nbsp;<\/p>\n\n\n\n<p><\/p>\n\n\n\n<p>Rappelons-le, d&rsquo;apr\u00e8s un hadith, le proph\u00e8te Mohammed Sala Allah Alayhi Wa Salam a dit <em>\u00ab la ligne de d\u00e9marcation entre le croyant et l\u2019incr\u00e9dule est la n\u00e9gligence de la pri\u00e8re. \u00bb<\/em> (rapport\u00e9 par mouslim). Toutes les femmes et tous les hommes musulmans se doivent donc de faire la sal\u00e2t qui est un devoir islamique. Toutes les femmes muslim ont maintenant toutes les cl\u00e9s en main pour se v\u00eatir correctement pour faire la pri\u00e8re, sans avoir besoin de jilbab.&nbsp;<\/p>\n\n\n\n<p>\u00catre s\u00fbre de prier avec une tenue l\u00e9gif\u00e9r\u00e9e vous procura un moment de s\u00e9r\u00e9nit\u00e9, de concentration et de satisfaction, d&rsquo;o\u00f9 l&rsquo;importance d&rsquo;avoir des v\u00eatements d\u00e9di\u00e9s \u00e0 la pri\u00e8re. <\/p>\n\n\n\n<p>N&rsquo;h\u00e9sitez pas \u00e0 nous laisser votre avis en commentaire sur les <strong>tenues de pri\u00e8re de qualit\u00e9 by Neyssa.<\/strong>&nbsp;<\/p>\n\n\n\n<p>D&rsquo;autres articles du blog en lien avec la pri\u00e8re sont \u00e0 votre disposition, alors jetez-y un coup d&rsquo;\u0153il ! \ud83d\ude09<\/p>\n\n\n\n<div class=\"wp-block-columns is-layout-flex wp-container-core-columns-is-layout-1 wp-block-columns-is-layout-flex\"><\/div>\n\n\n\n<div class=\"wp-block-columns is-layout-flex wp-container-core-columns-is-layout-2 wp-block-columns-is-layout-flex\">\n<div class=\"wp-block-column is-layout-flow wp-block-column-is-layout-flow\">\n<figure class=\"wp-block-embed is-type-wp-embed is-provider-neyssa-le-blog wp-block-embed-neyssa-le-blog\"><div class=\"wp-block-embed__wrapper\">\n<blockquote class=\"wp-embedded-content\" data-secret=\"R20cwmhrDT\"><a href=\"https:\/\/neyssa-shop.com\/blog\/quelles-chaussures-porter-avec-un-jilbab\/\">Quelles chaussures porter avec un jilbab ?<\/a><\/blockquote><iframe class=\"wp-embedded-content\" sandbox=\"allow-scripts\" security=\"restricted\" style=\"position: absolute; clip: rect(1px, 1px, 1px, 1px);\" title=\"\u00ab\u00a0Quelles chaussures porter avec un jilbab ?\u00a0\u00bb &#8212; Neyssa le blog\" src=\"https:\/\/neyssa-shop.com\/blog\/quelles-chaussures-porter-avec-un-jilbab\/embed\/#?secret=R20cwmhrDT\" data-secret=\"R20cwmhrDT\" width=\"600\" height=\"338\" frameborder=\"0\" marginwidth=\"0\" marginheight=\"0\" scrolling=\"no\"><\/iframe>\n<\/div><\/figure>\n<\/div>\n\n\n\n<div class=\"wp-block-column is-layout-flow wp-block-column-is-layout-flow\">\n<figure class=\"wp-block-embed is-type-wp-embed is-provider-neyssa-le-blog wp-block-embed-neyssa-le-blog\"><div class=\"wp-block-embed__wrapper\">\n<blockquote class=\"wp-embedded-content\" data-secret=\"mWMfaCOPLD\"><a href=\"https:\/\/neyssa-shop.com\/blog\/comment-ranger-ses-jilbab-2\/\">Comment ranger ses jilbabs?<\/a><\/blockquote><iframe class=\"wp-embedded-content\" sandbox=\"allow-scripts\" security=\"restricted\" style=\"position: absolute; clip: rect(1px, 1px, 1px, 1px);\" title=\"\u00ab\u00a0Comment ranger ses jilbabs?\u00a0\u00bb &#8212; Neyssa le blog\" src=\"https:\/\/neyssa-shop.com\/blog\/comment-ranger-ses-jilbab-2\/embed\/#?secret=mWMfaCOPLD\" data-secret=\"mWMfaCOPLD\" width=\"600\" height=\"338\" frameborder=\"0\" marginwidth=\"0\" marginheight=\"0\" scrolling=\"no\"><\/iframe>\n<\/div><\/figure>\n<\/div>\n\n\n\n<div class=\"wp-block-column is-layout-flow wp-block-column-is-layout-flow\">\n<figure class=\"wp-block-embed is-type-wp-embed is-provider-neyssa-le-blog wp-block-embed-neyssa-le-blog\"><div class=\"wp-block-embed__wrapper\">\n<blockquote class=\"wp-embedded-content\" data-secret=\"sxWUSfbpuB\"><a href=\"https:\/\/neyssa-shop.com\/blog\/jilbab-1-ou-2-pieces\/\">Jilbab 1 ou 2 pi\u00e8ces comment choisir?<\/a><\/blockquote><iframe class=\"wp-embedded-content\" sandbox=\"allow-scripts\" security=\"restricted\" style=\"position: absolute; clip: rect(1px, 1px, 1px, 1px);\" title=\"\u00ab\u00a0Jilbab 1 ou 2 pi\u00e8ces comment choisir?\u00a0\u00bb &#8212; Neyssa le blog\" src=\"https:\/\/neyssa-shop.com\/blog\/jilbab-1-ou-2-pieces\/embed\/#?secret=sxWUSfbpuB\" data-secret=\"sxWUSfbpuB\" width=\"600\" height=\"338\" frameborder=\"0\" marginwidth=\"0\" marginheight=\"0\" scrolling=\"no\"><\/iframe>\n<\/div><\/figure>\n<\/div>\n<\/div>\n","protected":false},"excerpt":{"rendered":"<p>Vous n&rsquo;\u00eates pas chez vous et vous n&rsquo;avez pas de jilbab sous la main pour prier? Vous d\u00e9butez dans la pri\u00e8re et vous n&rsquo;avez pas encore de v\u00eatements d\u00e9di\u00e9s \u00e0 la sal\u00e2t? Ne vous inqui\u00e9tez pas, il existe des alternatives. Tant que votre tenue est mub\u00e2h, c&rsquo;est-\u00e0-dire autoris\u00e9e, et qu&rsquo;elle respecte les conditions, c&rsquo;est le&#8230;<\/p>\n<p><a class=\"more-link\" href=\"https:\/\/neyssa-shop.com\/blog\/comment-prier-sans-jilbeb\/\">En <em>savoir<\/em> plus<\/a><\/p>\n","protected":false},"author":1,"featured_media":5911,"parent":0,"menu_order":0,"comment_status":"closed","ping_status":"closed","template":"","meta":{"_genesis_hide_title":false,"_genesis_hide_breadcrumbs":false,"_genesis_hide_singular_image":false,"_genesis_hide_footer_widgets":false,"_genesis_custom_body_class":"","_genesis_custom_post_class":"","_genesis_layout":"","footnotes":""},"class_list":{"0":"post-5901","1":"page","2":"type-page","3":"status-publish","4":"has-post-thumbnail","6":"entry"},"yoast_head":"<!-- This site is optimized with the Yoast SEO plugin v26.8 - https:\/\/yoast.com\/product\/yoast-seo-wordpress\/ -->\n<title>Comment prier sans jilbeb<\/title>\n<meta name=\"description\" content=\"Comment prier sans jilbeb ? Neyssa vous apporte des alternatives qui vous permettront de prier dans les r\u00e8gles.\" \/>\n<meta name=\"robots\" content=\"index, follow, max-snippet:-1, max-image-preview:large, max-video-preview:-1\" \/>\n<link rel=\"canonical\" href=\"https:\/\/neyssa-shop.com\/blog\/comment-prier-sans-jilbeb\/\" \/>\n<meta property=\"og:locale\" content=\"fr_FR\" \/>\n<meta property=\"og:type\" content=\"article\" \/>\n<meta property=\"og:title\" content=\"Comment prier sans jilbeb\" \/>\n<meta property=\"og:description\" content=\"Comment prier sans jilbeb ? Neyssa vous apporte des alternatives qui vous permettront de prier dans les r\u00e8gles.\" \/>\n<meta property=\"og:url\" content=\"https:\/\/neyssa-shop.com\/blog\/comment-prier-sans-jilbeb\/\" \/>\n<meta property=\"og:site_name\" content=\"Neyssa le blog\" \/>\n<meta property=\"article:publisher\" content=\"https:\/\/www.facebook.com\/neyssashop\/\" \/>\n<meta property=\"article:modified_time\" content=\"2022-12-06T13:24:24+00:00\" \/>\n<meta property=\"og:image\" content=\"https:\/\/neyssa-shop.com\/blog\/wp-content\/uploads\/2022\/12\/2.jpg\" \/>\n\t<meta property=\"og:image:width\" content=\"600\" \/>\n\t<meta property=\"og:image:height\" content=\"600\" \/>\n\t<meta property=\"og:image:type\" content=\"image\/jpeg\" \/>\n<meta name=\"twitter:card\" content=\"summary_large_image\" \/>\n<meta name=\"twitter:site\" content=\"@neyssashop\" \/>\n<meta name=\"twitter:label1\" content=\"Dur\u00e9e de lecture estim\u00e9e\" \/>\n\t<meta name=\"twitter:data1\" content=\"4 minutes\" \/>\n<script type=\"application\/ld+json\" class=\"yoast-schema-graph\">{\"@context\":\"https:\/\/schema.org\",\"@graph\":[{\"@type\":\"WebPage\",\"@id\":\"https:\/\/neyssa-shop.com\/blog\/comment-prier-sans-jilbeb\/\",\"url\":\"https:\/\/neyssa-shop.com\/blog\/comment-prier-sans-jilbeb\/\",\"name\":\"Comment prier sans jilbeb\",\"isPartOf\":{\"@id\":\"https:\/\/neyssa-shop.com\/blog\/#website\"},\"primaryImageOfPage\":{\"@id\":\"https:\/\/neyssa-shop.com\/blog\/comment-prier-sans-jilbeb\/#primaryimage\"},\"image\":{\"@id\":\"https:\/\/neyssa-shop.com\/blog\/comment-prier-sans-jilbeb\/#primaryimage\"},\"thumbnailUrl\":\"https:\/\/neyssa-shop.com\/blog\/wp-content\/uploads\/2022\/12\/2.jpg\",\"datePublished\":\"2022-12-06T08:52:35+00:00\",\"dateModified\":\"2022-12-06T13:24:24+00:00\",\"description\":\"Comment prier sans jilbeb ? Neyssa vous apporte des alternatives qui vous permettront de prier dans les r\u00e8gles.\",\"breadcrumb\":{\"@id\":\"https:\/\/neyssa-shop.com\/blog\/comment-prier-sans-jilbeb\/#breadcrumb\"},\"inLanguage\":\"fr-FR\",\"potentialAction\":[{\"@type\":\"ReadAction\",\"target\":[\"https:\/\/neyssa-shop.com\/blog\/comment-prier-sans-jilbeb\/\"]}]},{\"@type\":\"ImageObject\",\"inLanguage\":\"fr-FR\",\"@id\":\"https:\/\/neyssa-shop.com\/blog\/comment-prier-sans-jilbeb\/#primaryimage\",\"url\":\"https:\/\/neyssa-shop.com\/blog\/wp-content\/uploads\/2022\/12\/2.jpg\",\"contentUrl\":\"https:\/\/neyssa-shop.com\/blog\/wp-content\/uploads\/2022\/12\/2.jpg\",\"width\":600,\"height\":600,\"caption\":\"prier sans jilbab\"},{\"@type\":\"BreadcrumbList\",\"@id\":\"https:\/\/neyssa-shop.com\/blog\/comment-prier-sans-jilbeb\/#breadcrumb\",\"itemListElement\":[{\"@type\":\"ListItem\",\"position\":1,\"name\":\"Accueil\",\"item\":\"https:\/\/neyssa-shop.com\/blog\/\"},{\"@type\":\"ListItem\",\"position\":2,\"name\":\"Comment prier sans jilbeb ?\u00a0\"}]},{\"@type\":\"WebSite\",\"@id\":\"https:\/\/neyssa-shop.com\/blog\/#website\",\"url\":\"https:\/\/neyssa-shop.com\/blog\/\",\"name\":\"Neyssa le blog\",\"description\":\"Un blog d\u00e9di\u00e9 \u00e0 la femme musulmane\",\"publisher\":{\"@id\":\"https:\/\/neyssa-shop.com\/blog\/#organization\"},\"potentialAction\":[{\"@type\":\"SearchAction\",\"target\":{\"@type\":\"EntryPoint\",\"urlTemplate\":\"https:\/\/neyssa-shop.com\/blog\/?s={search_term_string}\"},\"query-input\":{\"@type\":\"PropertyValueSpecification\",\"valueRequired\":true,\"valueName\":\"search_term_string\"}}],\"inLanguage\":\"fr-FR\"},{\"@type\":\"Organization\",\"@id\":\"https:\/\/neyssa-shop.com\/blog\/#organization\",\"name\":\"Neyssa Shop\",\"url\":\"https:\/\/neyssa-shop.com\/blog\/\",\"logo\":{\"@type\":\"ImageObject\",\"inLanguage\":\"fr-FR\",\"@id\":\"https:\/\/neyssa-shop.com\/blog\/#\/schema\/logo\/image\/\",\"url\":\"https:\/\/neyssa-shop.com\/blog\/wp-content\/uploads\/2021\/03\/neyssa-boutique-logo-1610747292.jpg\",\"contentUrl\":\"https:\/\/neyssa-shop.com\/blog\/wp-content\/uploads\/2021\/03\/neyssa-boutique-logo-1610747292.jpg\",\"width\":271,\"height\":70,\"caption\":\"Neyssa Shop\"},\"image\":{\"@id\":\"https:\/\/neyssa-shop.com\/blog\/#\/schema\/logo\/image\/\"},\"sameAs\":[\"https:\/\/www.facebook.com\/neyssashop\/\",\"https:\/\/x.com\/neyssashop\",\"https:\/\/www.instagram.com\/neyssa_shop\/\",\"https:\/\/www.pinterest.fr\/neyssa_shop\/_created\/\",\"https:\/\/www.youtube.com\/channel\/UCkQ9s8jXTLi2yVzyeugVAMg\"]}]}<\/script>\n<!-- \/ Yoast SEO plugin. -->","yoast_head_json":{"title":"Comment prier sans jilbeb","description":"Comment prier sans jilbeb ? Neyssa vous apporte des alternatives qui vous permettront de prier dans les r\u00e8gles.","robots":{"index":"index","follow":"follow","max-snippet":"max-snippet:-1","max-image-preview":"max-image-preview:large","max-video-preview":"max-video-preview:-1"},"canonical":"https:\/\/neyssa-shop.com\/blog\/comment-prier-sans-jilbeb\/","og_locale":"fr_FR","og_type":"article","og_title":"Comment prier sans jilbeb","og_description":"Comment prier sans jilbeb ? Neyssa vous apporte des alternatives qui vous permettront de prier dans les r\u00e8gles.","og_url":"https:\/\/neyssa-shop.com\/blog\/comment-prier-sans-jilbeb\/","og_site_name":"Neyssa le blog","article_publisher":"https:\/\/www.facebook.com\/neyssashop\/","article_modified_time":"2022-12-06T13:24:24+00:00","og_image":[{"width":600,"height":600,"url":"https:\/\/neyssa-shop.com\/blog\/wp-content\/uploads\/2022\/12\/2.jpg","type":"image\/jpeg"}],"twitter_card":"summary_large_image","twitter_site":"@neyssashop","twitter_misc":{"Dur\u00e9e de lecture estim\u00e9e":"4 minutes"},"schema":{"@context":"https:\/\/schema.org","@graph":[{"@type":"WebPage","@id":"https:\/\/neyssa-shop.com\/blog\/comment-prier-sans-jilbeb\/","url":"https:\/\/neyssa-shop.com\/blog\/comment-prier-sans-jilbeb\/","name":"Comment prier sans jilbeb","isPartOf":{"@id":"https:\/\/neyssa-shop.com\/blog\/#website"},"primaryImageOfPage":{"@id":"https:\/\/neyssa-shop.com\/blog\/comment-prier-sans-jilbeb\/#primaryimage"},"image":{"@id":"https:\/\/neyssa-shop.com\/blog\/comment-prier-sans-jilbeb\/#primaryimage"},"thumbnailUrl":"https:\/\/neyssa-shop.com\/blog\/wp-content\/uploads\/2022\/12\/2.jpg","datePublished":"2022-12-06T08:52:35+00:00","dateModified":"2022-12-06T13:24:24+00:00","description":"Comment prier sans jilbeb ? Neyssa vous apporte des alternatives qui vous permettront de prier dans les r\u00e8gles.","breadcrumb":{"@id":"https:\/\/neyssa-shop.com\/blog\/comment-prier-sans-jilbeb\/#breadcrumb"},"inLanguage":"fr-FR","potentialAction":[{"@type":"ReadAction","target":["https:\/\/neyssa-shop.com\/blog\/comment-prier-sans-jilbeb\/"]}]},{"@type":"ImageObject","inLanguage":"fr-FR","@id":"https:\/\/neyssa-shop.com\/blog\/comment-prier-sans-jilbeb\/#primaryimage","url":"https:\/\/neyssa-shop.com\/blog\/wp-content\/uploads\/2022\/12\/2.jpg","contentUrl":"https:\/\/neyssa-shop.com\/blog\/wp-content\/uploads\/2022\/12\/2.jpg","width":600,"height":600,"caption":"prier sans jilbab"},{"@type":"BreadcrumbList","@id":"https:\/\/neyssa-shop.com\/blog\/comment-prier-sans-jilbeb\/#breadcrumb","itemListElement":[{"@type":"ListItem","position":1,"name":"Accueil","item":"https:\/\/neyssa-shop.com\/blog\/"},{"@type":"ListItem","position":2,"name":"Comment prier sans jilbeb ?\u00a0"}]},{"@type":"WebSite","@id":"https:\/\/neyssa-shop.com\/blog\/#website","url":"https:\/\/neyssa-shop.com\/blog\/","name":"Neyssa le blog","description":"Un blog d\u00e9di\u00e9 \u00e0 la femme musulmane","publisher":{"@id":"https:\/\/neyssa-shop.com\/blog\/#organization"},"potentialAction":[{"@type":"SearchAction","target":{"@type":"EntryPoint","urlTemplate":"https:\/\/neyssa-shop.com\/blog\/?s={search_term_string}"},"query-input":{"@type":"PropertyValueSpecification","valueRequired":true,"valueName":"search_term_string"}}],"inLanguage":"fr-FR"},{"@type":"Organization","@id":"https:\/\/neyssa-shop.com\/blog\/#organization","name":"Neyssa Shop","url":"https:\/\/neyssa-shop.com\/blog\/","logo":{"@type":"ImageObject","inLanguage":"fr-FR","@id":"https:\/\/neyssa-shop.com\/blog\/#\/schema\/logo\/image\/","url":"https:\/\/neyssa-shop.com\/blog\/wp-content\/uploads\/2021\/03\/neyssa-boutique-logo-1610747292.jpg","contentUrl":"https:\/\/neyssa-shop.com\/blog\/wp-content\/uploads\/2021\/03\/neyssa-boutique-logo-1610747292.jpg","width":271,"height":70,"caption":"Neyssa Shop"},"image":{"@id":"https:\/\/neyssa-shop.com\/blog\/#\/schema\/logo\/image\/"},"sameAs":["https:\/\/www.facebook.com\/neyssashop\/","https:\/\/x.com\/neyssashop","https:\/\/www.instagram.com\/neyssa_shop\/","https:\/\/www.pinterest.fr\/neyssa_shop\/_created\/","https:\/\/www.youtube.com\/channel\/UCkQ9s8jXTLi2yVzyeugVAMg"]}]}},"_links":{"self":[{"href":"https:\/\/neyssa-shop.com\/blog\/wp-json\/wp\/v2\/pages\/5901","targetHints":{"allow":["GET"]}}],"collection":[{"href":"https:\/\/neyssa-shop.com\/blog\/wp-json\/wp\/v2\/pages"}],"about":[{"href":"https:\/\/neyssa-shop.com\/blog\/wp-json\/wp\/v2\/types\/page"}],"author":[{"embeddable":true,"href":"https:\/\/neyssa-shop.com\/blog\/wp-json\/wp\/v2\/users\/1"}],"replies":[{"embeddable":true,"href":"https:\/\/neyssa-shop.com\/blog\/wp-json\/wp\/v2\/comments?post=5901"}],"version-history":[{"count":11,"href":"https:\/\/neyssa-shop.com\/blog\/wp-json\/wp\/v2\/pages\/5901\/revisions"}],"predecessor-version":[{"id":5923,"href":"https:\/\/neyssa-shop.com\/blog\/wp-json\/wp\/v2\/pages\/5901\/revisions\/5923"}],"wp:featuredmedia":[{"embeddable":true,"href":"https:\/\/neyssa-shop.com\/blog\/wp-json\/wp\/v2\/media\/5911"}],"wp:attachment":[{"href":"https:\/\/neyssa-shop.com\/blog\/wp-json\/wp\/v2\/media?parent=5901"}],"curies":[{"name":"wp","href":"https:\/\/api.w.org\/{rel}","templated":true}]}}