{"id":5780,"date":"2022-11-21T10:15:18","date_gmt":"2022-11-21T09:15:18","guid":{"rendered":"https:\/\/neyssa-shop.com\/blog\/?page_id=5780"},"modified":"2022-12-22T10:07:29","modified_gmt":"2022-12-22T09:07:29","slug":"pourquoi-adopter-les-magnets-a-hijab","status":"publish","type":"page","link":"https:\/\/neyssa-shop.com\/blog\/pourquoi-adopter-les-magnets-a-hijab\/","title":{"rendered":"Pourquoi adopter les magnets \u00e0 hijab?"},"content":{"rendered":"\n<p>Vous portez le <a href=\"https:\/\/neyssa-shop.com\/fr\/84-hijab-pas-cher-mode-femme-voilee\">hijab<\/a>, mais vous constatez la pr\u00e9sence de petits trous caus\u00e9s par les \u00e9pingles que vous utilisez de fa\u00e7on continue? Pas de panique, il existe une alternative qui permet d\u2019<strong>\u00e9viter d\u2019ab\u00eemer votre voile<\/strong>. On vous d\u00e9voile le secret.<\/p>\n\n\n\n<div class=\"wp-block-image\"><figure class=\"aligncenter size-large\"><a href=\"https:\/\/neyssa-shop.com\/fr\/84-hijab-pas-cher-mode-femme-voilee\"><img fetchpriority=\"high\" decoding=\"async\" width=\"1024\" height=\"512\" src=\"https:\/\/neyssa-shop.com\/blog\/wp-content\/uploads\/2022\/11\/Bannieres-articles-BLOG-4-1024x512.jpg\" alt=\"\" class=\"wp-image-5782\" srcset=\"https:\/\/neyssa-shop.com\/blog\/wp-content\/uploads\/2022\/11\/Bannieres-articles-BLOG-4-1024x512.jpg 1024w, https:\/\/neyssa-shop.com\/blog\/wp-content\/uploads\/2022\/11\/Bannieres-articles-BLOG-4-300x150.jpg 300w, https:\/\/neyssa-shop.com\/blog\/wp-content\/uploads\/2022\/11\/Bannieres-articles-BLOG-4-768x384.jpg 768w, https:\/\/neyssa-shop.com\/blog\/wp-content\/uploads\/2022\/11\/Bannieres-articles-BLOG-4-1536x768.jpg 1536w, https:\/\/neyssa-shop.com\/blog\/wp-content\/uploads\/2022\/11\/Bannieres-articles-BLOG-4-2048x1024.jpg 2048w, https:\/\/neyssa-shop.com\/blog\/wp-content\/uploads\/2022\/11\/Bannieres-articles-BLOG-4-750x375.jpg 750w\" sizes=\"(max-width: 1024px) 100vw, 1024px\" \/><\/a><\/figure><\/div>\n\n\n\n<div id=\"ez-toc-container\" class=\"ez-toc-v2_0_72 counter-hierarchy ez-toc-counter ez-toc-grey ez-toc-container-direction\">\n<label for=\"ez-toc-cssicon-toggle-item-69f293465cf43\" class=\"ez-toc-cssicon-toggle-label\"><span class=\"\"><span class=\"eztoc-hide\" style=\"display:none;\">Toggle<\/span><span class=\"ez-toc-icon-toggle-span\"><svg style=\"fill: #999;color:#999\" xmlns=\"http:\/\/www.w3.org\/2000\/svg\" class=\"list-377408\" width=\"20px\" height=\"20px\" viewBox=\"0 0 24 24\" fill=\"none\"><path d=\"M6 6H4v2h2V6zm14 0H8v2h12V6zM4 11h2v2H4v-2zm16 0H8v2h12v-2zM4 16h2v2H4v-2zm16 0H8v2h12v-2z\" fill=\"currentColor\"><\/path><\/svg><svg style=\"fill: #999;color:#999\" class=\"arrow-unsorted-368013\" xmlns=\"http:\/\/www.w3.org\/2000\/svg\" width=\"10px\" height=\"10px\" viewBox=\"0 0 24 24\" version=\"1.2\" baseProfile=\"tiny\"><path d=\"M18.2 9.3l-6.2-6.3-6.2 6.3c-.2.2-.3.4-.3.7s.1.5.3.7c.2.2.4.3.7.3h11c.3 0 .5-.1.7-.3.2-.2.3-.5.3-.7s-.1-.5-.3-.7zM5.8 14.7l6.2 6.3 6.2-6.3c.2-.2.3-.5.3-.7s-.1-.5-.3-.7c-.2-.2-.4-.3-.7-.3h-11c-.3 0-.5.1-.7.3-.2.2-.3.5-.3.7s.1.5.3.7z\"\/><\/svg><\/span><\/span><\/label><input type=\"checkbox\"  id=\"ez-toc-cssicon-toggle-item-69f293465cf43\"  aria-label=\"Toggle\" \/><nav><ul class='ez-toc-list ez-toc-list-level-1 ' ><li class='ez-toc-page-1 ez-toc-heading-level-2'><a class=\"ez-toc-link ez-toc-heading-1\" href=\"https:\/\/neyssa-shop.com\/blog\/pourquoi-adopter-les-magnets-a-hijab\/#Pourquoi_faut-il_delaisser_les_epingles_a_nourrice\" title=\"Pourquoi faut-il d\u00e9laisser les \u00e9pingles \u00e0 nourrice?\">Pourquoi faut-il d\u00e9laisser les \u00e9pingles \u00e0 nourrice?<\/a><\/li><li class='ez-toc-page-1 ez-toc-heading-level-2'><a class=\"ez-toc-link ez-toc-heading-2\" href=\"https:\/\/neyssa-shop.com\/blog\/pourquoi-adopter-les-magnets-a-hijab\/#Lattache_aimantee_a_hijab_un_accessoire_revolutionnaire\" title=\"L\u2019attache aimant\u00e9e \u00e0 hijab, un accessoire r\u00e9volutionnaire&nbsp;\">L\u2019attache aimant\u00e9e \u00e0 hijab, un accessoire r\u00e9volutionnaire&nbsp;<\/a><\/li><li class='ez-toc-page-1 ez-toc-heading-level-2'><a class=\"ez-toc-link ez-toc-heading-3\" href=\"https:\/\/neyssa-shop.com\/blog\/pourquoi-adopter-les-magnets-a-hijab\/#Les_magnets_a_hijab_accessoires_aussi_pratique_questhetique\" title=\"Les magnets \u00e0 hijab accessoires aussi pratique qu&rsquo;esth\u00e9tique\">Les magnets \u00e0 hijab accessoires aussi pratique qu&rsquo;esth\u00e9tique<\/a><\/li><\/ul><\/nav><\/div>\n<h2 class=\"wp-block-heading\"><span class=\"ez-toc-section\" id=\"Pourquoi_faut-il_delaisser_les_epingles_a_nourrice\"><\/span><li><strong>Pourquoi faut-il d\u00e9laisser les \u00e9pingles \u00e0 nourrice?<\/strong><\/li><span class=\"ez-toc-section-end\"><\/span><\/h2>\n\n\n\n<p>Longtemps vous avez \u00e9t\u00e9 adeptes des \u00e9pingles \u00e0 nourrices mais avec le temps vos hijabs s&rsquo;ab\u00eement et il faut sans cesse les remplacer alors que vous ne les avez port\u00e9 que quelques fois? En cours de journ\u00e9e, vous \u00eates oblig\u00e9es de remettre ou de r\u00e9ajuster les \u00e9pingles car celles-ci tombent et ne tiennent pas en place ?&nbsp;<\/p>\n\n\n\n<p>Nous vous conseillons de mettre de c\u00f4t\u00e9 ces \u00e9pingles qui sont \u00e0 la cause de trous et de traces sur vos foulards. Optez plut\u00f4t pour les <strong>clips aimant\u00e9s \u00e0 hijab<\/strong> qui r\u00e9volutionneront votre fa\u00e7on de porter le voile. Il s\u2019agit d\u2019un concept ing\u00e9nieux qui <strong>accessoirisera<\/strong> votre foulard de fa\u00e7on <strong>subtile<\/strong>. Et pour celles qui se piquent r\u00e9guli\u00e8rement en attachant leur hijab avec les \u00e9pingles, ces aimants vous conviendront parfaitement.&nbsp;&nbsp;<\/p>\n\n\n\n<h2 class=\"wp-block-heading\"><span class=\"ez-toc-section\" id=\"Lattache_aimantee_a_hijab_un_accessoire_revolutionnaire\"><\/span><li><strong>L\u2019attache aimant\u00e9e \u00e0 hijab, un accessoire r\u00e9volutionnaire<\/strong>&nbsp;<\/li><span class=\"ez-toc-section-end\"><\/span><\/h2>\n\n\n\n<p><strong>Mais qu\u2019est ce que c\u2019est?<\/strong><\/p>\n\n\n\n<div class=\"wp-block-image is-style-rounded\"><figure class=\"alignright size-medium\"><a href=\"https:\/\/neyssa-shop.com\/fr\/84-hijab-pas-cher-mode-femme-voilee\"><img decoding=\"async\" width=\"300\" height=\"300\" src=\"https:\/\/neyssa-shop.com\/blog\/wp-content\/uploads\/2022\/11\/Photos-BLOG-10-300x300.jpg\" alt=\"\" class=\"wp-image-5795\" srcset=\"https:\/\/neyssa-shop.com\/blog\/wp-content\/uploads\/2022\/11\/Photos-BLOG-10-300x300.jpg 300w, https:\/\/neyssa-shop.com\/blog\/wp-content\/uploads\/2022\/11\/Photos-BLOG-10-150x150.jpg 150w, https:\/\/neyssa-shop.com\/blog\/wp-content\/uploads\/2022\/11\/Photos-BLOG-10-375x375.jpg 375w, https:\/\/neyssa-shop.com\/blog\/wp-content\/uploads\/2022\/11\/Photos-BLOG-10-400x400.jpg 400w, https:\/\/neyssa-shop.com\/blog\/wp-content\/uploads\/2022\/11\/Photos-BLOG-10-320x320.jpg 320w, https:\/\/neyssa-shop.com\/blog\/wp-content\/uploads\/2022\/11\/Photos-BLOG-10.jpg 600w\" sizes=\"(max-width: 300px) 100vw, 300px\" \/><\/a><\/figure><\/div>\n\n\n\n<p>\u00c0 toutes les hijabies, vous pouvez dire adieu aux trous dans vos voiles gr\u00e2ce aux clips aimant\u00e9s! Avec ces aimants, vous n\u2019avez plus besoin de piquer votre hijab avec des \u00e9pingles. Il vous suffit juste de les <strong>clipser entre eux<\/strong> afin d\u2019attacher et de fixer votre voile. C\u2019est un accessoire r\u00e9volutionnaire qui va faire des heureuses. De par leur <strong>solidit\u00e9<\/strong> et leur mat\u00e9riau de <strong>haute qualit\u00e9<\/strong>, ces aimants s\u00e9curiseront votre hijab et ne risquent pas de rouiller ou de se d\u00e9former. Parfaits pour un usage quotidien, ces clips sont aussi bien faciles \u00e0 mettre qu\u2019\u00e0 enlever.&nbsp;<\/p>\n\n\n\n<h2 class=\"wp-block-heading\"><span class=\"ez-toc-section\" id=\"Les_magnets_a_hijab_accessoires_aussi_pratique_questhetique\"><\/span><li><strong>Les magnets \u00e0 hijab accessoires aussi pratique qu&rsquo;esth\u00e9tique<\/strong><\/li><span class=\"ez-toc-section-end\"><\/span><\/h2>\n\n\n\n<p>Id\u00e9al si vous \u00eates <strong>press\u00e9es<\/strong>, attacher votre voile ne vous prendra que <strong>30 secondes<\/strong> : munissez-vous de deux aimants, placez-les aux deux extr\u00e9mit\u00e9s de votre hijab, clipsez-les et le tour est jou\u00e9 ! En plus d\u2019\u00eatre facile \u00e0 attacher, ils maintiennent votre hijab toute la journ\u00e9e.&nbsp;<\/p>\n\n\n\n<p>Tout comme les \u00e9pingles, vous pouvez les utiliser avec tout type de voiles ou ch\u00e2les.&nbsp;<\/p>\n\n\n\n<p>Gr\u00e2ce \u00e0 leur <strong>taille compacte<\/strong>, vous pouvez aussi bien les glisser dans votre sac \u00e0 main ou dans votre trousse de toilette.&nbsp;<\/p>\n\n\n\n<p>Les clips aimant\u00e9s, en plus d\u2019\u00eatre <strong>pratiques<\/strong>, sont <strong>esth\u00e9tiques<\/strong> et accessoirisent votre foulard. Ils sont un indispensable pour la garde-robe d\u2019une hijabie qui souhaite <strong>parfaire son look<\/strong> et opter pour un <strong>style \u00e9l\u00e9gant et raffin\u00e9<\/strong>. Disponibles en plusieurs coloris, vous pouvez les assortir facilement \u00e0 votre tenue.&nbsp;<\/p>\n\n\n\n<p><\/p>\n\n\n\n<p>Avant de sortir, vous n\u2019aurez plus besoin de faire le tour de votre dressing pour trouver un voile intact.&nbsp;<\/p>\n\n\n\n<p>Maintenant, vous n\u2019avez plus d\u2019excuses pour ne plus prendre soin de votre voile ou de votre ch\u00e2le\ud83e\uddd5Adoptez-les !<\/p>\n\n\n\n<div class=\"wp-block-columns is-layout-flex wp-container-core-columns-is-layout-1 wp-block-columns-is-layout-flex\">\n<div class=\"wp-block-column is-layout-flow wp-block-column-is-layout-flow\">\n<figure class=\"wp-block-embed is-type-wp-embed is-provider-neyssa-le-blog wp-block-embed-neyssa-le-blog\"><div class=\"wp-block-embed__wrapper\">\n<blockquote class=\"wp-embedded-content\" data-secret=\"baciOv3hRH\"><a href=\"https:\/\/neyssa-shop.com\/blog\/les-epingles-a-hijab\/\">Les \u00e9pingles \u00e0 hijab<\/a><\/blockquote><iframe class=\"wp-embedded-content\" sandbox=\"allow-scripts\" security=\"restricted\" style=\"position: absolute; clip: rect(1px, 1px, 1px, 1px);\" title=\"\u00ab\u00a0Les \u00e9pingles \u00e0 hijab\u00a0\u00bb &#8212; Neyssa le blog\" src=\"https:\/\/neyssa-shop.com\/blog\/les-epingles-a-hijab\/embed\/#?secret=baciOv3hRH\" data-secret=\"baciOv3hRH\" width=\"600\" height=\"338\" frameborder=\"0\" marginwidth=\"0\" marginheight=\"0\" scrolling=\"no\"><\/iframe>\n<\/div><\/figure>\n<\/div>\n\n\n\n<div class=\"wp-block-column is-layout-flow wp-block-column-is-layout-flow\">\n<figure class=\"wp-block-embed is-type-wp-embed is-provider-neyssa-le-blog wp-block-embed-neyssa-le-blog\"><div class=\"wp-block-embed__wrapper\">\n<blockquote class=\"wp-embedded-content\" data-secret=\"ukBNIfrvUP\"><a href=\"https:\/\/neyssa-shop.com\/blog\/5-conseils-pour-ranger-ses-hijab\/\">5 conseils pour ranger ses Hijabs<\/a><\/blockquote><iframe class=\"wp-embedded-content\" sandbox=\"allow-scripts\" security=\"restricted\" style=\"position: absolute; clip: rect(1px, 1px, 1px, 1px);\" title=\"\u00ab\u00a05 conseils pour ranger ses Hijabs\u00a0\u00bb &#8212; Neyssa le blog\" src=\"https:\/\/neyssa-shop.com\/blog\/5-conseils-pour-ranger-ses-hijab\/embed\/#?secret=ukBNIfrvUP\" data-secret=\"ukBNIfrvUP\" width=\"600\" height=\"338\" frameborder=\"0\" marginwidth=\"0\" marginheight=\"0\" scrolling=\"no\"><\/iframe>\n<\/div><\/figure>\n<\/div>\n\n\n\n<div class=\"wp-block-column is-layout-flow wp-block-column-is-layout-flow\">\n<figure class=\"wp-block-embed is-type-wp-embed is-provider-neyssa-le-blog wp-block-embed-neyssa-le-blog\"><div class=\"wp-block-embed__wrapper\">\n<blockquote class=\"wp-embedded-content\" data-secret=\"WyZdr0HLnB\"><a href=\"https:\/\/neyssa-shop.com\/blog\/quel-hijab-choisir\/\">Quel hijab choisir?<\/a><\/blockquote><iframe class=\"wp-embedded-content\" sandbox=\"allow-scripts\" security=\"restricted\" style=\"position: absolute; clip: rect(1px, 1px, 1px, 1px);\" title=\"\u00ab\u00a0Quel hijab choisir?\u00a0\u00bb &#8212; Neyssa le blog\" src=\"https:\/\/neyssa-shop.com\/blog\/quel-hijab-choisir\/embed\/#?secret=WyZdr0HLnB\" data-secret=\"WyZdr0HLnB\" width=\"600\" height=\"338\" frameborder=\"0\" marginwidth=\"0\" marginheight=\"0\" scrolling=\"no\"><\/iframe>\n<\/div><\/figure>\n<\/div>\n<\/div>\n","protected":false},"excerpt":{"rendered":"<p>Vous portez le hijab, mais vous constatez la pr\u00e9sence de petits trous caus\u00e9s par les \u00e9pingles que vous utilisez de fa\u00e7on continue? Pas de panique, il existe une alternative qui permet d\u2019\u00e9viter d\u2019ab\u00eemer votre voile. On vous d\u00e9voile le secret. Pourquoi faut-il d\u00e9laisser les \u00e9pingles \u00e0 nourrice? Longtemps vous avez \u00e9t\u00e9 adeptes des \u00e9pingles \u00e0&#8230;<\/p>\n<p><a class=\"more-link\" href=\"https:\/\/neyssa-shop.com\/blog\/pourquoi-adopter-les-magnets-a-hijab\/\">En <em>savoir<\/em> plus<\/a><\/p>\n","protected":false},"author":1,"featured_media":5837,"parent":0,"menu_order":0,"comment_status":"closed","ping_status":"closed","template":"","meta":{"_genesis_hide_title":false,"_genesis_hide_breadcrumbs":false,"_genesis_hide_singular_image":false,"_genesis_hide_footer_widgets":false,"_genesis_custom_body_class":"","_genesis_custom_post_class":"","_genesis_layout":"","footnotes":""},"class_list":{"0":"post-5780","1":"page","2":"type-page","3":"status-publish","4":"has-post-thumbnail","6":"entry"},"yoast_head":"<!-- This site is optimized with the Yoast SEO plugin v26.8 - https:\/\/yoast.com\/product\/yoast-seo-wordpress\/ -->\n<title>Pourquoi adopter les magnets \u00e0 hijab?<\/title>\n<meta name=\"description\" content=\"D\u00e9couvrez pourquoi il faut adopter les magnets \u00e0 hijab anti trou, un excellente alternative aux \u00e9pingles \u00e0 nourrices.\" \/>\n<meta name=\"robots\" content=\"index, follow, max-snippet:-1, max-image-preview:large, max-video-preview:-1\" \/>\n<link rel=\"canonical\" href=\"https:\/\/neyssa-shop.com\/blog\/pourquoi-adopter-les-magnets-a-hijab\/\" \/>\n<meta property=\"og:locale\" content=\"fr_FR\" \/>\n<meta property=\"og:type\" content=\"article\" \/>\n<meta property=\"og:title\" content=\"Pourquoi adopter les magnets \u00e0 hijab?\" \/>\n<meta property=\"og:description\" content=\"D\u00e9couvrez pourquoi il faut adopter les magnets \u00e0 hijab anti trou, un excellente alternative aux \u00e9pingles \u00e0 nourrices.\" \/>\n<meta property=\"og:url\" content=\"https:\/\/neyssa-shop.com\/blog\/pourquoi-adopter-les-magnets-a-hijab\/\" \/>\n<meta property=\"og:site_name\" content=\"Neyssa le blog\" \/>\n<meta property=\"article:publisher\" content=\"https:\/\/www.facebook.com\/neyssashop\/\" \/>\n<meta property=\"article:modified_time\" content=\"2022-12-22T09:07:29+00:00\" \/>\n<meta property=\"og:image\" content=\"https:\/\/neyssa-shop.com\/blog\/wp-content\/uploads\/2022\/11\/Photos-BLOG-24.jpg\" \/>\n\t<meta property=\"og:image:width\" content=\"600\" \/>\n\t<meta property=\"og:image:height\" content=\"600\" \/>\n\t<meta property=\"og:image:type\" content=\"image\/jpeg\" \/>\n<meta name=\"twitter:card\" content=\"summary_large_image\" \/>\n<meta name=\"twitter:site\" content=\"@neyssashop\" \/>\n<meta name=\"twitter:label1\" content=\"Dur\u00e9e de lecture estim\u00e9e\" \/>\n\t<meta name=\"twitter:data1\" content=\"3 minutes\" \/>\n<script type=\"application\/ld+json\" class=\"yoast-schema-graph\">{\"@context\":\"https:\/\/schema.org\",\"@graph\":[{\"@type\":\"WebPage\",\"@id\":\"https:\/\/neyssa-shop.com\/blog\/pourquoi-adopter-les-magnets-a-hijab\/\",\"url\":\"https:\/\/neyssa-shop.com\/blog\/pourquoi-adopter-les-magnets-a-hijab\/\",\"name\":\"Pourquoi adopter les magnets \u00e0 hijab?\",\"isPartOf\":{\"@id\":\"https:\/\/neyssa-shop.com\/blog\/#website\"},\"primaryImageOfPage\":{\"@id\":\"https:\/\/neyssa-shop.com\/blog\/pourquoi-adopter-les-magnets-a-hijab\/#primaryimage\"},\"image\":{\"@id\":\"https:\/\/neyssa-shop.com\/blog\/pourquoi-adopter-les-magnets-a-hijab\/#primaryimage\"},\"thumbnailUrl\":\"https:\/\/neyssa-shop.com\/blog\/wp-content\/uploads\/2022\/11\/Photos-BLOG-24.jpg\",\"datePublished\":\"2022-11-21T09:15:18+00:00\",\"dateModified\":\"2022-12-22T09:07:29+00:00\",\"description\":\"D\u00e9couvrez pourquoi il faut adopter les magnets \u00e0 hijab anti trou, un excellente alternative aux \u00e9pingles \u00e0 nourrices.\",\"breadcrumb\":{\"@id\":\"https:\/\/neyssa-shop.com\/blog\/pourquoi-adopter-les-magnets-a-hijab\/#breadcrumb\"},\"inLanguage\":\"fr-FR\",\"potentialAction\":[{\"@type\":\"ReadAction\",\"target\":[\"https:\/\/neyssa-shop.com\/blog\/pourquoi-adopter-les-magnets-a-hijab\/\"]}]},{\"@type\":\"ImageObject\",\"inLanguage\":\"fr-FR\",\"@id\":\"https:\/\/neyssa-shop.com\/blog\/pourquoi-adopter-les-magnets-a-hijab\/#primaryimage\",\"url\":\"https:\/\/neyssa-shop.com\/blog\/wp-content\/uploads\/2022\/11\/Photos-BLOG-24.jpg\",\"contentUrl\":\"https:\/\/neyssa-shop.com\/blog\/wp-content\/uploads\/2022\/11\/Photos-BLOG-24.jpg\",\"width\":600,\"height\":600,\"caption\":\"adopter les magnets\"},{\"@type\":\"BreadcrumbList\",\"@id\":\"https:\/\/neyssa-shop.com\/blog\/pourquoi-adopter-les-magnets-a-hijab\/#breadcrumb\",\"itemListElement\":[{\"@type\":\"ListItem\",\"position\":1,\"name\":\"Accueil\",\"item\":\"https:\/\/neyssa-shop.com\/blog\/\"},{\"@type\":\"ListItem\",\"position\":2,\"name\":\"Pourquoi adopter les magnets \u00e0 hijab?\"}]},{\"@type\":\"WebSite\",\"@id\":\"https:\/\/neyssa-shop.com\/blog\/#website\",\"url\":\"https:\/\/neyssa-shop.com\/blog\/\",\"name\":\"Neyssa le blog\",\"description\":\"Un blog d\u00e9di\u00e9 \u00e0 la femme musulmane\",\"publisher\":{\"@id\":\"https:\/\/neyssa-shop.com\/blog\/#organization\"},\"potentialAction\":[{\"@type\":\"SearchAction\",\"target\":{\"@type\":\"EntryPoint\",\"urlTemplate\":\"https:\/\/neyssa-shop.com\/blog\/?s={search_term_string}\"},\"query-input\":{\"@type\":\"PropertyValueSpecification\",\"valueRequired\":true,\"valueName\":\"search_term_string\"}}],\"inLanguage\":\"fr-FR\"},{\"@type\":\"Organization\",\"@id\":\"https:\/\/neyssa-shop.com\/blog\/#organization\",\"name\":\"Neyssa Shop\",\"url\":\"https:\/\/neyssa-shop.com\/blog\/\",\"logo\":{\"@type\":\"ImageObject\",\"inLanguage\":\"fr-FR\",\"@id\":\"https:\/\/neyssa-shop.com\/blog\/#\/schema\/logo\/image\/\",\"url\":\"https:\/\/neyssa-shop.com\/blog\/wp-content\/uploads\/2021\/03\/neyssa-boutique-logo-1610747292.jpg\",\"contentUrl\":\"https:\/\/neyssa-shop.com\/blog\/wp-content\/uploads\/2021\/03\/neyssa-boutique-logo-1610747292.jpg\",\"width\":271,\"height\":70,\"caption\":\"Neyssa Shop\"},\"image\":{\"@id\":\"https:\/\/neyssa-shop.com\/blog\/#\/schema\/logo\/image\/\"},\"sameAs\":[\"https:\/\/www.facebook.com\/neyssashop\/\",\"https:\/\/x.com\/neyssashop\",\"https:\/\/www.instagram.com\/neyssa_shop\/\",\"https:\/\/www.pinterest.fr\/neyssa_shop\/_created\/\",\"https:\/\/www.youtube.com\/channel\/UCkQ9s8jXTLi2yVzyeugVAMg\"]}]}<\/script>\n<!-- \/ Yoast SEO plugin. -->","yoast_head_json":{"title":"Pourquoi adopter les magnets \u00e0 hijab?","description":"D\u00e9couvrez pourquoi il faut adopter les magnets \u00e0 hijab anti trou, un excellente alternative aux \u00e9pingles \u00e0 nourrices.","robots":{"index":"index","follow":"follow","max-snippet":"max-snippet:-1","max-image-preview":"max-image-preview:large","max-video-preview":"max-video-preview:-1"},"canonical":"https:\/\/neyssa-shop.com\/blog\/pourquoi-adopter-les-magnets-a-hijab\/","og_locale":"fr_FR","og_type":"article","og_title":"Pourquoi adopter les magnets \u00e0 hijab?","og_description":"D\u00e9couvrez pourquoi il faut adopter les magnets \u00e0 hijab anti trou, un excellente alternative aux \u00e9pingles \u00e0 nourrices.","og_url":"https:\/\/neyssa-shop.com\/blog\/pourquoi-adopter-les-magnets-a-hijab\/","og_site_name":"Neyssa le blog","article_publisher":"https:\/\/www.facebook.com\/neyssashop\/","article_modified_time":"2022-12-22T09:07:29+00:00","og_image":[{"width":600,"height":600,"url":"https:\/\/neyssa-shop.com\/blog\/wp-content\/uploads\/2022\/11\/Photos-BLOG-24.jpg","type":"image\/jpeg"}],"twitter_card":"summary_large_image","twitter_site":"@neyssashop","twitter_misc":{"Dur\u00e9e de lecture estim\u00e9e":"3 minutes"},"schema":{"@context":"https:\/\/schema.org","@graph":[{"@type":"WebPage","@id":"https:\/\/neyssa-shop.com\/blog\/pourquoi-adopter-les-magnets-a-hijab\/","url":"https:\/\/neyssa-shop.com\/blog\/pourquoi-adopter-les-magnets-a-hijab\/","name":"Pourquoi adopter les magnets \u00e0 hijab?","isPartOf":{"@id":"https:\/\/neyssa-shop.com\/blog\/#website"},"primaryImageOfPage":{"@id":"https:\/\/neyssa-shop.com\/blog\/pourquoi-adopter-les-magnets-a-hijab\/#primaryimage"},"image":{"@id":"https:\/\/neyssa-shop.com\/blog\/pourquoi-adopter-les-magnets-a-hijab\/#primaryimage"},"thumbnailUrl":"https:\/\/neyssa-shop.com\/blog\/wp-content\/uploads\/2022\/11\/Photos-BLOG-24.jpg","datePublished":"2022-11-21T09:15:18+00:00","dateModified":"2022-12-22T09:07:29+00:00","description":"D\u00e9couvrez pourquoi il faut adopter les magnets \u00e0 hijab anti trou, un excellente alternative aux \u00e9pingles \u00e0 nourrices.","breadcrumb":{"@id":"https:\/\/neyssa-shop.com\/blog\/pourquoi-adopter-les-magnets-a-hijab\/#breadcrumb"},"inLanguage":"fr-FR","potentialAction":[{"@type":"ReadAction","target":["https:\/\/neyssa-shop.com\/blog\/pourquoi-adopter-les-magnets-a-hijab\/"]}]},{"@type":"ImageObject","inLanguage":"fr-FR","@id":"https:\/\/neyssa-shop.com\/blog\/pourquoi-adopter-les-magnets-a-hijab\/#primaryimage","url":"https:\/\/neyssa-shop.com\/blog\/wp-content\/uploads\/2022\/11\/Photos-BLOG-24.jpg","contentUrl":"https:\/\/neyssa-shop.com\/blog\/wp-content\/uploads\/2022\/11\/Photos-BLOG-24.jpg","width":600,"height":600,"caption":"adopter les magnets"},{"@type":"BreadcrumbList","@id":"https:\/\/neyssa-shop.com\/blog\/pourquoi-adopter-les-magnets-a-hijab\/#breadcrumb","itemListElement":[{"@type":"ListItem","position":1,"name":"Accueil","item":"https:\/\/neyssa-shop.com\/blog\/"},{"@type":"ListItem","position":2,"name":"Pourquoi adopter les magnets \u00e0 hijab?"}]},{"@type":"WebSite","@id":"https:\/\/neyssa-shop.com\/blog\/#website","url":"https:\/\/neyssa-shop.com\/blog\/","name":"Neyssa le blog","description":"Un blog d\u00e9di\u00e9 \u00e0 la femme musulmane","publisher":{"@id":"https:\/\/neyssa-shop.com\/blog\/#organization"},"potentialAction":[{"@type":"SearchAction","target":{"@type":"EntryPoint","urlTemplate":"https:\/\/neyssa-shop.com\/blog\/?s={search_term_string}"},"query-input":{"@type":"PropertyValueSpecification","valueRequired":true,"valueName":"search_term_string"}}],"inLanguage":"fr-FR"},{"@type":"Organization","@id":"https:\/\/neyssa-shop.com\/blog\/#organization","name":"Neyssa Shop","url":"https:\/\/neyssa-shop.com\/blog\/","logo":{"@type":"ImageObject","inLanguage":"fr-FR","@id":"https:\/\/neyssa-shop.com\/blog\/#\/schema\/logo\/image\/","url":"https:\/\/neyssa-shop.com\/blog\/wp-content\/uploads\/2021\/03\/neyssa-boutique-logo-1610747292.jpg","contentUrl":"https:\/\/neyssa-shop.com\/blog\/wp-content\/uploads\/2021\/03\/neyssa-boutique-logo-1610747292.jpg","width":271,"height":70,"caption":"Neyssa Shop"},"image":{"@id":"https:\/\/neyssa-shop.com\/blog\/#\/schema\/logo\/image\/"},"sameAs":["https:\/\/www.facebook.com\/neyssashop\/","https:\/\/x.com\/neyssashop","https:\/\/www.instagram.com\/neyssa_shop\/","https:\/\/www.pinterest.fr\/neyssa_shop\/_created\/","https:\/\/www.youtube.com\/channel\/UCkQ9s8jXTLi2yVzyeugVAMg"]}]}},"_links":{"self":[{"href":"https:\/\/neyssa-shop.com\/blog\/wp-json\/wp\/v2\/pages\/5780","targetHints":{"allow":["GET"]}}],"collection":[{"href":"https:\/\/neyssa-shop.com\/blog\/wp-json\/wp\/v2\/pages"}],"about":[{"href":"https:\/\/neyssa-shop.com\/blog\/wp-json\/wp\/v2\/types\/page"}],"author":[{"embeddable":true,"href":"https:\/\/neyssa-shop.com\/blog\/wp-json\/wp\/v2\/users\/1"}],"replies":[{"embeddable":true,"href":"https:\/\/neyssa-shop.com\/blog\/wp-json\/wp\/v2\/comments?post=5780"}],"version-history":[{"count":11,"href":"https:\/\/neyssa-shop.com\/blog\/wp-json\/wp\/v2\/pages\/5780\/revisions"}],"predecessor-version":[{"id":6033,"href":"https:\/\/neyssa-shop.com\/blog\/wp-json\/wp\/v2\/pages\/5780\/revisions\/6033"}],"wp:featuredmedia":[{"embeddable":true,"href":"https:\/\/neyssa-shop.com\/blog\/wp-json\/wp\/v2\/media\/5837"}],"wp:attachment":[{"href":"https:\/\/neyssa-shop.com\/blog\/wp-json\/wp\/v2\/media?parent=5780"}],"curies":[{"name":"wp","href":"https:\/\/api.w.org\/{rel}","templated":true}]}}