{"id":5396,"date":"2022-09-16T17:30:05","date_gmt":"2022-09-16T15:30:05","guid":{"rendered":"https:\/\/neyssa-shop.com\/blog\/?page_id=5396"},"modified":"2023-11-25T23:50:37","modified_gmt":"2023-11-25T22:50:37","slug":"jilbab-1-ou-2-pieces","status":"publish","type":"page","link":"https:\/\/neyssa-shop.com\/blog\/jilbab-1-ou-2-pieces\/","title":{"rendered":"Jilbab une ou deux pi\u00e8ces comment choisir?"},"content":{"rendered":"\n<figure class=\"wp-block-image size-full\"><img fetchpriority=\"high\" decoding=\"async\" width=\"940\" height=\"788\" src=\"https:\/\/neyssa-shop.com\/blog\/wp-content\/uploads\/2022\/09\/Comparaison-jilbab.png\" alt=\"\" class=\"wp-image-5408\" srcset=\"https:\/\/neyssa-shop.com\/blog\/wp-content\/uploads\/2022\/09\/Comparaison-jilbab.png 940w, https:\/\/neyssa-shop.com\/blog\/wp-content\/uploads\/2022\/09\/Comparaison-jilbab-300x251.png 300w, https:\/\/neyssa-shop.com\/blog\/wp-content\/uploads\/2022\/09\/Comparaison-jilbab-768x644.png 768w, https:\/\/neyssa-shop.com\/blog\/wp-content\/uploads\/2022\/09\/Comparaison-jilbab-750x629.png 750w\" sizes=\"(max-width: 940px) 100vw, 940px\" \/><\/figure>\n\n\n\n<p>Vous \u00eates \u00e0 la recherche du <a href=\"https:\/\/neyssa-shop.com\/fr\/106-jilbab-pas-cher\">jilbab femme<\/a> qui vous conviendra le mieux ? Entre Jilbab 1 pi\u00e8ce ou 2 pi\u00e8ces vous ne savez pas lequel choisir ? Dans cet article on vous \u00e9claire sur le jilbab, la tenue de la <strong>femme musulmane<\/strong> et on vous fait d\u00e9couvrir toutes ses variantes !&nbsp;<\/p>\n\n\n\n<p>Apr\u00e8s une grande introspection vous vous d\u00e9cidez enfin \u00e0&nbsp;troquer notre hijab habituel avec un jilbab, consid\u00e9rant que cette tenue correspond mieux \u00e0 votre \u00e9tat d\u2019esprit. N\u00e9anmoins, comme tout changement vous ne savez pas o\u00f9 commencer et vous vous demander quel jilbeb vous conviendra le mieux. En effet, en ce qui concerne le jilbab il existe aujourd\u2019hui plusieurs mod\u00e8les. Alors, entre le jilbab <strong>1 pi\u00e8ce<\/strong> et le <strong>Jilbeb 2 pi\u00e8ces<\/strong>, lequel choisir ?&nbsp;<\/p>\n\n\n\n<h2 class=\"wp-block-heading\">Quels sont les avantages du jilbab une pi\u00e8ce ?\u00a0<\/h2>\n\n\n\n<p>Vous qui \u00eates une femme musulmane active et dynamique et qui souhaitent gagner du temps au maximum, nous vous conseillons le jilbab 1 pi\u00e8ce. Facile \u00e0 enfiler, vous n\u2019aurez plus \u00e0 associer votre tenue au hijab que vous portez. Adoptez une tenue compl\u00e8te et mastour en un tour de main avec le jilbab 1 pi\u00e8ce et sa coupe large et fluide. Il s\u2019agit d\u2019une tenue confortable et pratique, vous n\u2019aurez pas de mal \u00e0 vous habituer \u00e0 cette nouvelle garde-robe. De plus, plus besoin de rechercher un v\u00eatement qui collera \u00e0 votre morphologie, le jilbab&nbsp;s\u2019adaptera parfaitement \u00e0 votre silhouette.&nbsp;<\/p>\n\n\n\n<h2 class=\"wp-block-heading\">Pourquoi choisir le jilbab deux pi\u00e8ces ?\u00a0<\/h2>\n\n\n\n<p>Le jilbab 2 pi\u00e8ces est parfait pour les femmes qui souhaitent avoir une certaine libert\u00e9 dans l\u2019association de ce v\u00eatement. Effectivement, compos\u00e9 d\u2019une longue cape et d\u2019une jupe longue, le jilbab 2 pi\u00e8ces \u00e0 la particularit\u00e9 de pouvoir se dissocier, ainsi vous avez la possibilit\u00e9 de pouvoir porter le haut d\u2019un jilbab avec le bas d\u2019un autre jilbab de couleurs diff\u00e9rentes. En outre, le jilbeb deux pi\u00e8ces existe en version jupe, mais \u00e9galement en version sarouel, c\u2019est parfait si vous souhaitez alterner vos tenues. En effet, \u00e0 l\u2019occasion d\u2019une journ\u00e9e productive, pr\u00e9conisez le jilbab compos\u00e9 d\u2019un <strong>sarouel<\/strong> avec lequel vous serez plus libre de vos mouvements. Il est \u00e9galement possible de choisir votre jilbab en fonction de ses&nbsp;manches. <strong>Manches papillon<\/strong>s, manches resserr\u00e9es ou <strong>manches \u00e9lastiques<\/strong>, choisissez la forme avec laquelle vous serez la plus \u00e0 l\u2019aise.&nbsp;<\/p>\n\n\n\n<p>En somme, qu\u2019il s\u2019agisse du jilbab 1 pi\u00e8ce ou 2 pi\u00e8ces, ce sont tous deux des tenues qui vous offrent la tenue parfaite qui respecte tous les codes de la <strong>tenue l\u00e9gif\u00e9r\u00e9e <\/strong>de la femme musulmane. Ainsi, plus besoin de changer de tenue pour effectuer votre <strong>pri\u00e8re<\/strong> car le jilbeb est la tenue parfaite pour vous pr\u00e9senter devant notre seigneur. Vous pouvez \u00e9galement vous v\u00eatir de votre jilbab afin de vous rendre \u00e0 la <strong>mosqu\u00e9e pendant le ramadan<\/strong>. Il est vrai que pendant le ramadan nous manquons souvent de temps entre la fin du repas et la pri\u00e8re de l\u2019isha. C&rsquo;est pour cette raison que le jilbab est tr\u00e8s pratique, car celui-ci s\u2019enfile rapidement, vous n\u2019aurez qu\u2019\u00e0 l\u2019enfiler et le nouer derri\u00e8re la nuque et le tour et jou\u00e9 !&nbsp;<\/p>\n\n\n\n<p><\/p>\n\n\n\n<div class=\"wp-block-columns is-layout-flex wp-container-core-columns-is-layout-1 wp-block-columns-is-layout-flex\">\n<div class=\"wp-block-column is-layout-flow wp-block-column-is-layout-flow\">\n<figure class=\"wp-block-embed is-type-wp-embed is-provider-neyssa-le-blog wp-block-embed-neyssa-le-blog\"><div class=\"wp-block-embed__wrapper\">\n<blockquote class=\"wp-embedded-content\" data-secret=\"sizW3qS8CN\"><a href=\"https:\/\/neyssa-shop.com\/blog\/quelle-est-la-difference-entre-un-khimar-et-un-jilbab\/\">Quelle est la diff\u00e9rence entre un Khimar et un Jilbab ?<\/a><\/blockquote><iframe class=\"wp-embedded-content\" sandbox=\"allow-scripts\" security=\"restricted\" style=\"position: absolute; clip: rect(1px, 1px, 1px, 1px);\" title=\"\u00ab\u00a0Quelle est la diff\u00e9rence entre un Khimar et un Jilbab ?\u00a0\u00bb &#8212; Neyssa le blog\" src=\"https:\/\/neyssa-shop.com\/blog\/quelle-est-la-difference-entre-un-khimar-et-un-jilbab\/embed\/#?secret=sizW3qS8CN\" data-secret=\"sizW3qS8CN\" width=\"600\" height=\"338\" frameborder=\"0\" marginwidth=\"0\" marginheight=\"0\" scrolling=\"no\"><\/iframe>\n<\/div><\/figure>\n<\/div>\n\n\n\n<div class=\"wp-block-column is-layout-flow wp-block-column-is-layout-flow\">\n<figure class=\"wp-block-embed is-type-wp-embed is-provider-neyssa-le-blog wp-block-embed-neyssa-le-blog\"><div class=\"wp-block-embed__wrapper\">\n<blockquote class=\"wp-embedded-content\" data-secret=\"txry1MlOOC\"><a href=\"https:\/\/neyssa-shop.com\/blog\/le-jilbab-un-indispensable-pour-la-femme-musulmane\/\">Le Jilbab un indispensable pour la femme musulmane<\/a><\/blockquote><iframe class=\"wp-embedded-content\" sandbox=\"allow-scripts\" security=\"restricted\" style=\"position: absolute; clip: rect(1px, 1px, 1px, 1px);\" title=\"\u00ab\u00a0Le Jilbab un indispensable pour la femme musulmane\u00a0\u00bb &#8212; Neyssa le blog\" src=\"https:\/\/neyssa-shop.com\/blog\/le-jilbab-un-indispensable-pour-la-femme-musulmane\/embed\/#?secret=txry1MlOOC\" data-secret=\"txry1MlOOC\" width=\"600\" height=\"338\" frameborder=\"0\" marginwidth=\"0\" marginheight=\"0\" scrolling=\"no\"><\/iframe>\n<\/div><\/figure>\n<\/div>\n\n\n\n<div class=\"wp-block-column is-layout-flow wp-block-column-is-layout-flow\">\n<figure class=\"wp-block-embed is-type-wp-embed is-provider-neyssa-le-blog wp-block-embed-neyssa-le-blog\"><div class=\"wp-block-embed__wrapper\">\n<blockquote class=\"wp-embedded-content\" data-secret=\"RaSwdCsEae\"><a href=\"https:\/\/neyssa-shop.com\/blog\/jilbab-bien-choisir\/\">Jilbab comment bien le choisir?<\/a><\/blockquote><iframe class=\"wp-embedded-content\" sandbox=\"allow-scripts\" security=\"restricted\" style=\"position: absolute; clip: rect(1px, 1px, 1px, 1px);\" title=\"\u00ab\u00a0Jilbab comment bien le choisir?\u00a0\u00bb &#8212; Neyssa le blog\" src=\"https:\/\/neyssa-shop.com\/blog\/jilbab-bien-choisir\/embed\/#?secret=RaSwdCsEae\" data-secret=\"RaSwdCsEae\" width=\"600\" height=\"338\" frameborder=\"0\" marginwidth=\"0\" marginheight=\"0\" scrolling=\"no\"><\/iframe>\n<\/div><\/figure>\n<\/div>\n<\/div>\n","protected":false},"excerpt":{"rendered":"<p>Vous \u00eates \u00e0 la recherche du jilbab femme qui vous conviendra le mieux ? Entre Jilbab 1 pi\u00e8ce ou 2 pi\u00e8ces vous ne savez pas lequel choisir ? Dans cet article on vous \u00e9claire sur le jilbab, la tenue de la femme musulmane et on vous fait d\u00e9couvrir toutes ses variantes !&nbsp; Apr\u00e8s une grande&#8230;<\/p>\n<p><a class=\"more-link\" href=\"https:\/\/neyssa-shop.com\/blog\/jilbab-1-ou-2-pieces\/\">En <em>savoir<\/em> plus<\/a><\/p>\n","protected":false},"author":9,"featured_media":5415,"parent":0,"menu_order":0,"comment_status":"closed","ping_status":"closed","template":"","meta":{"_genesis_hide_title":false,"_genesis_hide_breadcrumbs":false,"_genesis_hide_singular_image":false,"_genesis_hide_footer_widgets":false,"_genesis_custom_body_class":"","_genesis_custom_post_class":"","_genesis_layout":"","footnotes":""},"class_list":{"0":"post-5396","1":"page","2":"type-page","3":"status-publish","4":"has-post-thumbnail","6":"entry"},"yoast_head":"<!-- This site is optimized with the Yoast SEO plugin v26.8 - https:\/\/yoast.com\/product\/yoast-seo-wordpress\/ -->\n<title>Jilbab 1 ou 2 pi\u00e8ces lequel choisir?<\/title>\n<meta name=\"description\" content=\"Jilbab 1 ou 2 pi\u00e8ces lequel choisir? Neyssa vous accompagne dans le choix du jilbab qui vous conviendra le mieux.\" \/>\n<meta name=\"robots\" content=\"index, follow, max-snippet:-1, max-image-preview:large, max-video-preview:-1\" \/>\n<link rel=\"canonical\" href=\"https:\/\/neyssa-shop.com\/blog\/jilbab-1-ou-2-pieces\/\" \/>\n<meta property=\"og:locale\" content=\"fr_FR\" \/>\n<meta property=\"og:type\" content=\"article\" \/>\n<meta property=\"og:title\" content=\"Jilbab 1 ou 2 pi\u00e8ces lequel choisir?\" \/>\n<meta property=\"og:description\" content=\"Jilbab 1 ou 2 pi\u00e8ces lequel choisir? Neyssa vous accompagne dans le choix du jilbab qui vous conviendra le mieux.\" \/>\n<meta property=\"og:url\" content=\"https:\/\/neyssa-shop.com\/blog\/jilbab-1-ou-2-pieces\/\" \/>\n<meta property=\"og:site_name\" content=\"Neyssa le blog\" \/>\n<meta property=\"article:publisher\" content=\"https:\/\/www.facebook.com\/neyssashop\/\" \/>\n<meta property=\"article:modified_time\" content=\"2023-11-25T22:50:37+00:00\" \/>\n<meta property=\"og:image\" content=\"https:\/\/neyssa-shop.com\/blog\/wp-content\/uploads\/2022\/09\/Comparaison-jilbab-Copie.png\" \/>\n\t<meta property=\"og:image:width\" content=\"940\" \/>\n\t<meta property=\"og:image:height\" content=\"554\" \/>\n\t<meta property=\"og:image:type\" content=\"image\/png\" \/>\n<meta name=\"twitter:card\" content=\"summary_large_image\" \/>\n<meta name=\"twitter:site\" content=\"@neyssashop\" \/>\n<meta name=\"twitter:label1\" content=\"Dur\u00e9e de lecture estim\u00e9e\" \/>\n\t<meta name=\"twitter:data1\" content=\"3 minutes\" \/>\n<script type=\"application\/ld+json\" class=\"yoast-schema-graph\">{\"@context\":\"https:\/\/schema.org\",\"@graph\":[{\"@type\":\"WebPage\",\"@id\":\"https:\/\/neyssa-shop.com\/blog\/jilbab-1-ou-2-pieces\/\",\"url\":\"https:\/\/neyssa-shop.com\/blog\/jilbab-1-ou-2-pieces\/\",\"name\":\"Jilbab 1 ou 2 pi\u00e8ces lequel choisir?\",\"isPartOf\":{\"@id\":\"https:\/\/neyssa-shop.com\/blog\/#website\"},\"primaryImageOfPage\":{\"@id\":\"https:\/\/neyssa-shop.com\/blog\/jilbab-1-ou-2-pieces\/#primaryimage\"},\"image\":{\"@id\":\"https:\/\/neyssa-shop.com\/blog\/jilbab-1-ou-2-pieces\/#primaryimage\"},\"thumbnailUrl\":\"https:\/\/neyssa-shop.com\/blog\/wp-content\/uploads\/2022\/09\/Comparaison-jilbab-Copie.png\",\"datePublished\":\"2022-09-16T15:30:05+00:00\",\"dateModified\":\"2023-11-25T22:50:37+00:00\",\"description\":\"Jilbab 1 ou 2 pi\u00e8ces lequel choisir? Neyssa vous accompagne dans le choix du jilbab qui vous conviendra le mieux.\",\"breadcrumb\":{\"@id\":\"https:\/\/neyssa-shop.com\/blog\/jilbab-1-ou-2-pieces\/#breadcrumb\"},\"inLanguage\":\"fr-FR\",\"potentialAction\":[{\"@type\":\"ReadAction\",\"target\":[\"https:\/\/neyssa-shop.com\/blog\/jilbab-1-ou-2-pieces\/\"]}]},{\"@type\":\"ImageObject\",\"inLanguage\":\"fr-FR\",\"@id\":\"https:\/\/neyssa-shop.com\/blog\/jilbab-1-ou-2-pieces\/#primaryimage\",\"url\":\"https:\/\/neyssa-shop.com\/blog\/wp-content\/uploads\/2022\/09\/Comparaison-jilbab-Copie.png\",\"contentUrl\":\"https:\/\/neyssa-shop.com\/blog\/wp-content\/uploads\/2022\/09\/Comparaison-jilbab-Copie.png\",\"width\":940,\"height\":554},{\"@type\":\"BreadcrumbList\",\"@id\":\"https:\/\/neyssa-shop.com\/blog\/jilbab-1-ou-2-pieces\/#breadcrumb\",\"itemListElement\":[{\"@type\":\"ListItem\",\"position\":1,\"name\":\"Accueil\",\"item\":\"https:\/\/neyssa-shop.com\/blog\/\"},{\"@type\":\"ListItem\",\"position\":2,\"name\":\"Jilbab une ou deux pi\u00e8ces comment choisir?\"}]},{\"@type\":\"WebSite\",\"@id\":\"https:\/\/neyssa-shop.com\/blog\/#website\",\"url\":\"https:\/\/neyssa-shop.com\/blog\/\",\"name\":\"Neyssa le blog\",\"description\":\"Un blog d\u00e9di\u00e9 \u00e0 la femme musulmane\",\"publisher\":{\"@id\":\"https:\/\/neyssa-shop.com\/blog\/#organization\"},\"potentialAction\":[{\"@type\":\"SearchAction\",\"target\":{\"@type\":\"EntryPoint\",\"urlTemplate\":\"https:\/\/neyssa-shop.com\/blog\/?s={search_term_string}\"},\"query-input\":{\"@type\":\"PropertyValueSpecification\",\"valueRequired\":true,\"valueName\":\"search_term_string\"}}],\"inLanguage\":\"fr-FR\"},{\"@type\":\"Organization\",\"@id\":\"https:\/\/neyssa-shop.com\/blog\/#organization\",\"name\":\"Neyssa Shop\",\"url\":\"https:\/\/neyssa-shop.com\/blog\/\",\"logo\":{\"@type\":\"ImageObject\",\"inLanguage\":\"fr-FR\",\"@id\":\"https:\/\/neyssa-shop.com\/blog\/#\/schema\/logo\/image\/\",\"url\":\"https:\/\/neyssa-shop.com\/blog\/wp-content\/uploads\/2021\/03\/neyssa-boutique-logo-1610747292.jpg\",\"contentUrl\":\"https:\/\/neyssa-shop.com\/blog\/wp-content\/uploads\/2021\/03\/neyssa-boutique-logo-1610747292.jpg\",\"width\":271,\"height\":70,\"caption\":\"Neyssa Shop\"},\"image\":{\"@id\":\"https:\/\/neyssa-shop.com\/blog\/#\/schema\/logo\/image\/\"},\"sameAs\":[\"https:\/\/www.facebook.com\/neyssashop\/\",\"https:\/\/x.com\/neyssashop\",\"https:\/\/www.instagram.com\/neyssa_shop\/\",\"https:\/\/www.pinterest.fr\/neyssa_shop\/_created\/\",\"https:\/\/www.youtube.com\/channel\/UCkQ9s8jXTLi2yVzyeugVAMg\"]}]}<\/script>\n<!-- \/ Yoast SEO plugin. -->","yoast_head_json":{"title":"Jilbab 1 ou 2 pi\u00e8ces lequel choisir?","description":"Jilbab 1 ou 2 pi\u00e8ces lequel choisir? Neyssa vous accompagne dans le choix du jilbab qui vous conviendra le mieux.","robots":{"index":"index","follow":"follow","max-snippet":"max-snippet:-1","max-image-preview":"max-image-preview:large","max-video-preview":"max-video-preview:-1"},"canonical":"https:\/\/neyssa-shop.com\/blog\/jilbab-1-ou-2-pieces\/","og_locale":"fr_FR","og_type":"article","og_title":"Jilbab 1 ou 2 pi\u00e8ces lequel choisir?","og_description":"Jilbab 1 ou 2 pi\u00e8ces lequel choisir? Neyssa vous accompagne dans le choix du jilbab qui vous conviendra le mieux.","og_url":"https:\/\/neyssa-shop.com\/blog\/jilbab-1-ou-2-pieces\/","og_site_name":"Neyssa le blog","article_publisher":"https:\/\/www.facebook.com\/neyssashop\/","article_modified_time":"2023-11-25T22:50:37+00:00","og_image":[{"width":940,"height":554,"url":"https:\/\/neyssa-shop.com\/blog\/wp-content\/uploads\/2022\/09\/Comparaison-jilbab-Copie.png","type":"image\/png"}],"twitter_card":"summary_large_image","twitter_site":"@neyssashop","twitter_misc":{"Dur\u00e9e de lecture estim\u00e9e":"3 minutes"},"schema":{"@context":"https:\/\/schema.org","@graph":[{"@type":"WebPage","@id":"https:\/\/neyssa-shop.com\/blog\/jilbab-1-ou-2-pieces\/","url":"https:\/\/neyssa-shop.com\/blog\/jilbab-1-ou-2-pieces\/","name":"Jilbab 1 ou 2 pi\u00e8ces lequel choisir?","isPartOf":{"@id":"https:\/\/neyssa-shop.com\/blog\/#website"},"primaryImageOfPage":{"@id":"https:\/\/neyssa-shop.com\/blog\/jilbab-1-ou-2-pieces\/#primaryimage"},"image":{"@id":"https:\/\/neyssa-shop.com\/blog\/jilbab-1-ou-2-pieces\/#primaryimage"},"thumbnailUrl":"https:\/\/neyssa-shop.com\/blog\/wp-content\/uploads\/2022\/09\/Comparaison-jilbab-Copie.png","datePublished":"2022-09-16T15:30:05+00:00","dateModified":"2023-11-25T22:50:37+00:00","description":"Jilbab 1 ou 2 pi\u00e8ces lequel choisir? Neyssa vous accompagne dans le choix du jilbab qui vous conviendra le mieux.","breadcrumb":{"@id":"https:\/\/neyssa-shop.com\/blog\/jilbab-1-ou-2-pieces\/#breadcrumb"},"inLanguage":"fr-FR","potentialAction":[{"@type":"ReadAction","target":["https:\/\/neyssa-shop.com\/blog\/jilbab-1-ou-2-pieces\/"]}]},{"@type":"ImageObject","inLanguage":"fr-FR","@id":"https:\/\/neyssa-shop.com\/blog\/jilbab-1-ou-2-pieces\/#primaryimage","url":"https:\/\/neyssa-shop.com\/blog\/wp-content\/uploads\/2022\/09\/Comparaison-jilbab-Copie.png","contentUrl":"https:\/\/neyssa-shop.com\/blog\/wp-content\/uploads\/2022\/09\/Comparaison-jilbab-Copie.png","width":940,"height":554},{"@type":"BreadcrumbList","@id":"https:\/\/neyssa-shop.com\/blog\/jilbab-1-ou-2-pieces\/#breadcrumb","itemListElement":[{"@type":"ListItem","position":1,"name":"Accueil","item":"https:\/\/neyssa-shop.com\/blog\/"},{"@type":"ListItem","position":2,"name":"Jilbab une ou deux pi\u00e8ces comment choisir?"}]},{"@type":"WebSite","@id":"https:\/\/neyssa-shop.com\/blog\/#website","url":"https:\/\/neyssa-shop.com\/blog\/","name":"Neyssa le blog","description":"Un blog d\u00e9di\u00e9 \u00e0 la femme musulmane","publisher":{"@id":"https:\/\/neyssa-shop.com\/blog\/#organization"},"potentialAction":[{"@type":"SearchAction","target":{"@type":"EntryPoint","urlTemplate":"https:\/\/neyssa-shop.com\/blog\/?s={search_term_string}"},"query-input":{"@type":"PropertyValueSpecification","valueRequired":true,"valueName":"search_term_string"}}],"inLanguage":"fr-FR"},{"@type":"Organization","@id":"https:\/\/neyssa-shop.com\/blog\/#organization","name":"Neyssa Shop","url":"https:\/\/neyssa-shop.com\/blog\/","logo":{"@type":"ImageObject","inLanguage":"fr-FR","@id":"https:\/\/neyssa-shop.com\/blog\/#\/schema\/logo\/image\/","url":"https:\/\/neyssa-shop.com\/blog\/wp-content\/uploads\/2021\/03\/neyssa-boutique-logo-1610747292.jpg","contentUrl":"https:\/\/neyssa-shop.com\/blog\/wp-content\/uploads\/2021\/03\/neyssa-boutique-logo-1610747292.jpg","width":271,"height":70,"caption":"Neyssa Shop"},"image":{"@id":"https:\/\/neyssa-shop.com\/blog\/#\/schema\/logo\/image\/"},"sameAs":["https:\/\/www.facebook.com\/neyssashop\/","https:\/\/x.com\/neyssashop","https:\/\/www.instagram.com\/neyssa_shop\/","https:\/\/www.pinterest.fr\/neyssa_shop\/_created\/","https:\/\/www.youtube.com\/channel\/UCkQ9s8jXTLi2yVzyeugVAMg"]}]}},"_links":{"self":[{"href":"https:\/\/neyssa-shop.com\/blog\/wp-json\/wp\/v2\/pages\/5396","targetHints":{"allow":["GET"]}}],"collection":[{"href":"https:\/\/neyssa-shop.com\/blog\/wp-json\/wp\/v2\/pages"}],"about":[{"href":"https:\/\/neyssa-shop.com\/blog\/wp-json\/wp\/v2\/types\/page"}],"author":[{"embeddable":true,"href":"https:\/\/neyssa-shop.com\/blog\/wp-json\/wp\/v2\/users\/9"}],"replies":[{"embeddable":true,"href":"https:\/\/neyssa-shop.com\/blog\/wp-json\/wp\/v2\/comments?post=5396"}],"version-history":[{"count":8,"href":"https:\/\/neyssa-shop.com\/blog\/wp-json\/wp\/v2\/pages\/5396\/revisions"}],"predecessor-version":[{"id":6736,"href":"https:\/\/neyssa-shop.com\/blog\/wp-json\/wp\/v2\/pages\/5396\/revisions\/6736"}],"wp:featuredmedia":[{"embeddable":true,"href":"https:\/\/neyssa-shop.com\/blog\/wp-json\/wp\/v2\/media\/5415"}],"wp:attachment":[{"href":"https:\/\/neyssa-shop.com\/blog\/wp-json\/wp\/v2\/media?parent=5396"}],"curies":[{"name":"wp","href":"https:\/\/api.w.org\/{rel}","templated":true}]}}