{"id":5351,"date":"2022-09-18T11:52:48","date_gmt":"2022-09-18T09:52:48","guid":{"rendered":"https:\/\/neyssa-shop.com\/blog\/?page_id=5351"},"modified":"2022-11-14T16:52:10","modified_gmt":"2022-11-14T15:52:10","slug":"comment-repasser-son-jilbab","status":"publish","type":"page","link":"https:\/\/neyssa-shop.com\/blog\/comment-repasser-son-jilbab\/","title":{"rendered":"Comment repasser son Jilbab?"},"content":{"rendered":"\n<p>Vous portez le <strong><a href=\"https:\/\/neyssa-shop.com\/fr\/106-jilbab-pas-cher\">jilbab<\/a><\/strong> et vous \u00eates une perfectionniste ? Vous aimez que vos v\u00eatements soient parfaitement repass\u00e9s? Le jilbab est une pi\u00e8ce qui peut \u00eatre difficile \u00e0 repasser et lorsque l\u2019on s\u2019offre de nouvelles pi\u00e8ces, leur entretien ne passe pas au second plan.<\/p>\n\n\n\n<p>Dans cet article, on vous aide \u00e0 prendre soin de votre jilbab. Il est souvent difficile de savoir comment repasser ce genre de v\u00eatement qui n&rsquo;est pas souvent fourni avec une notice, c\u2019est pour cette raison que nous avons d\u00e9cid\u00e9 de vous aider !&nbsp;<\/p>\n\n\n\n<p>Dans un pr\u00e9c\u00e8dent article nous avons vu qu&rsquo;il \u00e9tait important de<strong> laver son jilbab \u00e0 l&rsquo;eau ti\u00e8de<\/strong> et de le laisser s\u00e9cher sur cintre. Cette technique vous facilitera grandement son repassage.<\/p>\n\n\n\n<h3 class=\"wp-block-heading\"><\/h3>\n\n\n\n<figure class=\"wp-block-image size-large\"><img fetchpriority=\"high\" decoding=\"async\" width=\"683\" height=\"1024\" src=\"https:\/\/neyssa-shop.com\/blog\/wp-content\/uploads\/2022\/09\/comment_repasser_son_jilbab-683x1024.jpg\" alt=\"\" class=\"wp-image-5432\" srcset=\"https:\/\/neyssa-shop.com\/blog\/wp-content\/uploads\/2022\/09\/comment_repasser_son_jilbab-683x1024.jpg 683w, https:\/\/neyssa-shop.com\/blog\/wp-content\/uploads\/2022\/09\/comment_repasser_son_jilbab-200x300.jpg 200w, https:\/\/neyssa-shop.com\/blog\/wp-content\/uploads\/2022\/09\/comment_repasser_son_jilbab-768x1152.jpg 768w, https:\/\/neyssa-shop.com\/blog\/wp-content\/uploads\/2022\/09\/comment_repasser_son_jilbab-1024x1536.jpg 1024w, https:\/\/neyssa-shop.com\/blog\/wp-content\/uploads\/2022\/09\/comment_repasser_son_jilbab-1365x2048.jpg 1365w, https:\/\/neyssa-shop.com\/blog\/wp-content\/uploads\/2022\/09\/comment_repasser_son_jilbab-750x1125.jpg 750w, https:\/\/neyssa-shop.com\/blog\/wp-content\/uploads\/2022\/09\/comment_repasser_son_jilbab.jpg 1600w\" sizes=\"(max-width: 683px) 100vw, 683px\" \/><\/figure>\n\n\n\n<div id=\"ez-toc-container\" class=\"ez-toc-v2_0_72 counter-hierarchy ez-toc-counter ez-toc-grey ez-toc-container-direction\">\n<label for=\"ez-toc-cssicon-toggle-item-69fa3548a9ebf\" class=\"ez-toc-cssicon-toggle-label\"><span class=\"\"><span class=\"eztoc-hide\" style=\"display:none;\">Toggle<\/span><span class=\"ez-toc-icon-toggle-span\"><svg style=\"fill: #999;color:#999\" xmlns=\"http:\/\/www.w3.org\/2000\/svg\" class=\"list-377408\" width=\"20px\" height=\"20px\" viewBox=\"0 0 24 24\" fill=\"none\"><path d=\"M6 6H4v2h2V6zm14 0H8v2h12V6zM4 11h2v2H4v-2zm16 0H8v2h12v-2zM4 16h2v2H4v-2zm16 0H8v2h12v-2z\" fill=\"currentColor\"><\/path><\/svg><svg style=\"fill: #999;color:#999\" class=\"arrow-unsorted-368013\" xmlns=\"http:\/\/www.w3.org\/2000\/svg\" width=\"10px\" height=\"10px\" viewBox=\"0 0 24 24\" version=\"1.2\" baseProfile=\"tiny\"><path d=\"M18.2 9.3l-6.2-6.3-6.2 6.3c-.2.2-.3.4-.3.7s.1.5.3.7c.2.2.4.3.7.3h11c.3 0 .5-.1.7-.3.2-.2.3-.5.3-.7s-.1-.5-.3-.7zM5.8 14.7l6.2 6.3 6.2-6.3c.2-.2.3-.5.3-.7s-.1-.5-.3-.7c-.2-.2-.4-.3-.7-.3h-11c-.3 0-.5.1-.7.3-.2.2-.3.5-.3.7s.1.5.3.7z\"\/><\/svg><\/span><\/span><\/label><input type=\"checkbox\"  id=\"ez-toc-cssicon-toggle-item-69fa3548a9ebf\"  aria-label=\"Toggle\" \/><nav><ul class='ez-toc-list ez-toc-list-level-1 ' ><li class='ez-toc-page-1 ez-toc-heading-level-2'><a class=\"ez-toc-link ez-toc-heading-1\" href=\"https:\/\/neyssa-shop.com\/blog\/comment-repasser-son-jilbab\/#Pour_le_jilbab_lentretien_du_tissu_est_primordial\" title=\"Pour le jilbab, l\u2019entretien du tissu est primordial !&nbsp;\">Pour le jilbab, l\u2019entretien du tissu est primordial !&nbsp;<\/a><ul class='ez-toc-list-level-3' ><li class='ez-toc-heading-level-3'><a class=\"ez-toc-link ez-toc-heading-2\" href=\"https:\/\/neyssa-shop.com\/blog\/comment-repasser-son-jilbab\/#Le_mode_vapeur_sera_votre_meilleur_ami_pour_un_tissu_lisse\" title=\"Le mode vapeur sera votre meilleur ami pour un tissu lisse.\">Le mode vapeur sera votre meilleur ami pour un tissu lisse.<\/a><\/li><li class='ez-toc-page-1 ez-toc-heading-level-3'><a class=\"ez-toc-link ez-toc-heading-3\" href=\"https:\/\/neyssa-shop.com\/blog\/comment-repasser-son-jilbab\/#Quel_tissu_choisir\" title=\"Quel tissu choisir ?&nbsp;\">Quel tissu choisir ?&nbsp;<\/a><\/li><\/ul><\/li><\/ul><\/nav><\/div>\n<h2 class=\"wp-block-heading\"><span class=\"ez-toc-section\" id=\"Pour_le_jilbab_lentretien_du_tissu_est_primordial\"><\/span>Pour le jilbab, l\u2019entretien du tissu est primordial !&nbsp;<span class=\"ez-toc-section-end\"><\/span><\/h2>\n\n\n\n<p>En effet, le jilbeb poss\u00e8de de grandes surfaces sans coutures et le fait que celles-ci soient chiffonn\u00e9es cela peut rapidement donner un aspect n\u00e9glig\u00e9 \u00e0 votre tenue. Le jilbeb, plus que n&rsquo;importe quel autre v\u00eatement doit \u00eatre parfaitement repass\u00e9 \u00e0 cause de ses grandes surfaces de tissu. <\/p>\n\n\n\n<p>De plus, le choix du fer est un facteur \u00e0 prendre en compte si on veut que notre jilbab soit parfaitement repass\u00e9 sans ab\u00eemer le tissu. N&rsquo;h\u00e9sitez pas \u00e0 investir dans un bon fer \u00e0 repasser \u00e0 centrale vapeur. C\u2019est un investissement \u00e0 long terme, car il s\u2019agit d\u2019un outil que vous utiliserez au quotidien et qui vous servira pendant des ann\u00e9es.&nbsp;<\/p>\n\n\n\n<p>En ce qui concerne la programmation de votre fer \u00e0 repasser, nous vous conseillons d\u2019utiliser le mode pour tissu d\u00e9licat afin de ne pas ab\u00eemer votre jilbab. Pour un r\u00e9sultat optimal, n\u2019h\u00e9sitez pas \u00e0 accrocher votre jilbab sur un cintre pour \u00e9viter les pliures que l\u2019on peut avoir lorsqu\u2019on r\u00e9alise un repassage \u00e0 plat.<\/p>\n\n\n\n<h3 class=\"wp-block-heading\"><span class=\"ez-toc-section\" id=\"Le_mode_vapeur_sera_votre_meilleur_ami_pour_un_tissu_lisse\"><\/span>Le mode vapeur sera votre meilleur ami pour un tissu lisse.<span class=\"ez-toc-section-end\"><\/span><\/h3>\n\n\n\n<p>Ainsi suspendu sur un cintre, le mode vapeur vous permettra d\u2019atteindre tous les recoins de votre jilbab. C\u2019est la m\u00e9thode parfaite pour ce genre de v\u00eatements qui poss\u00e8dent d\u2019aussi grandes surfaces de tissu. Attention, n\u2019utilisez pas l\u2019eau du robinet pour remplir votre fer \u00e0 repasser. En effet, l\u2019eau du robinet contient du calcaire qui risque de t\u00e2cher votre jilbab en mode vapeur. Ainsi, il faut absolument utiliser de l\u2019eau d\u00e9min\u00e9ralis\u00e9e qui \u00e0 long terme sera b\u00e9n\u00e9fique pour votre fer et qui l\u2019entretiendra.&nbsp;<\/p>\n\n\n\n<h3 class=\"wp-block-heading\"><span class=\"ez-toc-section\" id=\"Quel_tissu_choisir\"><\/span><strong>Quel tissu choisir ?<\/strong>&nbsp;<span class=\"ez-toc-section-end\"><\/span><\/h3>\n\n\n\n<p>Enfin utilisez des tissus de haute qualit\u00e9 vous permettrons de garder votre jilbab longtemps et en bon et due forme. De plus, si vous n\u2019\u00eates pas une adepte du repassage ou si vous souhaitez tout simplement gagner du temps. Le fait de choisir un tissu de bonne qualit\u00e9 vous permettra de sauter l\u2019\u00e9tape du repassage. Les tissus comme la soie de M\u00e9dine ou le tissu \u201cwoolpeach\u201d seront parfaits au quotidien !<\/p>\n\n\n\n<div class=\"wp-block-columns is-layout-flex wp-container-core-columns-is-layout-1 wp-block-columns-is-layout-flex\">\n<div class=\"wp-block-column is-layout-flow wp-block-column-is-layout-flow\">\n<figure class=\"wp-block-embed is-type-wp-embed is-provider-neyssa-le-blog wp-block-embed-neyssa-le-blog\"><div class=\"wp-block-embed__wrapper\">\n<blockquote class=\"wp-embedded-content\" data-secret=\"tIlNGZbXMo\"><a href=\"https:\/\/neyssa-shop.com\/blog\/comment-laver-son-jilbab\/\">Comment laver son jilbab ?<\/a><\/blockquote><iframe class=\"wp-embedded-content\" sandbox=\"allow-scripts\" security=\"restricted\" style=\"position: absolute; clip: rect(1px, 1px, 1px, 1px);\" title=\"\u00ab\u00a0Comment laver son jilbab ?\u00a0\u00bb &#8212; Neyssa le blog\" src=\"https:\/\/neyssa-shop.com\/blog\/comment-laver-son-jilbab\/embed\/#?secret=tIlNGZbXMo\" data-secret=\"tIlNGZbXMo\" width=\"600\" height=\"338\" frameborder=\"0\" marginwidth=\"0\" marginheight=\"0\" scrolling=\"no\"><\/iframe>\n<\/div><\/figure>\n<\/div>\n\n\n\n<div class=\"wp-block-column is-layout-flow wp-block-column-is-layout-flow\">\n<figure class=\"wp-block-embed is-type-wp-embed is-provider-neyssa-le-blog wp-block-embed-neyssa-le-blog\"><div class=\"wp-block-embed__wrapper\">\n<blockquote class=\"wp-embedded-content\" data-secret=\"VNp3cXgg34\"><a href=\"https:\/\/neyssa-shop.com\/blog\/jilbab-1-ou-2-pieces\/\">Jilbab 1 ou 2 pi\u00e8ces comment choisir?<\/a><\/blockquote><iframe class=\"wp-embedded-content\" sandbox=\"allow-scripts\" security=\"restricted\" style=\"position: absolute; clip: rect(1px, 1px, 1px, 1px);\" title=\"\u00ab\u00a0Jilbab 1 ou 2 pi\u00e8ces comment choisir?\u00a0\u00bb &#8212; Neyssa le blog\" src=\"https:\/\/neyssa-shop.com\/blog\/jilbab-1-ou-2-pieces\/embed\/#?secret=VNp3cXgg34\" data-secret=\"VNp3cXgg34\" width=\"600\" height=\"338\" frameborder=\"0\" marginwidth=\"0\" marginheight=\"0\" scrolling=\"no\"><\/iframe>\n<\/div><\/figure>\n<\/div>\n\n\n\n<div class=\"wp-block-column is-layout-flow wp-block-column-is-layout-flow\">\n<figure class=\"wp-block-embed is-type-wp-embed is-provider-neyssa-le-blog wp-block-embed-neyssa-le-blog\"><div class=\"wp-block-embed__wrapper\">\n<blockquote class=\"wp-embedded-content\" data-secret=\"HKzUNQHgS1\"><a href=\"https:\/\/neyssa-shop.com\/blog\/le-jilbab-un-indispensable-pour-la-femme-musulmane\/\">Le Jilbab un indispensable pour la femme musulmane<\/a><\/blockquote><iframe class=\"wp-embedded-content\" sandbox=\"allow-scripts\" security=\"restricted\" style=\"position: absolute; clip: rect(1px, 1px, 1px, 1px);\" title=\"\u00ab\u00a0Le Jilbab un indispensable pour la femme musulmane\u00a0\u00bb &#8212; Neyssa le blog\" src=\"https:\/\/neyssa-shop.com\/blog\/le-jilbab-un-indispensable-pour-la-femme-musulmane\/embed\/#?secret=HKzUNQHgS1\" data-secret=\"HKzUNQHgS1\" width=\"600\" height=\"338\" frameborder=\"0\" marginwidth=\"0\" marginheight=\"0\" scrolling=\"no\"><\/iframe>\n<\/div><\/figure>\n<\/div>\n<\/div>\n","protected":false},"excerpt":{"rendered":"<p>Vous portez le jilbab et vous \u00eates une perfectionniste ? Vous aimez que vos v\u00eatements soient parfaitement repass\u00e9s? Le jilbab est une pi\u00e8ce qui peut \u00eatre difficile \u00e0 repasser et lorsque l\u2019on s\u2019offre de nouvelles pi\u00e8ces, leur entretien ne passe pas au second plan. Dans cet article, on vous aide \u00e0 prendre soin de votre&#8230;<\/p>\n<p><a class=\"more-link\" href=\"https:\/\/neyssa-shop.com\/blog\/comment-repasser-son-jilbab\/\">En <em>savoir<\/em> plus<\/a><\/p>\n","protected":false},"author":1,"featured_media":5653,"parent":0,"menu_order":0,"comment_status":"closed","ping_status":"closed","template":"","meta":{"_genesis_hide_title":false,"_genesis_hide_breadcrumbs":false,"_genesis_hide_singular_image":false,"_genesis_hide_footer_widgets":false,"_genesis_custom_body_class":"","_genesis_custom_post_class":"","_genesis_layout":"","footnotes":""},"class_list":{"0":"post-5351","1":"page","2":"type-page","3":"status-publish","4":"has-post-thumbnail","6":"entry"},"yoast_head":"<!-- This site is optimized with the Yoast SEO plugin v26.8 - https:\/\/yoast.com\/product\/yoast-seo-wordpress\/ -->\n<title>Comment repasser son Jilbab?<\/title>\n<meta name=\"description\" content=\"Comment repasser son Jilbab? Neyssa vous donne ses pr\u00e9cieux conseils pour prendre soin de vos jilbab lors du repassage\" \/>\n<meta name=\"robots\" content=\"index, follow, max-snippet:-1, max-image-preview:large, max-video-preview:-1\" \/>\n<link rel=\"canonical\" href=\"https:\/\/neyssa-shop.com\/blog\/comment-repasser-son-jilbab\/\" \/>\n<meta property=\"og:locale\" content=\"fr_FR\" \/>\n<meta property=\"og:type\" content=\"article\" \/>\n<meta property=\"og:title\" content=\"Comment repasser son Jilbab?\" \/>\n<meta property=\"og:description\" content=\"Comment repasser son Jilbab? Neyssa vous donne ses pr\u00e9cieux conseils pour prendre soin de vos jilbab lors du repassage\" \/>\n<meta property=\"og:url\" content=\"https:\/\/neyssa-shop.com\/blog\/comment-repasser-son-jilbab\/\" \/>\n<meta property=\"og:site_name\" content=\"Neyssa le blog\" \/>\n<meta property=\"article:publisher\" content=\"https:\/\/www.facebook.com\/neyssashop\/\" \/>\n<meta property=\"article:modified_time\" content=\"2022-11-14T15:52:10+00:00\" \/>\n<meta property=\"og:image\" content=\"https:\/\/neyssa-shop.com\/blog\/wp-content\/uploads\/2022\/11\/defroisseur-lm44.png\" \/>\n\t<meta property=\"og:image:width\" content=\"682\" \/>\n\t<meta property=\"og:image:height\" content=\"882\" \/>\n\t<meta property=\"og:image:type\" content=\"image\/png\" \/>\n<meta name=\"twitter:card\" content=\"summary_large_image\" \/>\n<meta name=\"twitter:site\" content=\"@neyssashop\" \/>\n<meta name=\"twitter:label1\" content=\"Dur\u00e9e de lecture estim\u00e9e\" \/>\n\t<meta name=\"twitter:data1\" content=\"3 minutes\" \/>\n<script type=\"application\/ld+json\" class=\"yoast-schema-graph\">{\"@context\":\"https:\/\/schema.org\",\"@graph\":[{\"@type\":\"WebPage\",\"@id\":\"https:\/\/neyssa-shop.com\/blog\/comment-repasser-son-jilbab\/\",\"url\":\"https:\/\/neyssa-shop.com\/blog\/comment-repasser-son-jilbab\/\",\"name\":\"Comment repasser son Jilbab?\",\"isPartOf\":{\"@id\":\"https:\/\/neyssa-shop.com\/blog\/#website\"},\"primaryImageOfPage\":{\"@id\":\"https:\/\/neyssa-shop.com\/blog\/comment-repasser-son-jilbab\/#primaryimage\"},\"image\":{\"@id\":\"https:\/\/neyssa-shop.com\/blog\/comment-repasser-son-jilbab\/#primaryimage\"},\"thumbnailUrl\":\"https:\/\/neyssa-shop.com\/blog\/wp-content\/uploads\/2022\/11\/defroisseur-lm44.png\",\"datePublished\":\"2022-09-18T09:52:48+00:00\",\"dateModified\":\"2022-11-14T15:52:10+00:00\",\"description\":\"Comment repasser son Jilbab? Neyssa vous donne ses pr\u00e9cieux conseils pour prendre soin de vos jilbab lors du repassage\",\"breadcrumb\":{\"@id\":\"https:\/\/neyssa-shop.com\/blog\/comment-repasser-son-jilbab\/#breadcrumb\"},\"inLanguage\":\"fr-FR\",\"potentialAction\":[{\"@type\":\"ReadAction\",\"target\":[\"https:\/\/neyssa-shop.com\/blog\/comment-repasser-son-jilbab\/\"]}]},{\"@type\":\"ImageObject\",\"inLanguage\":\"fr-FR\",\"@id\":\"https:\/\/neyssa-shop.com\/blog\/comment-repasser-son-jilbab\/#primaryimage\",\"url\":\"https:\/\/neyssa-shop.com\/blog\/wp-content\/uploads\/2022\/11\/defroisseur-lm44.png\",\"contentUrl\":\"https:\/\/neyssa-shop.com\/blog\/wp-content\/uploads\/2022\/11\/defroisseur-lm44.png\",\"width\":682,\"height\":882,\"caption\":\"comment repasser son jibab\"},{\"@type\":\"BreadcrumbList\",\"@id\":\"https:\/\/neyssa-shop.com\/blog\/comment-repasser-son-jilbab\/#breadcrumb\",\"itemListElement\":[{\"@type\":\"ListItem\",\"position\":1,\"name\":\"Accueil\",\"item\":\"https:\/\/neyssa-shop.com\/blog\/\"},{\"@type\":\"ListItem\",\"position\":2,\"name\":\"Comment repasser son Jilbab?\"}]},{\"@type\":\"WebSite\",\"@id\":\"https:\/\/neyssa-shop.com\/blog\/#website\",\"url\":\"https:\/\/neyssa-shop.com\/blog\/\",\"name\":\"Neyssa le blog\",\"description\":\"Un blog d\u00e9di\u00e9 \u00e0 la femme musulmane\",\"publisher\":{\"@id\":\"https:\/\/neyssa-shop.com\/blog\/#organization\"},\"potentialAction\":[{\"@type\":\"SearchAction\",\"target\":{\"@type\":\"EntryPoint\",\"urlTemplate\":\"https:\/\/neyssa-shop.com\/blog\/?s={search_term_string}\"},\"query-input\":{\"@type\":\"PropertyValueSpecification\",\"valueRequired\":true,\"valueName\":\"search_term_string\"}}],\"inLanguage\":\"fr-FR\"},{\"@type\":\"Organization\",\"@id\":\"https:\/\/neyssa-shop.com\/blog\/#organization\",\"name\":\"Neyssa Shop\",\"url\":\"https:\/\/neyssa-shop.com\/blog\/\",\"logo\":{\"@type\":\"ImageObject\",\"inLanguage\":\"fr-FR\",\"@id\":\"https:\/\/neyssa-shop.com\/blog\/#\/schema\/logo\/image\/\",\"url\":\"https:\/\/neyssa-shop.com\/blog\/wp-content\/uploads\/2021\/03\/neyssa-boutique-logo-1610747292.jpg\",\"contentUrl\":\"https:\/\/neyssa-shop.com\/blog\/wp-content\/uploads\/2021\/03\/neyssa-boutique-logo-1610747292.jpg\",\"width\":271,\"height\":70,\"caption\":\"Neyssa Shop\"},\"image\":{\"@id\":\"https:\/\/neyssa-shop.com\/blog\/#\/schema\/logo\/image\/\"},\"sameAs\":[\"https:\/\/www.facebook.com\/neyssashop\/\",\"https:\/\/x.com\/neyssashop\",\"https:\/\/www.instagram.com\/neyssa_shop\/\",\"https:\/\/www.pinterest.fr\/neyssa_shop\/_created\/\",\"https:\/\/www.youtube.com\/channel\/UCkQ9s8jXTLi2yVzyeugVAMg\"]}]}<\/script>\n<!-- \/ Yoast SEO plugin. -->","yoast_head_json":{"title":"Comment repasser son Jilbab?","description":"Comment repasser son Jilbab? Neyssa vous donne ses pr\u00e9cieux conseils pour prendre soin de vos jilbab lors du repassage","robots":{"index":"index","follow":"follow","max-snippet":"max-snippet:-1","max-image-preview":"max-image-preview:large","max-video-preview":"max-video-preview:-1"},"canonical":"https:\/\/neyssa-shop.com\/blog\/comment-repasser-son-jilbab\/","og_locale":"fr_FR","og_type":"article","og_title":"Comment repasser son Jilbab?","og_description":"Comment repasser son Jilbab? Neyssa vous donne ses pr\u00e9cieux conseils pour prendre soin de vos jilbab lors du repassage","og_url":"https:\/\/neyssa-shop.com\/blog\/comment-repasser-son-jilbab\/","og_site_name":"Neyssa le blog","article_publisher":"https:\/\/www.facebook.com\/neyssashop\/","article_modified_time":"2022-11-14T15:52:10+00:00","og_image":[{"width":682,"height":882,"url":"https:\/\/neyssa-shop.com\/blog\/wp-content\/uploads\/2022\/11\/defroisseur-lm44.png","type":"image\/png"}],"twitter_card":"summary_large_image","twitter_site":"@neyssashop","twitter_misc":{"Dur\u00e9e de lecture estim\u00e9e":"3 minutes"},"schema":{"@context":"https:\/\/schema.org","@graph":[{"@type":"WebPage","@id":"https:\/\/neyssa-shop.com\/blog\/comment-repasser-son-jilbab\/","url":"https:\/\/neyssa-shop.com\/blog\/comment-repasser-son-jilbab\/","name":"Comment repasser son Jilbab?","isPartOf":{"@id":"https:\/\/neyssa-shop.com\/blog\/#website"},"primaryImageOfPage":{"@id":"https:\/\/neyssa-shop.com\/blog\/comment-repasser-son-jilbab\/#primaryimage"},"image":{"@id":"https:\/\/neyssa-shop.com\/blog\/comment-repasser-son-jilbab\/#primaryimage"},"thumbnailUrl":"https:\/\/neyssa-shop.com\/blog\/wp-content\/uploads\/2022\/11\/defroisseur-lm44.png","datePublished":"2022-09-18T09:52:48+00:00","dateModified":"2022-11-14T15:52:10+00:00","description":"Comment repasser son Jilbab? Neyssa vous donne ses pr\u00e9cieux conseils pour prendre soin de vos jilbab lors du repassage","breadcrumb":{"@id":"https:\/\/neyssa-shop.com\/blog\/comment-repasser-son-jilbab\/#breadcrumb"},"inLanguage":"fr-FR","potentialAction":[{"@type":"ReadAction","target":["https:\/\/neyssa-shop.com\/blog\/comment-repasser-son-jilbab\/"]}]},{"@type":"ImageObject","inLanguage":"fr-FR","@id":"https:\/\/neyssa-shop.com\/blog\/comment-repasser-son-jilbab\/#primaryimage","url":"https:\/\/neyssa-shop.com\/blog\/wp-content\/uploads\/2022\/11\/defroisseur-lm44.png","contentUrl":"https:\/\/neyssa-shop.com\/blog\/wp-content\/uploads\/2022\/11\/defroisseur-lm44.png","width":682,"height":882,"caption":"comment repasser son jibab"},{"@type":"BreadcrumbList","@id":"https:\/\/neyssa-shop.com\/blog\/comment-repasser-son-jilbab\/#breadcrumb","itemListElement":[{"@type":"ListItem","position":1,"name":"Accueil","item":"https:\/\/neyssa-shop.com\/blog\/"},{"@type":"ListItem","position":2,"name":"Comment repasser son Jilbab?"}]},{"@type":"WebSite","@id":"https:\/\/neyssa-shop.com\/blog\/#website","url":"https:\/\/neyssa-shop.com\/blog\/","name":"Neyssa le blog","description":"Un blog d\u00e9di\u00e9 \u00e0 la femme musulmane","publisher":{"@id":"https:\/\/neyssa-shop.com\/blog\/#organization"},"potentialAction":[{"@type":"SearchAction","target":{"@type":"EntryPoint","urlTemplate":"https:\/\/neyssa-shop.com\/blog\/?s={search_term_string}"},"query-input":{"@type":"PropertyValueSpecification","valueRequired":true,"valueName":"search_term_string"}}],"inLanguage":"fr-FR"},{"@type":"Organization","@id":"https:\/\/neyssa-shop.com\/blog\/#organization","name":"Neyssa Shop","url":"https:\/\/neyssa-shop.com\/blog\/","logo":{"@type":"ImageObject","inLanguage":"fr-FR","@id":"https:\/\/neyssa-shop.com\/blog\/#\/schema\/logo\/image\/","url":"https:\/\/neyssa-shop.com\/blog\/wp-content\/uploads\/2021\/03\/neyssa-boutique-logo-1610747292.jpg","contentUrl":"https:\/\/neyssa-shop.com\/blog\/wp-content\/uploads\/2021\/03\/neyssa-boutique-logo-1610747292.jpg","width":271,"height":70,"caption":"Neyssa Shop"},"image":{"@id":"https:\/\/neyssa-shop.com\/blog\/#\/schema\/logo\/image\/"},"sameAs":["https:\/\/www.facebook.com\/neyssashop\/","https:\/\/x.com\/neyssashop","https:\/\/www.instagram.com\/neyssa_shop\/","https:\/\/www.pinterest.fr\/neyssa_shop\/_created\/","https:\/\/www.youtube.com\/channel\/UCkQ9s8jXTLi2yVzyeugVAMg"]}]}},"_links":{"self":[{"href":"https:\/\/neyssa-shop.com\/blog\/wp-json\/wp\/v2\/pages\/5351","targetHints":{"allow":["GET"]}}],"collection":[{"href":"https:\/\/neyssa-shop.com\/blog\/wp-json\/wp\/v2\/pages"}],"about":[{"href":"https:\/\/neyssa-shop.com\/blog\/wp-json\/wp\/v2\/types\/page"}],"author":[{"embeddable":true,"href":"https:\/\/neyssa-shop.com\/blog\/wp-json\/wp\/v2\/users\/1"}],"replies":[{"embeddable":true,"href":"https:\/\/neyssa-shop.com\/blog\/wp-json\/wp\/v2\/comments?post=5351"}],"version-history":[{"count":4,"href":"https:\/\/neyssa-shop.com\/blog\/wp-json\/wp\/v2\/pages\/5351\/revisions"}],"predecessor-version":[{"id":5437,"href":"https:\/\/neyssa-shop.com\/blog\/wp-json\/wp\/v2\/pages\/5351\/revisions\/5437"}],"wp:featuredmedia":[{"embeddable":true,"href":"https:\/\/neyssa-shop.com\/blog\/wp-json\/wp\/v2\/media\/5653"}],"wp:attachment":[{"href":"https:\/\/neyssa-shop.com\/blog\/wp-json\/wp\/v2\/media?parent=5351"}],"curies":[{"name":"wp","href":"https:\/\/api.w.org\/{rel}","templated":true}]}}