{"id":5164,"date":"2022-07-15T17:05:34","date_gmt":"2022-07-15T15:05:34","guid":{"rendered":"https:\/\/neyssa-shop.com\/blog\/?page_id=5164"},"modified":"2022-08-10T16:41:23","modified_gmt":"2022-08-10T14:41:23","slug":"comment-entretenir-son-burkini","status":"publish","type":"page","link":"https:\/\/neyssa-shop.com\/blog\/comment-entretenir-son-burkini\/","title":{"rendered":"Comment entretenir son burkini ?"},"content":{"rendered":"\n<p>Neyssa vous donne quelques conseils pour garder votre <a href=\"https:\/\/neyssa-shop.com\/fr\/174-burkini\">burkini femme<\/a> en bon \u00e9tat longtemps. Nous faisons souvent l\u2019erreur de laisser tra\u00eener notre burkini enroul\u00e9 dans notre serviette de plage apr\u00e8s une longue journ\u00e9e \u00e0 la mer, or il y a certaines habitudes \u00e0 adopter pour le garder intact.<\/p>\n\n\n\n<div id=\"ez-toc-container\" class=\"ez-toc-v2_0_72 counter-hierarchy ez-toc-counter ez-toc-grey ez-toc-container-direction\">\n<label for=\"ez-toc-cssicon-toggle-item-69e6d125df7c5\" class=\"ez-toc-cssicon-toggle-label\"><span class=\"\"><span class=\"eztoc-hide\" style=\"display:none;\">Toggle<\/span><span class=\"ez-toc-icon-toggle-span\"><svg style=\"fill: #999;color:#999\" xmlns=\"http:\/\/www.w3.org\/2000\/svg\" class=\"list-377408\" width=\"20px\" height=\"20px\" viewBox=\"0 0 24 24\" fill=\"none\"><path d=\"M6 6H4v2h2V6zm14 0H8v2h12V6zM4 11h2v2H4v-2zm16 0H8v2h12v-2zM4 16h2v2H4v-2zm16 0H8v2h12v-2z\" fill=\"currentColor\"><\/path><\/svg><svg style=\"fill: #999;color:#999\" class=\"arrow-unsorted-368013\" xmlns=\"http:\/\/www.w3.org\/2000\/svg\" width=\"10px\" height=\"10px\" viewBox=\"0 0 24 24\" version=\"1.2\" baseProfile=\"tiny\"><path d=\"M18.2 9.3l-6.2-6.3-6.2 6.3c-.2.2-.3.4-.3.7s.1.5.3.7c.2.2.4.3.7.3h11c.3 0 .5-.1.7-.3.2-.2.3-.5.3-.7s-.1-.5-.3-.7zM5.8 14.7l6.2 6.3 6.2-6.3c.2-.2.3-.5.3-.7s-.1-.5-.3-.7c-.2-.2-.4-.3-.7-.3h-11c-.3 0-.5.1-.7.3-.2.2-.3.5-.3.7s.1.5.3.7z\"\/><\/svg><\/span><\/span><\/label><input type=\"checkbox\"  id=\"ez-toc-cssicon-toggle-item-69e6d125df7c5\"  aria-label=\"Toggle\" \/><nav><ul class='ez-toc-list ez-toc-list-level-1 ' ><li class='ez-toc-page-1 ez-toc-heading-level-2'><a class=\"ez-toc-link ez-toc-heading-1\" href=\"https:\/\/neyssa-shop.com\/blog\/comment-entretenir-son-burkini\/#Conseil_numero_1\" title=\"Conseil num\u00e9ro 1&nbsp;\">Conseil num\u00e9ro 1&nbsp;<\/a><\/li><li class='ez-toc-page-1 ez-toc-heading-level-2'><a class=\"ez-toc-link ez-toc-heading-2\" href=\"https:\/\/neyssa-shop.com\/blog\/comment-entretenir-son-burkini\/#Conseil_numero_2\" title=\"Conseil num\u00e9ro 2\">Conseil num\u00e9ro 2<\/a><\/li><li class='ez-toc-page-1 ez-toc-heading-level-2'><a class=\"ez-toc-link ez-toc-heading-3\" href=\"https:\/\/neyssa-shop.com\/blog\/comment-entretenir-son-burkini\/#Conseil_numero_3\" title=\"Conseil num\u00e9ro 3\">Conseil num\u00e9ro 3<\/a><\/li><li class='ez-toc-page-1 ez-toc-heading-level-2'><a class=\"ez-toc-link ez-toc-heading-4\" href=\"https:\/\/neyssa-shop.com\/blog\/comment-entretenir-son-burkini\/#Conseil_numero_4\" title=\"Conseil num\u00e9ro 4\">Conseil num\u00e9ro 4<\/a><\/li><li class='ez-toc-page-1 ez-toc-heading-level-2'><a class=\"ez-toc-link ez-toc-heading-5\" href=\"https:\/\/neyssa-shop.com\/blog\/comment-entretenir-son-burkini\/#Conseil_numero_5\" title=\"Conseil num\u00e9ro 5\">Conseil num\u00e9ro 5<\/a><\/li><\/ul><\/nav><\/div>\n<h2 class=\"wp-block-heading\"><span class=\"ez-toc-section\" id=\"Conseil_numero_1\"><\/span>Conseil num\u00e9ro 1&nbsp;<span class=\"ez-toc-section-end\"><\/span><\/h2>\n\n\n\n<p>Favorisez le<strong> lavage \u00e0 la main<\/strong>: le tissu du burkini est un tissu d\u00e9licat, un lavage trop agressif peut ab\u00eemer les fibres et les \u00e9lastiques du burkini. Il suffit simplement de frottez d\u00e9licatement votre burkini&nbsp; Vous pouvez utiliser le savon de Marseille qui est tr\u00e8s efficace !<\/p>\n\n\n\n<div class=\"wp-block-image\"><figure class=\"aligncenter size-large\"><a href=\"https:\/\/neyssa-shop.com\/fr\/174-burkini\"><img fetchpriority=\"high\" decoding=\"async\" width=\"683\" height=\"1024\" src=\"https:\/\/neyssa-shop.com\/blog\/wp-content\/uploads\/2022\/07\/Malaysia-683x1024.jpg\" alt=\"\" class=\"wp-image-5165\" srcset=\"https:\/\/neyssa-shop.com\/blog\/wp-content\/uploads\/2022\/07\/Malaysia-683x1024.jpg 683w, https:\/\/neyssa-shop.com\/blog\/wp-content\/uploads\/2022\/07\/Malaysia-200x300.jpg 200w, https:\/\/neyssa-shop.com\/blog\/wp-content\/uploads\/2022\/07\/Malaysia-768x1152.jpg 768w, https:\/\/neyssa-shop.com\/blog\/wp-content\/uploads\/2022\/07\/Malaysia-1024x1536.jpg 1024w, https:\/\/neyssa-shop.com\/blog\/wp-content\/uploads\/2022\/07\/Malaysia-750x1125.jpg 750w, https:\/\/neyssa-shop.com\/blog\/wp-content\/uploads\/2022\/07\/Malaysia.jpg 1080w\" sizes=\"(max-width: 683px) 100vw, 683px\" \/><\/a><\/figure><\/div>\n\n\n\n<h2 class=\"wp-block-heading\"><span class=\"ez-toc-section\" id=\"Conseil_numero_2\"><\/span>Conseil num\u00e9ro 2<span class=\"ez-toc-section-end\"><\/span><\/h2>\n\n\n\n<p>Choisir le programme de lavage d\u00e9licat : un cycle pour le linge d\u00e9licat avec un<strong> lavage \u00e0 froid ou \u00e0 30\u00b0 maximum<\/strong> et un essorage \u00e0 faible vitesse. \u00c9vitez \u00e9galement le lave linge, celui-ci ab\u00eeme les fibres du burkini.<\/p>\n\n\n\n<h2 class=\"wp-block-heading\"><span class=\"ez-toc-section\" id=\"Conseil_numero_3\"><\/span>Conseil num\u00e9ro 3<span class=\"ez-toc-section-end\"><\/span><\/h2>\n\n\n\n<p>Apr\u00e8s vous \u00eatre baign\u00e9, n&rsquo;h\u00e9sitez pas \u00e0<strong> rincer le burkini directement \u00e0 l&rsquo;eau claire.<\/strong> Le sel de l&rsquo;eau de mer ou le chlore de la piscine peuvent agresser le tissu du burkini.<\/p>\n\n\n\n<h2 class=\"wp-block-heading\"><span class=\"ez-toc-section\" id=\"Conseil_numero_4\"><\/span>Conseil num\u00e9ro 4<span class=\"ez-toc-section-end\"><\/span><\/h2>\n\n\n\n<p><strong>Ne pas laisser s\u00e9cher votre burkini au soleil<\/strong>, la couleur du burkini risque de d\u00e9gorger. Essorez-le bien et laissez-le s\u00e9cher \u00e0 l&rsquo;ombre.<\/p>\n\n\n\n<h2 class=\"wp-block-heading\"><span class=\"ez-toc-section\" id=\"Conseil_numero_5\"><\/span>Conseil num\u00e9ro 5<span class=\"ez-toc-section-end\"><\/span><\/h2>\n\n\n\n<p><strong>Ne pas utiliser le fer \u00e0 repasser<\/strong>: votre burkini n&rsquo;a pas besoin d&rsquo;\u00eatre repass\u00e9. Pour qu&rsquo;il soit parfaitement lisse, n&rsquo;h\u00e9sitez pas \u00e0 le s\u00e9cher \u00e0 plat.<\/p>\n\n\n\n<div class=\"wp-block-image\"><figure class=\"aligncenter size-large is-resized\"><img decoding=\"async\" src=\"https:\/\/neyssa-shop.com\/blog\/wp-content\/uploads\/2022\/08\/Conseils-pour-prendre-soin-de-votre-burkini-Epingle-Pinterest-1-080-x-1-920-576x1024.jpg\" alt=\"\" class=\"wp-image-5174\" width=\"618\" height=\"1099\" srcset=\"https:\/\/neyssa-shop.com\/blog\/wp-content\/uploads\/2022\/08\/Conseils-pour-prendre-soin-de-votre-burkini-Epingle-Pinterest-1-080-x-1-920-576x1024.jpg 576w, https:\/\/neyssa-shop.com\/blog\/wp-content\/uploads\/2022\/08\/Conseils-pour-prendre-soin-de-votre-burkini-Epingle-Pinterest-1-080-x-1-920-169x300.jpg 169w, https:\/\/neyssa-shop.com\/blog\/wp-content\/uploads\/2022\/08\/Conseils-pour-prendre-soin-de-votre-burkini-Epingle-Pinterest-1-080-x-1-920-768x1365.jpg 768w, https:\/\/neyssa-shop.com\/blog\/wp-content\/uploads\/2022\/08\/Conseils-pour-prendre-soin-de-votre-burkini-Epingle-Pinterest-1-080-x-1-920-864x1536.jpg 864w, https:\/\/neyssa-shop.com\/blog\/wp-content\/uploads\/2022\/08\/Conseils-pour-prendre-soin-de-votre-burkini-Epingle-Pinterest-1-080-x-1-920-750x1333.jpg 750w, https:\/\/neyssa-shop.com\/blog\/wp-content\/uploads\/2022\/08\/Conseils-pour-prendre-soin-de-votre-burkini-Epingle-Pinterest-1-080-x-1-920.jpg 1080w\" sizes=\"(max-width: 618px) 100vw, 618px\" \/><\/figure><\/div>\n\n\n\n<div class=\"wp-block-columns is-layout-flex wp-container-core-columns-is-layout-1 wp-block-columns-is-layout-flex\">\n<div class=\"wp-block-column is-layout-flow wp-block-column-is-layout-flow\">\n<figure class=\"wp-block-embed is-type-wp-embed is-provider-neyssa-le-blog wp-block-embed-neyssa-le-blog\"><div class=\"wp-block-embed__wrapper\">\n<blockquote class=\"wp-embedded-content\" data-secret=\"wJvmMyGojS\"><a href=\"https:\/\/neyssa-shop.com\/blog\/prix-dun-burkini-pour-femme-musulmane\/\">Prix d&rsquo;un burkini pour femme musulmane<\/a><\/blockquote><iframe class=\"wp-embedded-content\" sandbox=\"allow-scripts\" security=\"restricted\" style=\"position: absolute; clip: rect(1px, 1px, 1px, 1px);\" title=\"\u00ab\u00a0Prix d&rsquo;un burkini pour femme musulmane\u00a0\u00bb &#8212; Neyssa le blog\" src=\"https:\/\/neyssa-shop.com\/blog\/prix-dun-burkini-pour-femme-musulmane\/embed\/#?secret=wJvmMyGojS\" data-secret=\"wJvmMyGojS\" width=\"600\" height=\"338\" frameborder=\"0\" marginwidth=\"0\" marginheight=\"0\" scrolling=\"no\"><\/iframe>\n<\/div><\/figure>\n<\/div>\n\n\n\n<div class=\"wp-block-column is-layout-flow wp-block-column-is-layout-flow\">\n<figure class=\"wp-block-embed is-type-wp-embed is-provider-neyssa-le-blog wp-block-embed-neyssa-le-blog\"><div class=\"wp-block-embed__wrapper\">\n<blockquote class=\"wp-embedded-content\" data-secret=\"OT5F5umwWR\"><a href=\"https:\/\/neyssa-shop.com\/blog\/comment-porter-le-burkini\/\">Comment porter le burkini ?<\/a><\/blockquote><iframe class=\"wp-embedded-content\" sandbox=\"allow-scripts\" security=\"restricted\" style=\"position: absolute; clip: rect(1px, 1px, 1px, 1px);\" title=\"\u00ab\u00a0Comment porter le burkini ?\u00a0\u00bb &#8212; Neyssa le blog\" src=\"https:\/\/neyssa-shop.com\/blog\/comment-porter-le-burkini\/embed\/#?secret=OT5F5umwWR\" data-secret=\"OT5F5umwWR\" width=\"600\" height=\"338\" frameborder=\"0\" marginwidth=\"0\" marginheight=\"0\" scrolling=\"no\"><\/iframe>\n<\/div><\/figure>\n<\/div>\n<\/div>\n","protected":false},"excerpt":{"rendered":"<p>Neyssa vous donne quelques conseils pour garder votre burkini femme en bon \u00e9tat longtemps. Nous faisons souvent l\u2019erreur de laisser tra\u00eener notre burkini enroul\u00e9 dans notre serviette de plage apr\u00e8s une longue journ\u00e9e \u00e0 la mer, or il y a certaines habitudes \u00e0 adopter pour le garder intact. Conseil num\u00e9ro 1&nbsp; Favorisez le lavage \u00e0&#8230;<\/p>\n<p><a class=\"more-link\" href=\"https:\/\/neyssa-shop.com\/blog\/comment-entretenir-son-burkini\/\">En <em>savoir<\/em> plus<\/a><\/p>\n","protected":false},"author":9,"featured_media":0,"parent":0,"menu_order":0,"comment_status":"closed","ping_status":"closed","template":"","meta":{"_genesis_hide_title":false,"_genesis_hide_breadcrumbs":false,"_genesis_hide_singular_image":false,"_genesis_hide_footer_widgets":false,"_genesis_custom_body_class":"","_genesis_custom_post_class":"","_genesis_layout":"","footnotes":""},"class_list":{"0":"post-5164","1":"page","2":"type-page","3":"status-publish","5":"entry"},"yoast_head":"<!-- This site is optimized with the Yoast SEO plugin v26.8 - https:\/\/yoast.com\/product\/yoast-seo-wordpress\/ -->\n<title>Comment entretenir son burkini<\/title>\n<meta name=\"description\" content=\"Neyssa vous donne ses pr\u00e9cieux conseils pour entretenir vos burkini et les garder le plus longtemps possible.\" \/>\n<meta name=\"robots\" content=\"index, follow, max-snippet:-1, max-image-preview:large, max-video-preview:-1\" \/>\n<link rel=\"canonical\" href=\"https:\/\/neyssa-shop.com\/blog\/comment-entretenir-son-burkini\/\" \/>\n<meta property=\"og:locale\" content=\"fr_FR\" \/>\n<meta property=\"og:type\" content=\"article\" \/>\n<meta property=\"og:title\" content=\"Comment entretenir son burkini\" \/>\n<meta property=\"og:description\" content=\"Neyssa vous donne ses pr\u00e9cieux conseils pour entretenir vos burkini et les garder le plus longtemps possible.\" \/>\n<meta property=\"og:url\" content=\"https:\/\/neyssa-shop.com\/blog\/comment-entretenir-son-burkini\/\" \/>\n<meta property=\"og:site_name\" content=\"Neyssa le blog\" \/>\n<meta property=\"article:publisher\" content=\"https:\/\/www.facebook.com\/neyssashop\/\" \/>\n<meta property=\"article:modified_time\" content=\"2022-08-10T14:41:23+00:00\" \/>\n<meta property=\"og:image\" content=\"https:\/\/neyssa-shop.com\/blog\/wp-content\/uploads\/2022\/07\/Malaysia-683x1024.jpg\" \/>\n<meta name=\"twitter:card\" content=\"summary_large_image\" \/>\n<meta name=\"twitter:site\" content=\"@neyssashop\" \/>\n<meta name=\"twitter:label1\" content=\"Dur\u00e9e de lecture estim\u00e9e\" \/>\n\t<meta name=\"twitter:data1\" content=\"1 minute\" \/>\n<script type=\"application\/ld+json\" class=\"yoast-schema-graph\">{\"@context\":\"https:\/\/schema.org\",\"@graph\":[{\"@type\":\"WebPage\",\"@id\":\"https:\/\/neyssa-shop.com\/blog\/comment-entretenir-son-burkini\/\",\"url\":\"https:\/\/neyssa-shop.com\/blog\/comment-entretenir-son-burkini\/\",\"name\":\"Comment entretenir son burkini\",\"isPartOf\":{\"@id\":\"https:\/\/neyssa-shop.com\/blog\/#website\"},\"primaryImageOfPage\":{\"@id\":\"https:\/\/neyssa-shop.com\/blog\/comment-entretenir-son-burkini\/#primaryimage\"},\"image\":{\"@id\":\"https:\/\/neyssa-shop.com\/blog\/comment-entretenir-son-burkini\/#primaryimage\"},\"thumbnailUrl\":\"https:\/\/neyssa-shop.com\/blog\/wp-content\/uploads\/2022\/07\/Malaysia-683x1024.jpg\",\"datePublished\":\"2022-07-15T15:05:34+00:00\",\"dateModified\":\"2022-08-10T14:41:23+00:00\",\"description\":\"Neyssa vous donne ses pr\u00e9cieux conseils pour entretenir vos burkini et les garder le plus longtemps possible.\",\"breadcrumb\":{\"@id\":\"https:\/\/neyssa-shop.com\/blog\/comment-entretenir-son-burkini\/#breadcrumb\"},\"inLanguage\":\"fr-FR\",\"potentialAction\":[{\"@type\":\"ReadAction\",\"target\":[\"https:\/\/neyssa-shop.com\/blog\/comment-entretenir-son-burkini\/\"]}]},{\"@type\":\"ImageObject\",\"inLanguage\":\"fr-FR\",\"@id\":\"https:\/\/neyssa-shop.com\/blog\/comment-entretenir-son-burkini\/#primaryimage\",\"url\":\"https:\/\/neyssa-shop.com\/blog\/wp-content\/uploads\/2022\/07\/Malaysia.jpg\",\"contentUrl\":\"https:\/\/neyssa-shop.com\/blog\/wp-content\/uploads\/2022\/07\/Malaysia.jpg\",\"width\":1080,\"height\":1620},{\"@type\":\"BreadcrumbList\",\"@id\":\"https:\/\/neyssa-shop.com\/blog\/comment-entretenir-son-burkini\/#breadcrumb\",\"itemListElement\":[{\"@type\":\"ListItem\",\"position\":1,\"name\":\"Accueil\",\"item\":\"https:\/\/neyssa-shop.com\/blog\/\"},{\"@type\":\"ListItem\",\"position\":2,\"name\":\"Comment entretenir son burkini ?\"}]},{\"@type\":\"WebSite\",\"@id\":\"https:\/\/neyssa-shop.com\/blog\/#website\",\"url\":\"https:\/\/neyssa-shop.com\/blog\/\",\"name\":\"Neyssa le blog\",\"description\":\"Un blog d\u00e9di\u00e9 \u00e0 la femme musulmane\",\"publisher\":{\"@id\":\"https:\/\/neyssa-shop.com\/blog\/#organization\"},\"potentialAction\":[{\"@type\":\"SearchAction\",\"target\":{\"@type\":\"EntryPoint\",\"urlTemplate\":\"https:\/\/neyssa-shop.com\/blog\/?s={search_term_string}\"},\"query-input\":{\"@type\":\"PropertyValueSpecification\",\"valueRequired\":true,\"valueName\":\"search_term_string\"}}],\"inLanguage\":\"fr-FR\"},{\"@type\":\"Organization\",\"@id\":\"https:\/\/neyssa-shop.com\/blog\/#organization\",\"name\":\"Neyssa Shop\",\"url\":\"https:\/\/neyssa-shop.com\/blog\/\",\"logo\":{\"@type\":\"ImageObject\",\"inLanguage\":\"fr-FR\",\"@id\":\"https:\/\/neyssa-shop.com\/blog\/#\/schema\/logo\/image\/\",\"url\":\"https:\/\/neyssa-shop.com\/blog\/wp-content\/uploads\/2021\/03\/neyssa-boutique-logo-1610747292.jpg\",\"contentUrl\":\"https:\/\/neyssa-shop.com\/blog\/wp-content\/uploads\/2021\/03\/neyssa-boutique-logo-1610747292.jpg\",\"width\":271,\"height\":70,\"caption\":\"Neyssa Shop\"},\"image\":{\"@id\":\"https:\/\/neyssa-shop.com\/blog\/#\/schema\/logo\/image\/\"},\"sameAs\":[\"https:\/\/www.facebook.com\/neyssashop\/\",\"https:\/\/x.com\/neyssashop\",\"https:\/\/www.instagram.com\/neyssa_shop\/\",\"https:\/\/www.pinterest.fr\/neyssa_shop\/_created\/\",\"https:\/\/www.youtube.com\/channel\/UCkQ9s8jXTLi2yVzyeugVAMg\"]}]}<\/script>\n<!-- \/ Yoast SEO plugin. -->","yoast_head_json":{"title":"Comment entretenir son burkini","description":"Neyssa vous donne ses pr\u00e9cieux conseils pour entretenir vos burkini et les garder le plus longtemps possible.","robots":{"index":"index","follow":"follow","max-snippet":"max-snippet:-1","max-image-preview":"max-image-preview:large","max-video-preview":"max-video-preview:-1"},"canonical":"https:\/\/neyssa-shop.com\/blog\/comment-entretenir-son-burkini\/","og_locale":"fr_FR","og_type":"article","og_title":"Comment entretenir son burkini","og_description":"Neyssa vous donne ses pr\u00e9cieux conseils pour entretenir vos burkini et les garder le plus longtemps possible.","og_url":"https:\/\/neyssa-shop.com\/blog\/comment-entretenir-son-burkini\/","og_site_name":"Neyssa le blog","article_publisher":"https:\/\/www.facebook.com\/neyssashop\/","article_modified_time":"2022-08-10T14:41:23+00:00","og_image":[{"url":"https:\/\/neyssa-shop.com\/blog\/wp-content\/uploads\/2022\/07\/Malaysia-683x1024.jpg","type":"","width":"","height":""}],"twitter_card":"summary_large_image","twitter_site":"@neyssashop","twitter_misc":{"Dur\u00e9e de lecture estim\u00e9e":"1 minute"},"schema":{"@context":"https:\/\/schema.org","@graph":[{"@type":"WebPage","@id":"https:\/\/neyssa-shop.com\/blog\/comment-entretenir-son-burkini\/","url":"https:\/\/neyssa-shop.com\/blog\/comment-entretenir-son-burkini\/","name":"Comment entretenir son burkini","isPartOf":{"@id":"https:\/\/neyssa-shop.com\/blog\/#website"},"primaryImageOfPage":{"@id":"https:\/\/neyssa-shop.com\/blog\/comment-entretenir-son-burkini\/#primaryimage"},"image":{"@id":"https:\/\/neyssa-shop.com\/blog\/comment-entretenir-son-burkini\/#primaryimage"},"thumbnailUrl":"https:\/\/neyssa-shop.com\/blog\/wp-content\/uploads\/2022\/07\/Malaysia-683x1024.jpg","datePublished":"2022-07-15T15:05:34+00:00","dateModified":"2022-08-10T14:41:23+00:00","description":"Neyssa vous donne ses pr\u00e9cieux conseils pour entretenir vos burkini et les garder le plus longtemps possible.","breadcrumb":{"@id":"https:\/\/neyssa-shop.com\/blog\/comment-entretenir-son-burkini\/#breadcrumb"},"inLanguage":"fr-FR","potentialAction":[{"@type":"ReadAction","target":["https:\/\/neyssa-shop.com\/blog\/comment-entretenir-son-burkini\/"]}]},{"@type":"ImageObject","inLanguage":"fr-FR","@id":"https:\/\/neyssa-shop.com\/blog\/comment-entretenir-son-burkini\/#primaryimage","url":"https:\/\/neyssa-shop.com\/blog\/wp-content\/uploads\/2022\/07\/Malaysia.jpg","contentUrl":"https:\/\/neyssa-shop.com\/blog\/wp-content\/uploads\/2022\/07\/Malaysia.jpg","width":1080,"height":1620},{"@type":"BreadcrumbList","@id":"https:\/\/neyssa-shop.com\/blog\/comment-entretenir-son-burkini\/#breadcrumb","itemListElement":[{"@type":"ListItem","position":1,"name":"Accueil","item":"https:\/\/neyssa-shop.com\/blog\/"},{"@type":"ListItem","position":2,"name":"Comment entretenir son burkini ?"}]},{"@type":"WebSite","@id":"https:\/\/neyssa-shop.com\/blog\/#website","url":"https:\/\/neyssa-shop.com\/blog\/","name":"Neyssa le blog","description":"Un blog d\u00e9di\u00e9 \u00e0 la femme musulmane","publisher":{"@id":"https:\/\/neyssa-shop.com\/blog\/#organization"},"potentialAction":[{"@type":"SearchAction","target":{"@type":"EntryPoint","urlTemplate":"https:\/\/neyssa-shop.com\/blog\/?s={search_term_string}"},"query-input":{"@type":"PropertyValueSpecification","valueRequired":true,"valueName":"search_term_string"}}],"inLanguage":"fr-FR"},{"@type":"Organization","@id":"https:\/\/neyssa-shop.com\/blog\/#organization","name":"Neyssa Shop","url":"https:\/\/neyssa-shop.com\/blog\/","logo":{"@type":"ImageObject","inLanguage":"fr-FR","@id":"https:\/\/neyssa-shop.com\/blog\/#\/schema\/logo\/image\/","url":"https:\/\/neyssa-shop.com\/blog\/wp-content\/uploads\/2021\/03\/neyssa-boutique-logo-1610747292.jpg","contentUrl":"https:\/\/neyssa-shop.com\/blog\/wp-content\/uploads\/2021\/03\/neyssa-boutique-logo-1610747292.jpg","width":271,"height":70,"caption":"Neyssa Shop"},"image":{"@id":"https:\/\/neyssa-shop.com\/blog\/#\/schema\/logo\/image\/"},"sameAs":["https:\/\/www.facebook.com\/neyssashop\/","https:\/\/x.com\/neyssashop","https:\/\/www.instagram.com\/neyssa_shop\/","https:\/\/www.pinterest.fr\/neyssa_shop\/_created\/","https:\/\/www.youtube.com\/channel\/UCkQ9s8jXTLi2yVzyeugVAMg"]}]}},"_links":{"self":[{"href":"https:\/\/neyssa-shop.com\/blog\/wp-json\/wp\/v2\/pages\/5164","targetHints":{"allow":["GET"]}}],"collection":[{"href":"https:\/\/neyssa-shop.com\/blog\/wp-json\/wp\/v2\/pages"}],"about":[{"href":"https:\/\/neyssa-shop.com\/blog\/wp-json\/wp\/v2\/types\/page"}],"author":[{"embeddable":true,"href":"https:\/\/neyssa-shop.com\/blog\/wp-json\/wp\/v2\/users\/9"}],"replies":[{"embeddable":true,"href":"https:\/\/neyssa-shop.com\/blog\/wp-json\/wp\/v2\/comments?post=5164"}],"version-history":[{"count":6,"href":"https:\/\/neyssa-shop.com\/blog\/wp-json\/wp\/v2\/pages\/5164\/revisions"}],"predecessor-version":[{"id":5176,"href":"https:\/\/neyssa-shop.com\/blog\/wp-json\/wp\/v2\/pages\/5164\/revisions\/5176"}],"wp:attachment":[{"href":"https:\/\/neyssa-shop.com\/blog\/wp-json\/wp\/v2\/media?parent=5164"}],"curies":[{"name":"wp","href":"https:\/\/api.w.org\/{rel}","templated":true}]}}