{"id":4848,"date":"2022-05-18T13:31:57","date_gmt":"2022-05-18T11:31:57","guid":{"rendered":"https:\/\/neyssa-shop.com\/blog\/?page_id=4848"},"modified":"2023-02-15T04:28:57","modified_gmt":"2023-02-15T03:28:57","slug":"invocation-pour-une-naissance","status":"publish","type":"page","link":"https:\/\/neyssa-shop.com\/blog\/invocation-pour-une-naissance\/","title":{"rendered":"Invocation pour une naissance"},"content":{"rendered":"\n<figure class=\"wp-block-image size-large\"><img fetchpriority=\"high\" decoding=\"async\" width=\"1024\" height=\"640\" src=\"https:\/\/neyssa-shop.com\/blog\/wp-content\/uploads\/2022\/05\/invocation-naissance-1024x640.webp\" alt=\"\" class=\"wp-image-4849\" srcset=\"https:\/\/neyssa-shop.com\/blog\/wp-content\/uploads\/2022\/05\/invocation-naissance-1024x640.webp 1024w, https:\/\/neyssa-shop.com\/blog\/wp-content\/uploads\/2022\/05\/invocation-naissance-300x188.webp 300w, https:\/\/neyssa-shop.com\/blog\/wp-content\/uploads\/2022\/05\/invocation-naissance-768x480.webp 768w, https:\/\/neyssa-shop.com\/blog\/wp-content\/uploads\/2022\/05\/invocation-naissance-750x469.webp 750w, https:\/\/neyssa-shop.com\/blog\/wp-content\/uploads\/2022\/05\/invocation-naissance.webp 1440w\" sizes=\"(max-width: 1024px) 100vw, 1024px\" \/><\/figure>\n\n\n\n<p><\/p>\n\n\n\n<h2 class=\"wp-block-heading\">Comment souhaitez la bienvenue d&rsquo;un b\u00e9b\u00e9 en islam?<\/h2>\n\n\n\n<p>Voici l&rsquo;invocation a dire aux nouveaux parents.<\/p>\n\n\n\n<p>Qu\u2019Allah b\u00e9nisse ce qu\u2019Il t\u2019a accord\u00e9 et puisses-tu \u00eatre reconnaissant envers Celui qui te l\u2019a accord\u00e9. Puisse-t-il (cet enfant) atteindre sa pleine maturit\u00e9 et qu\u2019Allah lui accorde le bon comportement envers toi.<\/p>\n\n\n\n<p><\/p>\n\n\n\n<p>\u0628\u064e\u0627\u0631\u064e\u0643\u064e \u0627\u0644\u0644\u0651\u064e\u0647\u064f \u0644\u064e\u0643\u064e \u0641\u0650\u064a \u0627\u0644\u0645\u064e\u0648\u0652\u0647\u064f\u0648\u0628\u0650 \u0644\u064e\u0643\u064e\u060c \u0648\u064e\u0634\u064e\u0643\u064e\u0631\u0652\u062a\u064e \u0627\u0644\u0648\u064e\u0627\u0647\u0650\u0628\u064e\u060c \u0648\u0628\u064e\u0644\u064e\u063a\u064e \u0623\u0634\u064f\u062f\u0651\u064e\u0647\u064f\u060c \u0648\u064e\u0631\u064f\u0632\u0650\u0642\u0652\u062a\u064e \u0628\u0650\u0631\u0651\u064e\u0647\u064f<\/p>\n\n\n\n<p><\/p>\n\n\n\n<p><strong>Source :<\/strong> Rapport\u00e9 par An-Nawawi dans son livre Al Adhk\u00e2r 349.<\/p>\n\n\n\n<p><\/p>\n\n\n\n<p><\/p>\n\n\n\n<h2 class=\"wp-block-heading\">Que r\u00e9pondre quand on nous f\u00e9licite d&rsquo;une naissance<\/h2>\n\n\n\n<p>Celui qui re\u00e7oit les f\u00e9licitations r\u00e9pond : Qu\u2019Allah te b\u00e9nisse tout ce qu\u2019Il t\u2019a accord\u00e9 ! Qu\u2019Allah te r\u00e9compense par Ses gr\u00e2ces, t\u2019accorde un nouveau-n\u00e9 comme le mien et te donne une r\u00e9tribution abondante.<\/p>\n\n\n\n<p>\u0628\u064e\u0627\u0631\u064e\u0643\u064e \u0627\u0644\u0644\u064e\u0651\u0647\u064f \u0644\u064e\u0643\u064e\u060c \u0648\u0628\u064e\u0627\u0631\u064e\u0643\u064e \u0639\u064e\u0644\u064e\u064a\u0652\u0643\u064e\u060c \u0648\u062c\u064e\u0632\u064e\u0627\u0643\u064e \u0627\u0644\u0644\u064e\u0651\u0647\u064f \u062e\u064e\u064a\u0652\u0631\u0627\u064b\u060c \u0648\u0631\u064e\u0632\u064e\u0642\u064e\u0643\u064e \u0627\u0644\u0644\u064e\u0651\u0647\u064f \u0645\u0650\u062b\u0652\u0644\u064e\u0647\u064f\u060c \u0648\u0623\u062c\u0652\u0632\u064e\u0644\u064e \u062b\u064e\u0648\u064e\u0627\u0628\u064e\u0643\u064e<\/p>\n\n\n\n<p><\/p>\n\n\n\n<p><strong>Source :<\/strong> Rapport\u00e9 par An-Nawawi dans son livre Al Adhk\u00e2r 349.<\/p>\n\n\n\n<figure class=\"wp-block-pullquote\"><blockquote><p><a href=\"https:\/\/neyssa-shop.com\/fr\/261-robe-de-priere\" target=\"_blank\" rel=\"noreferrer noopener\">Vous n&rsquo;avez pas encore de tenue de pri\u00e8re ad\u00e9quat? D\u00e9couvrez vite nos robes de pri\u00e8re l\u00e9gif\u00e9r\u00e9es pour prier.<\/a><\/p><\/blockquote><\/figure>\n\n\n\n<div class=\"wp-block-columns is-layout-flex wp-container-core-columns-is-layout-1 wp-block-columns-is-layout-flex\">\n<div class=\"wp-block-column is-layout-flow wp-block-column-is-layout-flow\">\n<figure class=\"wp-block-embed is-type-wp-embed is-provider-neyssa-le-blog wp-block-embed-neyssa-le-blog\"><div class=\"wp-block-embed__wrapper\">\n<blockquote class=\"wp-embedded-content\" data-secret=\"kQeybpv03H\"><a href=\"https:\/\/neyssa-shop.com\/blog\/invocation-a-dire-au-malade\/\">invocation malade citadelle<\/a><\/blockquote><iframe class=\"wp-embedded-content\" sandbox=\"allow-scripts\" security=\"restricted\" style=\"position: absolute; clip: rect(1px, 1px, 1px, 1px);\" title=\"\u00ab\u00a0invocation malade citadelle\u00a0\u00bb &#8212; Neyssa le blog\" src=\"https:\/\/neyssa-shop.com\/blog\/invocation-a-dire-au-malade\/embed\/#?secret=kQeybpv03H\" data-secret=\"kQeybpv03H\" width=\"600\" height=\"338\" frameborder=\"0\" marginwidth=\"0\" marginheight=\"0\" scrolling=\"no\"><\/iframe>\n<\/div><\/figure>\n<\/div>\n\n\n\n<div class=\"wp-block-column is-layout-flow wp-block-column-is-layout-flow\">\n<figure class=\"wp-block-embed is-type-wp-embed is-provider-neyssa-le-blog wp-block-embed-neyssa-le-blog\"><div class=\"wp-block-embed__wrapper\">\n<blockquote class=\"wp-embedded-content\" data-secret=\"9R9329WWp2\"><a href=\"https:\/\/neyssa-shop.com\/blog\/invocations-douas-mariage\/\">Invocations (dou&rsquo;as) Mariage<\/a><\/blockquote><iframe class=\"wp-embedded-content\" sandbox=\"allow-scripts\" security=\"restricted\" style=\"position: absolute; clip: rect(1px, 1px, 1px, 1px);\" title=\"\u00ab\u00a0Invocations (dou&rsquo;as) Mariage\u00a0\u00bb &#8212; Neyssa le blog\" src=\"https:\/\/neyssa-shop.com\/blog\/invocations-douas-mariage\/embed\/#?secret=9R9329WWp2\" data-secret=\"9R9329WWp2\" width=\"600\" height=\"338\" frameborder=\"0\" marginwidth=\"0\" marginheight=\"0\" scrolling=\"no\"><\/iframe>\n<\/div><\/figure>\n<\/div>\n\n\n\n<div class=\"wp-block-column is-layout-flow wp-block-column-is-layout-flow\">\n<figure class=\"wp-block-embed is-type-wp-embed is-provider-neyssa-le-blog wp-block-embed-neyssa-le-blog\"><div class=\"wp-block-embed__wrapper\">\n<blockquote class=\"wp-embedded-content\" data-secret=\"jOU4i7COJ8\"><a href=\"https:\/\/neyssa-shop.com\/blog\/la-priere-de-consultation\/\">La pri\u00e8re de consultation<\/a><\/blockquote><iframe class=\"wp-embedded-content\" sandbox=\"allow-scripts\" security=\"restricted\" style=\"position: absolute; clip: rect(1px, 1px, 1px, 1px);\" title=\"\u00ab\u00a0La pri\u00e8re de consultation\u00a0\u00bb &#8212; Neyssa le blog\" src=\"https:\/\/neyssa-shop.com\/blog\/la-priere-de-consultation\/embed\/#?secret=jOU4i7COJ8\" data-secret=\"jOU4i7COJ8\" width=\"600\" height=\"338\" frameborder=\"0\" marginwidth=\"0\" marginheight=\"0\" scrolling=\"no\"><\/iframe>\n<\/div><\/figure>\n<\/div>\n<\/div>\n\n\n\n<div class=\"wp-block-columns is-layout-flex wp-container-core-columns-is-layout-2 wp-block-columns-is-layout-flex\">\n<div class=\"wp-block-column is-layout-flow wp-block-column-is-layout-flow\">\n<figure class=\"wp-block-embed is-type-wp-embed is-provider-neyssa-le-blog wp-block-embed-neyssa-le-blog\"><div class=\"wp-block-embed__wrapper\">\n<blockquote class=\"wp-embedded-content\" data-secret=\"53BX2C2P3A\"><a href=\"https:\/\/neyssa-shop.com\/blog\/quelles-sont-les-prieres-obligatoires-en-islam\/\">Quelles sont les pri\u00e8res obligatoires en Islam ?<\/a><\/blockquote><iframe class=\"wp-embedded-content\" sandbox=\"allow-scripts\" security=\"restricted\" style=\"position: absolute; clip: rect(1px, 1px, 1px, 1px);\" title=\"\u00ab\u00a0Quelles sont les pri\u00e8res obligatoires en Islam ?\u00a0\u00bb &#8212; Neyssa le blog\" src=\"https:\/\/neyssa-shop.com\/blog\/quelles-sont-les-prieres-obligatoires-en-islam\/embed\/#?secret=53BX2C2P3A\" data-secret=\"53BX2C2P3A\" width=\"600\" height=\"338\" frameborder=\"0\" marginwidth=\"0\" marginheight=\"0\" scrolling=\"no\"><\/iframe>\n<\/div><\/figure>\n<\/div>\n\n\n\n<div class=\"wp-block-column is-layout-flow wp-block-column-is-layout-flow\">\n<figure class=\"wp-block-embed is-type-wp-embed is-provider-neyssa-le-blog wp-block-embed-neyssa-le-blog\"><div class=\"wp-block-embed__wrapper\">\n<blockquote class=\"wp-embedded-content\" data-secret=\"21gWO6WEat\"><a href=\"https:\/\/neyssa-shop.com\/blog\/la-naissance-en-islam\/\">La naissance en Islam<\/a><\/blockquote><iframe class=\"wp-embedded-content\" sandbox=\"allow-scripts\" security=\"restricted\" style=\"position: absolute; clip: rect(1px, 1px, 1px, 1px);\" title=\"\u00ab\u00a0La naissance en Islam\u00a0\u00bb &#8212; Neyssa le blog\" src=\"https:\/\/neyssa-shop.com\/blog\/la-naissance-en-islam\/embed\/#?secret=21gWO6WEat\" data-secret=\"21gWO6WEat\" width=\"600\" height=\"338\" frameborder=\"0\" marginwidth=\"0\" marginheight=\"0\" scrolling=\"no\"><\/iframe>\n<\/div><\/figure>\n<\/div>\n\n\n\n<div class=\"wp-block-column is-layout-flow wp-block-column-is-layout-flow\">\n<figure class=\"wp-block-embed is-type-wp-embed is-provider-neyssa-le-blog wp-block-embed-neyssa-le-blog\"><div class=\"wp-block-embed__wrapper\">\n<blockquote class=\"wp-embedded-content\" data-secret=\"58NY1WWlaJ\"><a href=\"https:\/\/neyssa-shop.com\/blog\/comment-apprendre-lislam-a-ses-enfants\/\">Comment apprendre l&rsquo;islam \u00e0 ses enfants ?<\/a><\/blockquote><iframe class=\"wp-embedded-content\" sandbox=\"allow-scripts\" security=\"restricted\" style=\"position: absolute; clip: rect(1px, 1px, 1px, 1px);\" title=\"\u00ab\u00a0Comment apprendre l&rsquo;islam \u00e0 ses enfants ?\u00a0\u00bb &#8212; Neyssa le blog\" src=\"https:\/\/neyssa-shop.com\/blog\/comment-apprendre-lislam-a-ses-enfants\/embed\/#?secret=58NY1WWlaJ\" data-secret=\"58NY1WWlaJ\" width=\"600\" height=\"338\" frameborder=\"0\" marginwidth=\"0\" marginheight=\"0\" scrolling=\"no\"><\/iframe>\n<\/div><\/figure>\n<\/div>\n<\/div>\n","protected":false},"excerpt":{"rendered":"<p>Comment souhaitez la bienvenue d&rsquo;un b\u00e9b\u00e9 en islam? Voici l&rsquo;invocation a dire aux nouveaux parents. Qu\u2019Allah b\u00e9nisse ce qu\u2019Il t\u2019a accord\u00e9 et puisses-tu \u00eatre reconnaissant envers Celui qui te l\u2019a accord\u00e9. Puisse-t-il (cet enfant) atteindre sa pleine maturit\u00e9 et qu\u2019Allah lui accorde le bon comportement envers toi. \u0628\u064e\u0627\u0631\u064e\u0643\u064e \u0627\u0644\u0644\u0651\u064e\u0647\u064f \u0644\u064e\u0643\u064e \u0641\u0650\u064a \u0627\u0644\u0645\u064e\u0648\u0652\u0647\u064f\u0648\u0628\u0650 \u0644\u064e\u0643\u064e\u060c \u0648\u064e\u0634\u064e\u0643\u064e\u0631\u0652\u062a\u064e \u0627\u0644\u0648\u064e\u0627\u0647\u0650\u0628\u064e\u060c&#8230;<\/p>\n<p><a class=\"more-link\" href=\"https:\/\/neyssa-shop.com\/blog\/invocation-pour-une-naissance\/\">En <em>savoir<\/em> plus<\/a><\/p>\n","protected":false},"author":1,"featured_media":4849,"parent":0,"menu_order":0,"comment_status":"closed","ping_status":"closed","template":"","meta":{"_genesis_hide_title":false,"_genesis_hide_breadcrumbs":false,"_genesis_hide_singular_image":false,"_genesis_hide_footer_widgets":false,"_genesis_custom_body_class":"","_genesis_custom_post_class":"","_genesis_layout":"","footnotes":""},"class_list":{"0":"post-4848","1":"page","2":"type-page","3":"status-publish","4":"has-post-thumbnail","6":"entry"},"yoast_head":"<!-- This site is optimized with the Yoast SEO plugin v26.8 - https:\/\/yoast.com\/product\/yoast-seo-wordpress\/ -->\n<title>Invocation pour une naissance<\/title>\n<meta name=\"description\" content=\"Invocation pour une naissance, comment souhaitez la bienvenue d&#039;un b\u00e9b\u00e9 en islam, voici l&#039;invocation a dire aux nouveaux parents.\" \/>\n<meta name=\"robots\" content=\"index, follow, max-snippet:-1, max-image-preview:large, max-video-preview:-1\" \/>\n<link rel=\"canonical\" href=\"https:\/\/neyssa-shop.com\/blog\/invocation-pour-une-naissance\/\" \/>\n<meta property=\"og:locale\" content=\"fr_FR\" \/>\n<meta property=\"og:type\" content=\"article\" \/>\n<meta property=\"og:title\" content=\"Invocation pour une naissance\" \/>\n<meta property=\"og:description\" content=\"Invocation pour une naissance, comment souhaitez la bienvenue d&#039;un b\u00e9b\u00e9 en islam, voici l&#039;invocation a dire aux nouveaux parents.\" \/>\n<meta property=\"og:url\" content=\"https:\/\/neyssa-shop.com\/blog\/invocation-pour-une-naissance\/\" \/>\n<meta property=\"og:site_name\" content=\"Neyssa le blog\" \/>\n<meta property=\"article:publisher\" content=\"https:\/\/www.facebook.com\/neyssashop\/\" \/>\n<meta property=\"article:modified_time\" content=\"2023-02-15T03:28:57+00:00\" \/>\n<meta property=\"og:image\" content=\"https:\/\/neyssa-shop.com\/blog\/wp-content\/uploads\/2022\/05\/invocation-naissance.webp\" \/>\n\t<meta property=\"og:image:width\" content=\"1440\" \/>\n\t<meta property=\"og:image:height\" content=\"900\" \/>\n\t<meta property=\"og:image:type\" content=\"image\/webp\" \/>\n<meta name=\"twitter:card\" content=\"summary_large_image\" \/>\n<meta name=\"twitter:site\" content=\"@neyssashop\" \/>\n<meta name=\"twitter:label1\" content=\"Dur\u00e9e de lecture estim\u00e9e\" \/>\n\t<meta name=\"twitter:data1\" content=\"1 minute\" \/>\n<script type=\"application\/ld+json\" class=\"yoast-schema-graph\">{\"@context\":\"https:\/\/schema.org\",\"@graph\":[{\"@type\":\"WebPage\",\"@id\":\"https:\/\/neyssa-shop.com\/blog\/invocation-pour-une-naissance\/\",\"url\":\"https:\/\/neyssa-shop.com\/blog\/invocation-pour-une-naissance\/\",\"name\":\"Invocation pour une naissance\",\"isPartOf\":{\"@id\":\"https:\/\/neyssa-shop.com\/blog\/#website\"},\"primaryImageOfPage\":{\"@id\":\"https:\/\/neyssa-shop.com\/blog\/invocation-pour-une-naissance\/#primaryimage\"},\"image\":{\"@id\":\"https:\/\/neyssa-shop.com\/blog\/invocation-pour-une-naissance\/#primaryimage\"},\"thumbnailUrl\":\"https:\/\/neyssa-shop.com\/blog\/wp-content\/uploads\/2022\/05\/invocation-naissance.webp\",\"datePublished\":\"2022-05-18T11:31:57+00:00\",\"dateModified\":\"2023-02-15T03:28:57+00:00\",\"description\":\"Invocation pour une naissance, comment souhaitez la bienvenue d'un b\u00e9b\u00e9 en islam, voici l'invocation a dire aux nouveaux parents.\",\"breadcrumb\":{\"@id\":\"https:\/\/neyssa-shop.com\/blog\/invocation-pour-une-naissance\/#breadcrumb\"},\"inLanguage\":\"fr-FR\",\"potentialAction\":[{\"@type\":\"ReadAction\",\"target\":[\"https:\/\/neyssa-shop.com\/blog\/invocation-pour-une-naissance\/\"]}]},{\"@type\":\"ImageObject\",\"inLanguage\":\"fr-FR\",\"@id\":\"https:\/\/neyssa-shop.com\/blog\/invocation-pour-une-naissance\/#primaryimage\",\"url\":\"https:\/\/neyssa-shop.com\/blog\/wp-content\/uploads\/2022\/05\/invocation-naissance.webp\",\"contentUrl\":\"https:\/\/neyssa-shop.com\/blog\/wp-content\/uploads\/2022\/05\/invocation-naissance.webp\",\"width\":1440,\"height\":900,\"caption\":\"invocation naissance\"},{\"@type\":\"BreadcrumbList\",\"@id\":\"https:\/\/neyssa-shop.com\/blog\/invocation-pour-une-naissance\/#breadcrumb\",\"itemListElement\":[{\"@type\":\"ListItem\",\"position\":1,\"name\":\"Accueil\",\"item\":\"https:\/\/neyssa-shop.com\/blog\/\"},{\"@type\":\"ListItem\",\"position\":2,\"name\":\"Invocation pour une naissance\"}]},{\"@type\":\"WebSite\",\"@id\":\"https:\/\/neyssa-shop.com\/blog\/#website\",\"url\":\"https:\/\/neyssa-shop.com\/blog\/\",\"name\":\"Neyssa le blog\",\"description\":\"Un blog d\u00e9di\u00e9 \u00e0 la femme musulmane\",\"publisher\":{\"@id\":\"https:\/\/neyssa-shop.com\/blog\/#organization\"},\"potentialAction\":[{\"@type\":\"SearchAction\",\"target\":{\"@type\":\"EntryPoint\",\"urlTemplate\":\"https:\/\/neyssa-shop.com\/blog\/?s={search_term_string}\"},\"query-input\":{\"@type\":\"PropertyValueSpecification\",\"valueRequired\":true,\"valueName\":\"search_term_string\"}}],\"inLanguage\":\"fr-FR\"},{\"@type\":\"Organization\",\"@id\":\"https:\/\/neyssa-shop.com\/blog\/#organization\",\"name\":\"Neyssa Shop\",\"url\":\"https:\/\/neyssa-shop.com\/blog\/\",\"logo\":{\"@type\":\"ImageObject\",\"inLanguage\":\"fr-FR\",\"@id\":\"https:\/\/neyssa-shop.com\/blog\/#\/schema\/logo\/image\/\",\"url\":\"https:\/\/neyssa-shop.com\/blog\/wp-content\/uploads\/2021\/03\/neyssa-boutique-logo-1610747292.jpg\",\"contentUrl\":\"https:\/\/neyssa-shop.com\/blog\/wp-content\/uploads\/2021\/03\/neyssa-boutique-logo-1610747292.jpg\",\"width\":271,\"height\":70,\"caption\":\"Neyssa Shop\"},\"image\":{\"@id\":\"https:\/\/neyssa-shop.com\/blog\/#\/schema\/logo\/image\/\"},\"sameAs\":[\"https:\/\/www.facebook.com\/neyssashop\/\",\"https:\/\/x.com\/neyssashop\",\"https:\/\/www.instagram.com\/neyssa_shop\/\",\"https:\/\/www.pinterest.fr\/neyssa_shop\/_created\/\",\"https:\/\/www.youtube.com\/channel\/UCkQ9s8jXTLi2yVzyeugVAMg\"]}]}<\/script>\n<!-- \/ Yoast SEO plugin. -->","yoast_head_json":{"title":"Invocation pour une naissance","description":"Invocation pour une naissance, comment souhaitez la bienvenue d'un b\u00e9b\u00e9 en islam, voici l'invocation a dire aux nouveaux parents.","robots":{"index":"index","follow":"follow","max-snippet":"max-snippet:-1","max-image-preview":"max-image-preview:large","max-video-preview":"max-video-preview:-1"},"canonical":"https:\/\/neyssa-shop.com\/blog\/invocation-pour-une-naissance\/","og_locale":"fr_FR","og_type":"article","og_title":"Invocation pour une naissance","og_description":"Invocation pour une naissance, comment souhaitez la bienvenue d'un b\u00e9b\u00e9 en islam, voici l'invocation a dire aux nouveaux parents.","og_url":"https:\/\/neyssa-shop.com\/blog\/invocation-pour-une-naissance\/","og_site_name":"Neyssa le blog","article_publisher":"https:\/\/www.facebook.com\/neyssashop\/","article_modified_time":"2023-02-15T03:28:57+00:00","og_image":[{"width":1440,"height":900,"url":"https:\/\/neyssa-shop.com\/blog\/wp-content\/uploads\/2022\/05\/invocation-naissance.webp","type":"image\/webp"}],"twitter_card":"summary_large_image","twitter_site":"@neyssashop","twitter_misc":{"Dur\u00e9e de lecture estim\u00e9e":"1 minute"},"schema":{"@context":"https:\/\/schema.org","@graph":[{"@type":"WebPage","@id":"https:\/\/neyssa-shop.com\/blog\/invocation-pour-une-naissance\/","url":"https:\/\/neyssa-shop.com\/blog\/invocation-pour-une-naissance\/","name":"Invocation pour une naissance","isPartOf":{"@id":"https:\/\/neyssa-shop.com\/blog\/#website"},"primaryImageOfPage":{"@id":"https:\/\/neyssa-shop.com\/blog\/invocation-pour-une-naissance\/#primaryimage"},"image":{"@id":"https:\/\/neyssa-shop.com\/blog\/invocation-pour-une-naissance\/#primaryimage"},"thumbnailUrl":"https:\/\/neyssa-shop.com\/blog\/wp-content\/uploads\/2022\/05\/invocation-naissance.webp","datePublished":"2022-05-18T11:31:57+00:00","dateModified":"2023-02-15T03:28:57+00:00","description":"Invocation pour une naissance, comment souhaitez la bienvenue d'un b\u00e9b\u00e9 en islam, voici l'invocation a dire aux nouveaux parents.","breadcrumb":{"@id":"https:\/\/neyssa-shop.com\/blog\/invocation-pour-une-naissance\/#breadcrumb"},"inLanguage":"fr-FR","potentialAction":[{"@type":"ReadAction","target":["https:\/\/neyssa-shop.com\/blog\/invocation-pour-une-naissance\/"]}]},{"@type":"ImageObject","inLanguage":"fr-FR","@id":"https:\/\/neyssa-shop.com\/blog\/invocation-pour-une-naissance\/#primaryimage","url":"https:\/\/neyssa-shop.com\/blog\/wp-content\/uploads\/2022\/05\/invocation-naissance.webp","contentUrl":"https:\/\/neyssa-shop.com\/blog\/wp-content\/uploads\/2022\/05\/invocation-naissance.webp","width":1440,"height":900,"caption":"invocation naissance"},{"@type":"BreadcrumbList","@id":"https:\/\/neyssa-shop.com\/blog\/invocation-pour-une-naissance\/#breadcrumb","itemListElement":[{"@type":"ListItem","position":1,"name":"Accueil","item":"https:\/\/neyssa-shop.com\/blog\/"},{"@type":"ListItem","position":2,"name":"Invocation pour une naissance"}]},{"@type":"WebSite","@id":"https:\/\/neyssa-shop.com\/blog\/#website","url":"https:\/\/neyssa-shop.com\/blog\/","name":"Neyssa le blog","description":"Un blog d\u00e9di\u00e9 \u00e0 la femme musulmane","publisher":{"@id":"https:\/\/neyssa-shop.com\/blog\/#organization"},"potentialAction":[{"@type":"SearchAction","target":{"@type":"EntryPoint","urlTemplate":"https:\/\/neyssa-shop.com\/blog\/?s={search_term_string}"},"query-input":{"@type":"PropertyValueSpecification","valueRequired":true,"valueName":"search_term_string"}}],"inLanguage":"fr-FR"},{"@type":"Organization","@id":"https:\/\/neyssa-shop.com\/blog\/#organization","name":"Neyssa Shop","url":"https:\/\/neyssa-shop.com\/blog\/","logo":{"@type":"ImageObject","inLanguage":"fr-FR","@id":"https:\/\/neyssa-shop.com\/blog\/#\/schema\/logo\/image\/","url":"https:\/\/neyssa-shop.com\/blog\/wp-content\/uploads\/2021\/03\/neyssa-boutique-logo-1610747292.jpg","contentUrl":"https:\/\/neyssa-shop.com\/blog\/wp-content\/uploads\/2021\/03\/neyssa-boutique-logo-1610747292.jpg","width":271,"height":70,"caption":"Neyssa Shop"},"image":{"@id":"https:\/\/neyssa-shop.com\/blog\/#\/schema\/logo\/image\/"},"sameAs":["https:\/\/www.facebook.com\/neyssashop\/","https:\/\/x.com\/neyssashop","https:\/\/www.instagram.com\/neyssa_shop\/","https:\/\/www.pinterest.fr\/neyssa_shop\/_created\/","https:\/\/www.youtube.com\/channel\/UCkQ9s8jXTLi2yVzyeugVAMg"]}]}},"_links":{"self":[{"href":"https:\/\/neyssa-shop.com\/blog\/wp-json\/wp\/v2\/pages\/4848","targetHints":{"allow":["GET"]}}],"collection":[{"href":"https:\/\/neyssa-shop.com\/blog\/wp-json\/wp\/v2\/pages"}],"about":[{"href":"https:\/\/neyssa-shop.com\/blog\/wp-json\/wp\/v2\/types\/page"}],"author":[{"embeddable":true,"href":"https:\/\/neyssa-shop.com\/blog\/wp-json\/wp\/v2\/users\/1"}],"replies":[{"embeddable":true,"href":"https:\/\/neyssa-shop.com\/blog\/wp-json\/wp\/v2\/comments?post=4848"}],"version-history":[{"count":5,"href":"https:\/\/neyssa-shop.com\/blog\/wp-json\/wp\/v2\/pages\/4848\/revisions"}],"predecessor-version":[{"id":6325,"href":"https:\/\/neyssa-shop.com\/blog\/wp-json\/wp\/v2\/pages\/4848\/revisions\/6325"}],"wp:featuredmedia":[{"embeddable":true,"href":"https:\/\/neyssa-shop.com\/blog\/wp-json\/wp\/v2\/media\/4849"}],"wp:attachment":[{"href":"https:\/\/neyssa-shop.com\/blog\/wp-json\/wp\/v2\/media?parent=4848"}],"curies":[{"name":"wp","href":"https:\/\/api.w.org\/{rel}","templated":true}]}}