{"id":420,"date":"2016-11-09T16:11:14","date_gmt":"2016-11-09T16:11:14","guid":{"rendered":"http:\/\/demo.17thavenuedesigns.com\/eleanor\/?page_id=420"},"modified":"2017-02-12T11:08:51","modified_gmt":"2017-02-12T10:08:51","slug":"a-propos","status":"publish","type":"page","link":"https:\/\/neyssa-shop.com\/blog\/content-sidebar\/accueil\/a-propos\/","title":{"rendered":"A Propos"},"content":{"rendered":"<p>Neyssa Shop, notre boutique de vente en ligne de pr\u00eat-\u00e0-porter mastour, est le fruit d&rsquo;une longue r\u00e9flexion. Tout comme la naissance de ce blog.<\/p>\n<p>Un cheminement de femme comme vous, de musulmane avant tout. Comment en est-elle arriv\u00e9 \u00e0 r\u00e9inventer son parcours ?<\/p>\n<p>Le besoin de trouver hijab \u00e0 son go\u00fbt, et des tenues adapt\u00e9es \u00e0 nos crit\u00e8res islamiques ont ouvert la voie de la confection sur mesure \u00e0 la fondatrice du magasin en ligne.<\/p>\n<p>Se v\u00eatir de fa\u00e7on Mastour avec de tr\u00e8s longues jupes et abayas n&rsquo;\u00e9tait plus un souci du moment o\u00f9 elle se les faisait confectionner. Toutes les tuniques, robes et hijabs qu&rsquo;elle ne r\u00e9ussissait pas \u00e0 trouver dans sa ville, elle les imaginait. Acheter du tissu, imaginer des patrons et suivre les \u00e9tapes de ses confections ont trac\u00e9 pour elle, avec la permission d&rsquo;Allah azza wa jal, une voie qu&rsquo;elle affectionnait d\u00e9j\u00e0, celle de la mode.<\/p>\n<h2><span style=\"color: #993366;\">Ses attentes \u00e9taient combl\u00e9es. Une passion \u00e9tait n\u00e9e.<\/span><\/h2>\n<p>La confection de v\u00eatements appropri\u00e9s \u00e0 la mode Mastour est devenue un style de vie \u00e0 absolument partager avec les s\u0153urs de la Oumma.<\/p>\n<p>L&rsquo;ouverture en avril 2013 de la boutique en ligne Neyssa Shop a eu un grand succ\u00e8s. Elle continue de fournir une large gamme de produits de mode f\u00e9minine \u00e0 \u00e9thique musulmane d&rsquo;une qualit\u00e9 sup\u00e9rieure.<\/p>\n<p>Le pr\u00eat-\u00e0-porter modeste a d\u00e9sormais ses rep\u00e8res et Neyssa Shop en fait partie. El hamdouliLahi !<\/p>\n<p>Aujourd&rsquo;hui les buts du magasin ont grandi. Neyssa Shop s&rsquo;est nourri de ses relations avec une client\u00e8le fid\u00e8le et passionn\u00e9e comme elle.<\/p>\n<p>C&rsquo;est une nouvelle route qu&rsquo;a pris le site en vous ouvrant les portes de son blog.<\/p>\n<p>Compliqu\u00e9 de se lancer ?<\/p>\n<h2><span style=\"color: #993366;\">Non, c&rsquo;\u00e9tait une continuit\u00e9 \u00e9vidente !<\/span><\/h2>\n<p>Dans la boutique en ligne, \u00e0 chacune son budget,<\/p>\n<p>sur ce blog des styles de mode que chacune peut r\u00e9inventer !<\/p>\n<p>Le hijab et la fa\u00e7on de se v\u00eatir pour les musulmanes ont leurs codes, leurs crit\u00e8res et aussi une ouverture d&rsquo;esprit tr\u00e8s repr\u00e9sentative de notre belle religion qu&rsquo;est l&rsquo;islam. Toutes les femmes peuvent retrouver leur inspiration vestimentaire en ad\u00e9quation avec leur credo islamique.<\/p>\n<p>Les valeurs de Neyssa Shop ?<\/p>\n<p>Le blog a pour vocation de transmettre :<\/p>\n<ul>\n<li>la pudeur<\/li>\n<li>la tol\u00e9rance<\/li>\n<li>l&rsquo;\u00e9l\u00e9gance<\/li>\n<\/ul>\n<p>Ici, tout sera mis en \u0153uvre pour que nos s\u0153urs soient en mode r\u00e9flexion-ambitions-actions !<\/p>\n<p>Nous vous proposerons des posts pour d\u00e9couvrir la valeur de la femme en islam et les codes de la mode mastour sous toutes ses facettes.<\/p>\n<p>Des id\u00e9es de tenues pour cr\u00e9er ou r\u00e9inventer votre garde-robe en toute tranquillit\u00e9. Des astuces, conseils et portraits dans divers domaines pour vous en inspirer.<\/p>\n","protected":false},"excerpt":{"rendered":"<p>Neyssa Shop, notre boutique de vente en ligne de pr\u00eat-\u00e0-porter mastour, est le fruit d&rsquo;une longue r\u00e9flexion. Tout comme la naissance de ce blog. Un cheminement de femme comme vous, de musulmane avant tout. Comment en est-elle arriv\u00e9 \u00e0 r\u00e9inventer son parcours ? Le besoin de trouver hijab \u00e0 son go\u00fbt, et des tenues adapt\u00e9es&#8230;<\/p>\n<p><a class=\"more-link\" href=\"https:\/\/neyssa-shop.com\/blog\/content-sidebar\/accueil\/a-propos\/\">En <em>savoir<\/em> plus<\/a><\/p>\n","protected":false},"author":1,"featured_media":644,"parent":496,"menu_order":0,"comment_status":"closed","ping_status":"closed","template":"","meta":{"_genesis_hide_title":false,"_genesis_hide_breadcrumbs":false,"_genesis_hide_singular_image":false,"_genesis_hide_footer_widgets":false,"_genesis_custom_body_class":"","_genesis_custom_post_class":"","_genesis_layout":"","footnotes":""},"class_list":{"0":"post-420","1":"page","2":"type-page","3":"status-publish","4":"has-post-thumbnail","6":"entry"},"yoast_head":"<!-- This site is optimized with the Yoast SEO plugin v26.8 - https:\/\/yoast.com\/product\/yoast-seo-wordpress\/ -->\n<title>Neyssa Shop vous souhaite la bienvenue sur votre blog, une place de la mode cr\u00e9\u00e9e pour vous.<\/title>\n<meta name=\"robots\" content=\"index, follow, max-snippet:-1, max-image-preview:large, max-video-preview:-1\" \/>\n<link rel=\"canonical\" href=\"https:\/\/neyssa-shop.com\/blog\/content-sidebar\/accueil\/a-propos\/\" \/>\n<meta property=\"og:locale\" content=\"fr_FR\" \/>\n<meta property=\"og:type\" content=\"article\" \/>\n<meta property=\"og:title\" content=\"Neyssa Shop vous souhaite la bienvenue sur votre blog, une place de la mode cr\u00e9\u00e9e pour vous.\" \/>\n<meta property=\"og:description\" content=\"Neyssa Shop, notre boutique de vente en ligne de pr\u00eat-\u00e0-porter mastour, est le fruit d&rsquo;une longue r\u00e9flexion. Tout comme la naissance de ce blog. Un cheminement de femme comme vous, de musulmane avant tout. Comment en est-elle arriv\u00e9 \u00e0 r\u00e9inventer son parcours ? Le besoin de trouver hijab \u00e0 son go\u00fbt, et des tenues adapt\u00e9es...En savoir plus\" \/>\n<meta property=\"og:url\" content=\"https:\/\/neyssa-shop.com\/blog\/content-sidebar\/accueil\/a-propos\/\" \/>\n<meta property=\"og:site_name\" content=\"Neyssa le blog\" \/>\n<meta property=\"article:publisher\" content=\"https:\/\/www.facebook.com\/neyssashop\/\" \/>\n<meta property=\"article:modified_time\" content=\"2017-02-12T10:08:51+00:00\" \/>\n<meta property=\"og:image\" content=\"https:\/\/neyssa-shop.com\/blog\/wp-content\/uploads\/2017\/01\/flowers-bouquet-1031266_1920.jpg\" \/>\n\t<meta property=\"og:image:width\" content=\"1920\" \/>\n\t<meta property=\"og:image:height\" content=\"1280\" \/>\n\t<meta property=\"og:image:type\" content=\"image\/jpeg\" \/>\n<meta name=\"twitter:card\" content=\"summary_large_image\" \/>\n<meta name=\"twitter:site\" content=\"@neyssashop\" \/>\n<meta name=\"twitter:label1\" content=\"Dur\u00e9e de lecture estim\u00e9e\" \/>\n\t<meta name=\"twitter:data1\" content=\"2 minutes\" \/>\n<script type=\"application\/ld+json\" class=\"yoast-schema-graph\">{\"@context\":\"https:\/\/schema.org\",\"@graph\":[{\"@type\":\"WebPage\",\"@id\":\"https:\/\/neyssa-shop.com\/blog\/content-sidebar\/accueil\/a-propos\/\",\"url\":\"https:\/\/neyssa-shop.com\/blog\/content-sidebar\/accueil\/a-propos\/\",\"name\":\"Neyssa Shop vous souhaite la bienvenue sur votre blog, une place de la mode cr\u00e9\u00e9e pour vous.\",\"isPartOf\":{\"@id\":\"https:\/\/neyssa-shop.com\/blog\/#website\"},\"primaryImageOfPage\":{\"@id\":\"https:\/\/neyssa-shop.com\/blog\/content-sidebar\/accueil\/a-propos\/#primaryimage\"},\"image\":{\"@id\":\"https:\/\/neyssa-shop.com\/blog\/content-sidebar\/accueil\/a-propos\/#primaryimage\"},\"thumbnailUrl\":\"https:\/\/neyssa-shop.com\/blog\/wp-content\/uploads\/2017\/01\/flowers-bouquet-1031266_1920.jpg\",\"datePublished\":\"2016-11-09T16:11:14+00:00\",\"dateModified\":\"2017-02-12T10:08:51+00:00\",\"breadcrumb\":{\"@id\":\"https:\/\/neyssa-shop.com\/blog\/content-sidebar\/accueil\/a-propos\/#breadcrumb\"},\"inLanguage\":\"fr-FR\",\"potentialAction\":[{\"@type\":\"ReadAction\",\"target\":[\"https:\/\/neyssa-shop.com\/blog\/content-sidebar\/accueil\/a-propos\/\"]}]},{\"@type\":\"ImageObject\",\"inLanguage\":\"fr-FR\",\"@id\":\"https:\/\/neyssa-shop.com\/blog\/content-sidebar\/accueil\/a-propos\/#primaryimage\",\"url\":\"https:\/\/neyssa-shop.com\/blog\/wp-content\/uploads\/2017\/01\/flowers-bouquet-1031266_1920.jpg\",\"contentUrl\":\"https:\/\/neyssa-shop.com\/blog\/wp-content\/uploads\/2017\/01\/flowers-bouquet-1031266_1920.jpg\",\"width\":1920,\"height\":1280},{\"@type\":\"BreadcrumbList\",\"@id\":\"https:\/\/neyssa-shop.com\/blog\/content-sidebar\/accueil\/a-propos\/#breadcrumb\",\"itemListElement\":[{\"@type\":\"ListItem\",\"position\":1,\"name\":\"Accueil\",\"item\":\"https:\/\/neyssa-shop.com\/blog\/\"},{\"@type\":\"ListItem\",\"position\":2,\"name\":\"Content-Sidebar Page Layout\",\"item\":\"https:\/\/neyssa-shop.com\/blog\/content-sidebar\/\"},{\"@type\":\"ListItem\",\"position\":3,\"name\":\"Acceuil\",\"item\":\"https:\/\/neyssa-shop.com\/blog\/content-sidebar\/accueil\/\"},{\"@type\":\"ListItem\",\"position\":4,\"name\":\"A Propos\"}]},{\"@type\":\"WebSite\",\"@id\":\"https:\/\/neyssa-shop.com\/blog\/#website\",\"url\":\"https:\/\/neyssa-shop.com\/blog\/\",\"name\":\"Neyssa le blog\",\"description\":\"Un blog d\u00e9di\u00e9 \u00e0 la femme musulmane\",\"publisher\":{\"@id\":\"https:\/\/neyssa-shop.com\/blog\/#organization\"},\"potentialAction\":[{\"@type\":\"SearchAction\",\"target\":{\"@type\":\"EntryPoint\",\"urlTemplate\":\"https:\/\/neyssa-shop.com\/blog\/?s={search_term_string}\"},\"query-input\":{\"@type\":\"PropertyValueSpecification\",\"valueRequired\":true,\"valueName\":\"search_term_string\"}}],\"inLanguage\":\"fr-FR\"},{\"@type\":\"Organization\",\"@id\":\"https:\/\/neyssa-shop.com\/blog\/#organization\",\"name\":\"Neyssa Shop\",\"url\":\"https:\/\/neyssa-shop.com\/blog\/\",\"logo\":{\"@type\":\"ImageObject\",\"inLanguage\":\"fr-FR\",\"@id\":\"https:\/\/neyssa-shop.com\/blog\/#\/schema\/logo\/image\/\",\"url\":\"https:\/\/neyssa-shop.com\/blog\/wp-content\/uploads\/2021\/03\/neyssa-boutique-logo-1610747292.jpg\",\"contentUrl\":\"https:\/\/neyssa-shop.com\/blog\/wp-content\/uploads\/2021\/03\/neyssa-boutique-logo-1610747292.jpg\",\"width\":271,\"height\":70,\"caption\":\"Neyssa Shop\"},\"image\":{\"@id\":\"https:\/\/neyssa-shop.com\/blog\/#\/schema\/logo\/image\/\"},\"sameAs\":[\"https:\/\/www.facebook.com\/neyssashop\/\",\"https:\/\/x.com\/neyssashop\",\"https:\/\/www.instagram.com\/neyssa_shop\/\",\"https:\/\/www.pinterest.fr\/neyssa_shop\/_created\/\",\"https:\/\/www.youtube.com\/channel\/UCkQ9s8jXTLi2yVzyeugVAMg\"]}]}<\/script>\n<!-- \/ Yoast SEO plugin. -->","yoast_head_json":{"title":"Neyssa Shop vous souhaite la bienvenue sur votre blog, une place de la mode cr\u00e9\u00e9e pour vous.","robots":{"index":"index","follow":"follow","max-snippet":"max-snippet:-1","max-image-preview":"max-image-preview:large","max-video-preview":"max-video-preview:-1"},"canonical":"https:\/\/neyssa-shop.com\/blog\/content-sidebar\/accueil\/a-propos\/","og_locale":"fr_FR","og_type":"article","og_title":"Neyssa Shop vous souhaite la bienvenue sur votre blog, une place de la mode cr\u00e9\u00e9e pour vous.","og_description":"Neyssa Shop, notre boutique de vente en ligne de pr\u00eat-\u00e0-porter mastour, est le fruit d&rsquo;une longue r\u00e9flexion. Tout comme la naissance de ce blog. Un cheminement de femme comme vous, de musulmane avant tout. Comment en est-elle arriv\u00e9 \u00e0 r\u00e9inventer son parcours ? Le besoin de trouver hijab \u00e0 son go\u00fbt, et des tenues adapt\u00e9es...En savoir plus","og_url":"https:\/\/neyssa-shop.com\/blog\/content-sidebar\/accueil\/a-propos\/","og_site_name":"Neyssa le blog","article_publisher":"https:\/\/www.facebook.com\/neyssashop\/","article_modified_time":"2017-02-12T10:08:51+00:00","og_image":[{"width":1920,"height":1280,"url":"https:\/\/neyssa-shop.com\/blog\/wp-content\/uploads\/2017\/01\/flowers-bouquet-1031266_1920.jpg","type":"image\/jpeg"}],"twitter_card":"summary_large_image","twitter_site":"@neyssashop","twitter_misc":{"Dur\u00e9e de lecture estim\u00e9e":"2 minutes"},"schema":{"@context":"https:\/\/schema.org","@graph":[{"@type":"WebPage","@id":"https:\/\/neyssa-shop.com\/blog\/content-sidebar\/accueil\/a-propos\/","url":"https:\/\/neyssa-shop.com\/blog\/content-sidebar\/accueil\/a-propos\/","name":"Neyssa Shop vous souhaite la bienvenue sur votre blog, une place de la mode cr\u00e9\u00e9e pour vous.","isPartOf":{"@id":"https:\/\/neyssa-shop.com\/blog\/#website"},"primaryImageOfPage":{"@id":"https:\/\/neyssa-shop.com\/blog\/content-sidebar\/accueil\/a-propos\/#primaryimage"},"image":{"@id":"https:\/\/neyssa-shop.com\/blog\/content-sidebar\/accueil\/a-propos\/#primaryimage"},"thumbnailUrl":"https:\/\/neyssa-shop.com\/blog\/wp-content\/uploads\/2017\/01\/flowers-bouquet-1031266_1920.jpg","datePublished":"2016-11-09T16:11:14+00:00","dateModified":"2017-02-12T10:08:51+00:00","breadcrumb":{"@id":"https:\/\/neyssa-shop.com\/blog\/content-sidebar\/accueil\/a-propos\/#breadcrumb"},"inLanguage":"fr-FR","potentialAction":[{"@type":"ReadAction","target":["https:\/\/neyssa-shop.com\/blog\/content-sidebar\/accueil\/a-propos\/"]}]},{"@type":"ImageObject","inLanguage":"fr-FR","@id":"https:\/\/neyssa-shop.com\/blog\/content-sidebar\/accueil\/a-propos\/#primaryimage","url":"https:\/\/neyssa-shop.com\/blog\/wp-content\/uploads\/2017\/01\/flowers-bouquet-1031266_1920.jpg","contentUrl":"https:\/\/neyssa-shop.com\/blog\/wp-content\/uploads\/2017\/01\/flowers-bouquet-1031266_1920.jpg","width":1920,"height":1280},{"@type":"BreadcrumbList","@id":"https:\/\/neyssa-shop.com\/blog\/content-sidebar\/accueil\/a-propos\/#breadcrumb","itemListElement":[{"@type":"ListItem","position":1,"name":"Accueil","item":"https:\/\/neyssa-shop.com\/blog\/"},{"@type":"ListItem","position":2,"name":"Content-Sidebar Page Layout","item":"https:\/\/neyssa-shop.com\/blog\/content-sidebar\/"},{"@type":"ListItem","position":3,"name":"Acceuil","item":"https:\/\/neyssa-shop.com\/blog\/content-sidebar\/accueil\/"},{"@type":"ListItem","position":4,"name":"A Propos"}]},{"@type":"WebSite","@id":"https:\/\/neyssa-shop.com\/blog\/#website","url":"https:\/\/neyssa-shop.com\/blog\/","name":"Neyssa le blog","description":"Un blog d\u00e9di\u00e9 \u00e0 la femme musulmane","publisher":{"@id":"https:\/\/neyssa-shop.com\/blog\/#organization"},"potentialAction":[{"@type":"SearchAction","target":{"@type":"EntryPoint","urlTemplate":"https:\/\/neyssa-shop.com\/blog\/?s={search_term_string}"},"query-input":{"@type":"PropertyValueSpecification","valueRequired":true,"valueName":"search_term_string"}}],"inLanguage":"fr-FR"},{"@type":"Organization","@id":"https:\/\/neyssa-shop.com\/blog\/#organization","name":"Neyssa Shop","url":"https:\/\/neyssa-shop.com\/blog\/","logo":{"@type":"ImageObject","inLanguage":"fr-FR","@id":"https:\/\/neyssa-shop.com\/blog\/#\/schema\/logo\/image\/","url":"https:\/\/neyssa-shop.com\/blog\/wp-content\/uploads\/2021\/03\/neyssa-boutique-logo-1610747292.jpg","contentUrl":"https:\/\/neyssa-shop.com\/blog\/wp-content\/uploads\/2021\/03\/neyssa-boutique-logo-1610747292.jpg","width":271,"height":70,"caption":"Neyssa Shop"},"image":{"@id":"https:\/\/neyssa-shop.com\/blog\/#\/schema\/logo\/image\/"},"sameAs":["https:\/\/www.facebook.com\/neyssashop\/","https:\/\/x.com\/neyssashop","https:\/\/www.instagram.com\/neyssa_shop\/","https:\/\/www.pinterest.fr\/neyssa_shop\/_created\/","https:\/\/www.youtube.com\/channel\/UCkQ9s8jXTLi2yVzyeugVAMg"]}]}},"_links":{"self":[{"href":"https:\/\/neyssa-shop.com\/blog\/wp-json\/wp\/v2\/pages\/420","targetHints":{"allow":["GET"]}}],"collection":[{"href":"https:\/\/neyssa-shop.com\/blog\/wp-json\/wp\/v2\/pages"}],"about":[{"href":"https:\/\/neyssa-shop.com\/blog\/wp-json\/wp\/v2\/types\/page"}],"author":[{"embeddable":true,"href":"https:\/\/neyssa-shop.com\/blog\/wp-json\/wp\/v2\/users\/1"}],"replies":[{"embeddable":true,"href":"https:\/\/neyssa-shop.com\/blog\/wp-json\/wp\/v2\/comments?post=420"}],"version-history":[{"count":5,"href":"https:\/\/neyssa-shop.com\/blog\/wp-json\/wp\/v2\/pages\/420\/revisions"}],"predecessor-version":[{"id":938,"href":"https:\/\/neyssa-shop.com\/blog\/wp-json\/wp\/v2\/pages\/420\/revisions\/938"}],"up":[{"embeddable":true,"href":"https:\/\/neyssa-shop.com\/blog\/wp-json\/wp\/v2\/pages\/496"}],"wp:featuredmedia":[{"embeddable":true,"href":"https:\/\/neyssa-shop.com\/blog\/wp-json\/wp\/v2\/media\/644"}],"wp:attachment":[{"href":"https:\/\/neyssa-shop.com\/blog\/wp-json\/wp\/v2\/media?parent=420"}],"curies":[{"name":"wp","href":"https:\/\/api.w.org\/{rel}","templated":true}]}}